000
CXUS51 KOKX 011350
CF6EWR
PRELIMINARY LOCAL CLIMATOLOGICAL DATA (WS FORM: F-6)
STATION: NEWARK NJ
MONTH: SEPTEMBER
YEAR: 2021
LATITUDE: 40 42 N
LONGITUDE: 74 10 W
TEMPERATURE IN F: :PCPN: SNOW: WIND :SUNSHINE: SKY :PK WND
================================================================================
1 2 3 4 5 6A 6B 7 8 9 10 11 12 13 14 15 16 17 18
12Z AVG MX 2MIN
DY MAX MIN AVG DEP HDD CDD WTR SNW DPTH SPD SPD DIR MIN PSBL S-S WX SPD DR
================================================================================
1 79 65 72 -2 0 7 8.41 0.0 0 14.3 37 360 M M 10 13 44 40
2 80 63 72 -2 0 7 0.03 0.0 0 15.3 31 10 M M 5 1 36 10
3 78 60 69 -4 0 4 0.00 0.0 0 8.8 20 310 M M 3 24 300
4 82 61 72 -1 0 7 0.00 0.0 0 5.8 15 240 M M 4 17 250
5 77 64 71 -2 0 6 T 0.0 0 8.7 18 200 M M 9 23 190
6 86 70 78 6 0 13 T 0.0 0 10.5 25 250 M M 5 30 260
7 84 63 74 2 0 9 0.00 0.0 0 6.8 16 260 M M 2 22 260
8 87 68 78 6 0 13 0.00 0.0 0 11.3 21 180 M M 6 27 170
9 78 70 74 2 0 9 0.15 0.0 0 5.8 15 240 M M 9 1 18 230
10 78 64 71 0 0 6 0.00 0.0 0 12.2 26 310 M M 4 35 330
11 81 57 69 -2 0 4 0.00 0.0 0 7.3 18 250 M M 3 24 250
12 86 66 76 5 0 11 0.00 0.0 M 13.3 22 240 M M 5 27 240
13 88 70 79 9 0 14 0.20 0.0 0 9.7 25 320 M M 7 3 37 320
14 81 68 75 5 0 10 0.00 0.0 0 5.1 13 120 M M 7 17 130
15 91 72 82 12 0 17 0.00 0.0 0 9.4 22 190 M M 7 29 190
16 80 71 76 7 0 11 0.00 0.0 0 9.8 18 40 M M 9 22 40
17 77 71 74 5 0 9 T 0.0 0 10.5 16 40 M M 9 19 50
18 88 70 79 11 0 14 0.00 0.0 0 7.8 16 340 M M 5 20 330
19 80 64 72 4 0 7 0.00 0.0 0 9.7 20 30 M M 2 25 20
20 78 59 69 1 0 4 0.00 0.0 0 6.8 14 170 M M 4 18 170
21 80 63 72 5 0 7 0.03 0.0 0 6.4 13 130 M M 8 18 18 130
22 83 74 79 12 0 14 T 0.0 0 9.5 18 140 M M 9 24 140
23 82 66 74 7 0 9 1.22 0.0 0 12.1 25 140 M M 9 13 36 130
24 76 59 68 2 0 3 0.28 0.0 0 8.2 16 240 M M 5 1 20 270
25 79 58 69 3 0 4 0.00 0.0 0 4.6 10 250 M M 4 15 250
26 76 63 70 5 0 5 0.00 0.0 0 11.6 24 270 M M 3 31 280
27 83 58 71 6 0 6 0.00 0.0 0 13.1 26 230 M M 5 32 230
28 76 62 69 5 0 4 0.18 0.0 0 9.7 17 230 M M 7 3 24 310
29 72 55 64 0 1 0 0.00 0.0 0 10.6 20 320 M M 5 27 290
30 70 57 64 0 1 0 0.00 0.0 M M M M M M 6 M M
================================================================================
SM 2416 1931 2 234 10.50 0.0 274.7 M 176
================================================================================
AV 80.5 64.4 9.5 FASTST M M 6 MAX(MPH)
MISC ----> 37 360 44 40
================================================================================
NOTES:
# LAST OF SEVERAL OCCURRENCES
COLUMN 17 PEAK WIND IN M.P.H.
PRELIMINARY LOCAL CLIMATOLOGICAL DATA (WS FORM: F-6) , PAGE 2
STATION: NEWARK NJ
MONTH: SEPTEMBER
YEAR: 2021
LATITUDE: 40 42 N
LONGITUDE: 74 10 W
[TEMPERATURE DATA] [PRECIPITATION DATA] SYMBOLS USED IN COLUMN 16
AVERAGE MONTHLY: 72.5 TOTAL FOR MONTH: 10.50 1 = FOG OR MIST
DPTR FM NORMAL: 3.3 DPTR FM NORMAL: 6.68 2 = FOG REDUCING VISIBILITY
HIGHEST: 91 ON 15 GRTST 24HR 8.44 ON 1- 2 TO 1/4 MILE OR LESS
LOWEST: 55 ON 29 3 = THUNDER
SNOW, ICE PELLETS, HAIL 4 = ICE PELLETS
TOTAL MONTH: 0.0 INCH 5 = HAIL
GRTST 24HR 0.0 6 = FREEZING RAIN OR DRIZZLE
GRTST DEPTH: 0 7 = DUSTSTORM OR SANDSTORM:
VSBY 1/2 MILE OR LESS
8 = SMOKE OR HAZE
[NO. OF DAYS WITH] [WEATHER - DAYS WITH] 9 = BLOWING SNOW
X = TORNADO
MAX 32 OR BELOW: 0 0.01 INCH OR MORE: 8
MAX 90 OR ABOVE: 1 0.10 INCH OR MORE: 6
MIN 32 OR BELOW: 0 0.50 INCH OR MORE: 2
MIN 0 OR BELOW: 0 1.00 INCH OR MORE: 2
[HDD (BASE 65) ]
TOTAL THIS MO. 2 CLEAR (SCALE 0-3) 3
DPTR FM NORMAL -31 PTCLDY (SCALE 4-7) 20
TOTAL FM JUL 1 2 CLOUDY (SCALE 8-10) 7
DPTR FM NORMAL -30
[CDD (BASE 65) ]
TOTAL THIS MO. 234
DPTR FM NORMAL 75 [PRESSURE DATA]
TOTAL FM JAN 1 1596 HIGHEST SLP M ON M
DPTR FM NORMAL 348 LOWEST SLP 29.45 ON 1
[REMARKS]
#FINAL-09-21#