000
CXUS53 KIND 010600
CF6EYE
PRELIMINARY LOCAL CLIMATOLOGICAL DATA (WS FORM: F-6)
STATION: INDIANAPOLIS EAGLE CREEK IN
MONTH: MAY
YEAR: 2022
LATITUDE: 39 49 N
LONGITUDE: 86 18 W
TEMPERATURE IN F: :PCPN: SNOW: WIND :SUNSHINE: SKY :PK WND
================================================================================
1 2 3 4 5 6A 6B 7 8 9 10 11 12 13 14 15 16 17 18
12Z AVG MX 2MIN
DY MAX MIN AVG DEP HDD CDD WTR SNW DPTH SPD SPD DIR MIN PSBL S-S WX SPD DR
================================================================================
1 65 52 59 0 6 0 0.20 M M 8.6 20 210 M M 9 13 30 240
2 69 45 57 -2 8 0 0.00 M M 4.2 13 290 M M 0 18 300
3 77 50 64 4 1 0 0.42 M M 11.0 24 190 M M 9 1 41 180
4 61 49 55 -5 10 0 0.00 M M 7.5 15 310 M M 10 1 21 310
5 57 53 55 -5 10 0 0.38 M M 7.9 16 90 M M 9 1 24 80
6 62 53 58 -2 7 0 0.22 M M 7.2 20 40 M M 10 1 32 60
7 68 52 60 -1 5 0 0.03 M M 11.9 21 60 M M 5 1 33 10
8 71 46 59 -2 6 0 0.00 M M 8.7 20 110 M M 0 32 120
9 80 54 67 5 0 2 0.00 M M 10.6 21 140 M M 1 33 130
10 87 66 77 15 0 12 0.00 M M 6.2 14 190 M M 5 20 170
11 90 72 81 19 0 16 0.00 M M 4.2 13 110 M M 4 18 140
12 88 64 76 14 0 11 0.00 M M 5.3 14 100 M M 0 20 150
13 87 58 73 10 0 8 0.00 M M 4.7 12 120 M M 0 19 100
14 87 62 75 12 0 10 0.16 M M 3.3 23 310 M M 2 3 32 300
15 87 57 72 8 0 7 0.28 M M 5.5 20 310 M M 1 1 29 300
16 78 56 67 3 0 2 T M M 8.2 21 300 M M 3 30 280
17 79 57 68 4 0 3 0.00 M M 5.4 14 320 M M 1 20 340
18 69 59 64 0 1 0 0.64 M M 3.0 15 200 M M 8 1 25 220
19 82 61 72 7 0 7 1.04 M M 5.4 17 250 M M 5 123 41 240
20 88 66 77 12 0 12 0.76 M M 10.2 23 200 M M 2 13 38 190
21 81 66 74 9 0 9 0.07 M M 6.8 28 310 M M 5 3 42 330
22 67 56 62 -4 3 0 0.00 M M 8.9 15 300 M M 6 1 23 340
23 69 51 60 -6 5 0 0.00 M M 7.4 16 70 M M 0 24 40
24 75 52 64 -2 1 0 0.00 M M 8.7 15 110 M M 1 22 110
25 84 63 74 7 0 9 0.36 M M 8.8 18 190 M M 6 13 32 180
26 74 63 69 2 0 4 0.73 M M 7.0 17 110 M M 8 1 25 190
27 71 56 64 -3 1 0 0.08 M M 6.8 18 320 M M 8 1 29 330
28 74 54 64 -4 1 0 0.00 M M 6.1 13 320 M M 2 19 280
29 83 58 71 3 0 6 0.00 M M 7.0 15 130 M M 0 25 220
30 89 67 78 10 0 13 0.00 M M 8.8 18 200 M M 1 32 180
31 89 68 79 11 0 14 0.00 M M 6.4 16 200 M M 1 28 200
================================================================================
SM 2388 1786 65 145 5.37 M 221.7 M 122
================================================================================
AV 77.0 57.6 7.2 FASTST M M 4 MAX(MPH)
MISC ----> 28 310 42 330
================================================================================
NOTES:
# LAST OF SEVERAL OCCURRENCES
COLUMN 17 PEAK WIND IN M.P.H.
PRELIMINARY LOCAL CLIMATOLOGICAL DATA (WS FORM: F-6) , PAGE 2
STATION: INDIANAPOLIS EAGLE CREEK IN
MONTH: MAY
YEAR: 2022
LATITUDE: 39 49 N
LONGITUDE: 86 18 W
[TEMPERATURE DATA] [PRECIPITATION DATA] SYMBOLS USED IN COLUMN 16
AVERAGE MONTHLY: 67.3 TOTAL FOR MONTH: 5.37 1 = FOG OR MIST
DPTR FM NORMAL: 3.5 DPTR FM NORMAL: 1.05 2 = FOG REDUCING VISIBILITY
HIGHEST: 90 ON 11 GRTST 24HR 1.80 ON 19-20 TO 1/4 MILE OR LESS
LOWEST: 45 ON 2 3 = THUNDER
SNOW, ICE PELLETS, HAIL 4 = ICE PELLETS
TOTAL MONTH: M 5 = HAIL
GRTST 24HR M ON M 6 = FREEZING RAIN OR DRIZZLE
GRTST DEPTH: M ON M 7 = DUSTSTORM OR SANDSTORM:
VSBY 1/2 MILE OR LESS
8 = SMOKE OR HAZE
[NO. OF DAYS WITH] [WEATHER - DAYS WITH] 9 = BLOWING SNOW
X = TORNADO
MAX 32 OR BELOW: 0 0.01 INCH OR MORE: 14
MAX 90 OR ABOVE: 1 0.10 INCH OR MORE: 11
MIN 32 OR BELOW: 0 0.50 INCH OR MORE: 4
MIN 0 OR BELOW: 0 1.00 INCH OR MORE: 1
[HDD (BASE 65) ]
TOTAL THIS MO. 65 CLEAR (SCALE 0-3) 16
DPTR FM NORMAL -61 PTCLDY (SCALE 4-7) 10
TOTAL FM JUL 1 4785 CLOUDY (SCALE 8-10) 5
DPTR FM NORMAL -424
[CDD (BASE 65) ]
TOTAL THIS MO. 145
DPTR FM NORMAL 58 [PRESSURE DATA]
TOTAL FM JAN 1 163 HIGHEST SLP M ON M
DPTR FM NORMAL 59 LOWEST SLP 29.52 ON 20
[REMARKS]
#FINAL-05-22#