000
CXUS52 KKEY 011916
CLMEYW
CLIMATE REPORT
NATIONAL WEATHER SERVICE KEY WEST FL
216 PM EST FRI DEC 1 2023
...................................
...THE KEY WEST CLIMATE SUMMARY FOR THE MONTH OF NOVEMBER 2023...
CLIMATE NORMAL PERIOD 1991 TO 2020
CLIMATE RECORD PERIOD 1871 TO 2023
WEATHER OBSERVED NORMAL DEPART LAST YEAR`S
VALUE DATE(S) VALUE FROM VALUE DATE(S)
NORMAL
................................................................
TEMPERATURE (F)
RECORD
HIGH 91 11/03/1876
LOW 49 11/30/1959
HIGHEST 85 11/10 87 11/03
11/11
11/12
LOWEST 67 11/29 71 11/18
AVG. MAXIMUM 81.8 81.0 0.8 83.5
AVG. MINIMUM 74.4 72.2 2.2 75.0
MEAN 78.1 76.6 1.5 79.3
DAYS MAX >= 90 0 0.0 0.0 0
DAYS MAX <= 32 0 0.0 0.0 0
DAYS MIN <= 32 0 0.0 0.0 0
DAYS MIN <= 0 0 0.0 0.0 0
PRECIPITATION (INCHES)
RECORD
MAXIMUM 27.67 1980
MINIMUM T 1995
TOTALS 1.56 2.05 -0.49 1.40
DAILY AVG. 0.05 0.07 -0.02 0.05
DAYS >= .01 5 6.3 -1.3 7
DAYS >= .10 2 3.0 -1.0 3
DAYS >= .50 1 1.0 0.0 0
DAYS >= 1.00 1 0.5 0.5 0
GREATEST
24 HR. TOTAL 1.07 11/15 TO 11/15
DEGREE DAYS
HEATING TOTAL 0 0 0 0
SINCE 7/1 0 0 0 0
COOLING TOTAL 401 348 53 435
SINCE 1/1 5565 4862 703 4963
................................................................
WIND (MPH)
AVERAGE WIND SPEED 9.7
HIGHEST WIND SPEED/DIRECTION 25/100 DATE 11/15
HIGHEST GUST SPEED/DIRECTION 40/050 DATE 11/15
SKY COVER
POSSIBLE SUNSHINE (PERCENT) MM
AVERAGE SKY COVER 0.31
NUMBER OF DAYS FAIR 20
NUMBER OF DAYS PC 8
NUMBER OF DAYS CLOUDY 2
AVERAGE RH (PERCENT) 79
WEATHER CONDITIONS. NUMBER OF DAYS WITH
THUNDERSTORM 1 MIXED PRECIP 0
HEAVY RAIN 2 RAIN 2
LIGHT RAIN 7 FREEZING RAIN 0
LT FREEZING RAIN 0 HAIL 0
HEAVY SNOW 0 SNOW 0
LIGHT SNOW 0 SLEET 0
FOG 5 FOG W/VIS <= 1/4 MILE 0
HAZE 1
- INDICATES NEGATIVE NUMBERS.
R INDICATES RECORD WAS SET OR TIED.
MM INDICATES DATA IS MISSING.
T INDICATES TRACE AMOUNT.
$$
KEY WEST DAILY RECORDS, NOVEMBER 2023 AND 2023-TO-DATE
RECORD NOV 2023 2023
====== ======== ========
MAXIMUM TEMPERATURE 0 28
COOL MAXIMUM TEMPERATURE 0 0
WARM MINIMUM TEMPERATURE 3 57
MINIMUM TEMPERATURE 0 1
RAINFALL 1 3
ROSS