000
CXUS54 KOUN 010810
CF6FDR
PRELIMINARY LOCAL CLIMATOLOGICAL DATA (WS FORM: F-6)
STATION: FREDERICK MUNICIPAL
MONTH: JULY
YEAR: 2021
LATITUDE: 34 21 N
LONGITUDE: 98 59 W
TEMPERATURE IN F: :PCPN: SNOW: WIND :SUNSHINE: SKY :PK WND
================================================================================
1 2 3 4 5 6A 6B 7 8 9 10 11 12 13 14 15 16 17 18
12Z AVG MX 2MIN
DY MAX MIN AVG DEP HDD CDD WTR SNW DPTH SPD SPD DIR MIN PSBL S-S WX SPD DR
================================================================================
1 95 73 84 0 0 19 0.02 M M 9.0 24 80 M M 2 29 260
2 86 71 79 -5 0 14 1.28 M M 6.7 16 50 M M 6 13 19 50
3 85 72 79 -5 0 14 0.04 M M 10.4 18 110 M M 4 1 24 120
4 88 69 79 -5 0 14 0.00 M M 8.1 17 120 M M 2 22 120
5 89 69 79 -5 0 14 0.00 0.0 M 10.6 20 100 M M 6 25 150
6 91 70 81 -3 0 16 0.00 0.0 M 8.1 17 140 M M 2 21 150
7 93 72 83 -1 0 18 M 0.0 M 6.1 39 100 M M 3 13 46 90
8 95 73 84 0 0 19 0.00 M M 6.6 15 150 M M 2 18 150
9 92 72 82 -2 0 17 0.00 M M 11.4 21 160 M M 1 25 180
10 94 73 84 -1 0 19 0.00 M M 13.3 31 60 M M 2 3 37 60
11 90 67 79 -6 0 14 1.52 M M 8.0 47 30 M M 1 13 58 30
12 89 68 79 -6 0 14 0.00 M M 5.5 15 170 M M 1 18 170
13 94 70 82 -3 0 17 0.00 M M 10.6 21 190 M M 1 25 220
14 93 69 81 -4 0 16 0.00 M M 16.2 26 170 M M 0 33 170
15 93 73 83 -2 0 18 0.00 M M 14.3 22 210 M M 1 3 28 180
16 93 75 84 -1 0 19 0.02 M M 10.3 18 190 M M 2 3 26 200
17 97 73 85 0 0 20 0.08 M M 8.4 28 100 M M 2 138 32 100
18 95 72 84 -2 0 19 1.04 M M 6.6 26 140 M M 3 138 30 150
19 90 72 81 -5 0 16 0.03 M M 8.0 15 40 M M 3 1 20 30
20 89 68 79 -7 0 14 0.00 M M 9.3 17 20 M M 1 22 50
21 90 68 79 -7 0 14 0.00 M M 5.4 12 60 M M 1 14 60
22 93 69 81 -5 0 16 0.00 0.0 M 9.1 18 150 M M 0 18 24 160
23 95 72 84 -2 0 19 0.00 M M 10.4 18 150 M M 1 23 150
24 100 75 88 2 0 23 0.00 M M 10.6 18 180 M M 0 8 25 200
25 101 73 87 1 0 22 0.06 M M 8.6 29 330 M M 1 3 36 10
26 99 73 86 0 0 21 0.00 M M 8.3 25 20 M M 1 29 20
27 100 76 88 2 0 23 T M M 9.1 15 90 M M 1 19 50
28 99 76 88 2 0 23 0.00 M M 8.9 16 120 M M 1 21 120
29 98 75 87 1 0 22 0.00 M M 7.2 15 110 M M 0 19 140
30 99 76 88 2 0 23 0.00 M M 6.9 16 150 M M 0 20 190
31 101 76 89 3 0 24 0.00 M M 8.1 18 170 M M 1 3 23 170
================================================================================
SM 2906 2230 0 561 4.09 0.0 280.1 M 52
================================================================================
AV 93.7 71.9 9.0 FASTST M M 2 MAX(MPH)
MISC ----> 47 30 58 30
================================================================================
NOTES:
# LAST OF SEVERAL OCCURRENCES
COLUMN 17 PEAK WIND IN M.P.H.
PRELIMINARY LOCAL CLIMATOLOGICAL DATA (WS FORM: F-6) , PAGE 2
STATION: FREDERICK MUNICIPAL
MONTH: JULY
YEAR: 2021
LATITUDE: 34 21 N
LONGITUDE: 98 59 W
[TEMPERATURE DATA] [PRECIPITATION DATA] SYMBOLS USED IN COLUMN 16
AVERAGE MONTHLY: 82.8 TOTAL FOR MONTH: 4.09 1 = FOG OR MIST
DPTR FM NORMAL: -2.4 DPTR FM NORMAL: M 2 = FOG REDUCING VISIBILITY
HIGHEST: 101 ON 31,25 GRTST 24HR 1.52 ON 11-11 TO 1/4 MILE OR LESS
LOWEST: 67 ON 11 3 = THUNDER
SNOW, ICE PELLETS, HAIL 4 = ICE PELLETS
TOTAL MONTH: 0.0 INCH 5 = HAIL
GRTST 24HR 0.0 6 = FREEZING RAIN OR DRIZZLE
GRTST DEPTH: M ON M 7 = DUSTSTORM OR SANDSTORM:
VSBY 1/2 MILE OR LESS
8 = SMOKE OR HAZE
[NO. OF DAYS WITH] [WEATHER - DAYS WITH] 9 = BLOWING SNOW
X = TORNADO
MAX 32 OR BELOW: 0 0.01 INCH OR MORE: 9
MAX 90 OR ABOVE: 25 0.10 INCH OR MORE: 3
MIN 32 OR BELOW: 0 0.50 INCH OR MORE: 3
MIN 0 OR BELOW: 0 1.00 INCH OR MORE: 3
[HDD (BASE 65) ]
TOTAL THIS MO. 0 CLEAR (SCALE 0-3) 28
DPTR FM NORMAL 0 PTCLDY (SCALE 4-7) 3
TOTAL FM JUL 1 0 CLOUDY (SCALE 8-10) 0
DPTR FM NORMAL 0
[CDD (BASE 65) ]
TOTAL THIS MO. 561
DPTR FM NORMAL -63 [PRESSURE DATA]
TOTAL FM JAN 1 1254 HIGHEST SLP M ON M
DPTR FM NORMAL -190 LOWEST SLP 29.79 ON 10
[REMARKS]
#FINAL-07-21#