000
CXUS53 KLMK 010810
CF6FFT
PRELIMINARY LOCAL CLIMATOLOGICAL DATA (WS FORM: F-6)
STATION: FRANKFORT KY
MONTH: DECEMBER
YEAR: 2023
LATITUDE: 38 10 N
LONGITUDE: 84 54 W
TEMPERATURE IN F: :PCPN: SNOW: WIND :SUNSHINE: SKY :PK WND
================================================================================
1 2 3 4 5 6A 6B 7 8 9 10 11 12 13 14 15 16 17 18
12Z AVG MX 2MIN
DY MAX MIN AVG DEP HDD CDD WTR SNW DPTH SPD SPD DIR MIN PSBL S-S WX SPD DR
================================================================================
1 56 43 50 9 15 0 0.33 M M 7.5 21 200 M M 10 1 30 190
2 56 49 53 12 12 0 0.00 M M 3.5 9 230 M M 10 12 14 240
3 53 31 42 1 23 0 0.00 M M 7.1 23 240 M M 6 1 32 230
4 47 29 38 -3 27 0 0.07 M M 1.3 8 240 M M 5 1 11 320
5 47 31 39 -1 26 0 0.02 M M 3.7 10 320 M M 8 12 15 320
6 44 28 36 -4 29 0 0.03 M M 6.2 15 330 M M 6 1 24 350
7 57 26 42 2 23 0 0.00 M M 10.6 20 210 M M 1 28 230
8 65 44 55 15 10 0 0.00 M M 11.0 18 210 M M 4 26 190
9 61 48 55 15 10 0 0.49 M M 9.4 21 180 M M 10 13 27 200
10 49 34 42 3 23 0 0.00 M M 6.8 14 300 M M 7 20 310
11 42 25 34 -5 31 0 0.00 M M 3.1 13 310 M M 5 18 310
12 54 22 38 -1 27 0 0.00 M M 5.6 16 230 M M 0 22 220
13 50 25 38 -1 27 0 0.00 M M 1.1 7 10 M M 0 10 50
14 56 21 39 1 26 0 0.00 M M 0.2 6 160 M M 0 9 170
15 59 23 41 3 24 0 0.00 M M 1.8 8 80 M M 0 14 200
16 62 29 46 8 19 0 0.03 M M 5.4 15 170 M M 2 22 180
17 53 42 48 10 17 0 0.47 M M 7.2 14 290 M M 10 1 21 320
18 42 26 34 -4 31 0 0.01 M M 11.4 24 310 M M 10 128 42 330
19 38 17 28 -9 37 0 0.00 M M 3.1 9 220 M M 0 14 270
20 53 19 36 -1 29 0 0.00 M M 1.8 9 150 M M 0 12 160
21 53 27 40 3 25 0 0.00 M M 2.0 9 240 M M 0 16 220
22 59 27 43 6 22 0 0.00 M M 2.8 12 180 M M 2 16 170
23 56 44 50 14 15 0 0.07 M M 6.2 17 220 M M 9 1 22 220
24 65 44 55 19 10 0 T M M 2.9 12 190 M M 6 16 180
25 56 41 49 13 16 0 0.53 M M 7.0 22 90 M M 6 1 36 70
26 54 36 45 9 20 0 T M M 3.3 10 260 M M 9 12 17 260
27 52 30 41 5 24 0 0.00 M M 1.7 8 80 M M 4 12 11 60
28 42 34 38 2 27 0 0.02 M M 9.0 16 220 M M 10 22 260
29 38 36 37 1 28 0 T M M 7.4 14 240 M M 10 1 19 230
30 40 36 38 3 27 0 T M M 8.1 16 240 M M 10 1 22 240
31 46 33 40 5 25 0 0.00 M M 9.5 18 220 M M 8 18 26 300
================================================================================
SM 1605 1000 705 0 2.07 M 167.7 M 168
================================================================================
AV 51.8 32.3 5.4 FASTST M M 5 MAX(MPH)
MISC ----> 24 310 42 330
================================================================================
NOTES:
# LAST OF SEVERAL OCCURRENCES
COLUMN 17 PEAK WIND IN M.P.H.
PRELIMINARY LOCAL CLIMATOLOGICAL DATA (WS FORM: F-6) , PAGE 2
STATION: FRANKFORT KY
MONTH: DECEMBER
YEAR: 2023
LATITUDE: 38 10 N
LONGITUDE: 84 54 W
[TEMPERATURE DATA] [PRECIPITATION DATA] SYMBOLS USED IN COLUMN 16
AVERAGE MONTHLY: 42.0 TOTAL FOR MONTH: 2.07 1 = FOG OR MIST
DPTR FM NORMAL: 3.9 DPTR FM NORMAL: -1.70 2 = FOG REDUCING VISIBILITY
HIGHEST: 65 ON 24, 8 GRTST 24HR 0.53 ON 25-25 TO 1/4 MILE OR LESS
LOWEST: 17 ON 19 3 = THUNDER
SNOW, ICE PELLETS, HAIL 4 = ICE PELLETS
TOTAL MONTH: M 5 = HAIL
GRTST 24HR M ON M 6 = FREEZING RAIN OR DRIZZLE
GRTST DEPTH: M ON M 7 = DUSTSTORM OR SANDSTORM:
VSBY 1/2 MILE OR LESS
8 = SMOKE OR HAZE
[NO. OF DAYS WITH] [WEATHER - DAYS WITH] 9 = BLOWING SNOW
X = TORNADO
MAX 32 OR BELOW: 0 0.01 INCH OR MORE: 11
MAX 90 OR ABOVE: 0 0.10 INCH OR MORE: 4
MIN 32 OR BELOW: 17 0.50 INCH OR MORE: 1
MIN 0 OR BELOW: 0 1.00 INCH OR MORE: 0
[HDD (BASE 65) ]
TOTAL THIS MO. 705 CLEAR (SCALE 0-3) 10
DPTR FM NORMAL -131 PTCLDY (SCALE 4-7) 11
TOTAL FM JUL 1 1490 CLOUDY (SCALE 8-10) 10
DPTR FM NORMAL -216
[CDD (BASE 65) ]
TOTAL THIS MO. 0
DPTR FM NORMAL 0 [PRESSURE DATA]
TOTAL FM JAN 1 1128 HIGHEST SLP 30.78 ON 14
DPTR FM NORMAL -202 LOWEST SLP 29.76 ON 3
[REMARKS]
#FINAL-12-23#