000
CXUS53 KFGF 010915
CF6FGF
PRELIMINARY LOCAL CLIMATOLOGICAL DATA (WS FORM: F-6)
STATION: GRAND FORKS UNIV. (NWS) ND
MONTH: OCTOBER
YEAR: 2020
LATITUDE: 47 55 N
LONGITUDE: 97 6 W
TEMPERATURE IN F: :PCPN: SNOW: WIND :SUNSHINE: SKY :PK WND
================================================================================
1 2 3 4 5 6A 6B 7 8 9 10 11 12 13 14 15 16 17 18
12Z AVG MX 2MIN
DY MAX MIN AVG DEP HDD CDD WTR SNW DPTH SPD SPD DIR MIN PSBL S-S WX SPD DR
================================================================================
1 50 36 43 -8 22 0 0.00 0.0 0 M M M M M M M M
2 51 26 39 -12 26 0 0.00 0.0 0 M M M M M M M M
3 56 31 44 -6 21 0 T 0.0 0 M M M M M M M M
4 62 28 45 -5 20 0 0.00 0.0 0 M M M M M M M M
5 74 46 60 11 5 0 T 0.0 0 M M M M M M M M
6 73 47 60 11 5 0 0.00 0.0 0 M M M M M M M M
7 66 38 52 4 13 0 0.00 0.0 0 M M M M M M M M
8 67 34 51 3 14 0 0.00 0.0 0 M M M M M M M M
9 73 43 58 10 7 0 0.00 0.0 0 M M M M M M M M
10 59 32 46 -1 19 0 0.00 0.0 0 M M M M M M M M
11 75 51 63 16 2 0 0.06 0.0 0 M M M M M M M M
12 63 38 51 5 14 0 T 0.0 0 M M M M M M M M
13 58 40 49 3 16 0 T 0.0 0 M M M M M M M M
14 51 28 40 -5 25 0 0.09 0.0 0 M M M M M M M M
15 47 22 35 -10 30 0 0.00 0.0 0 M M M M M M M M
16 41 23 32 -12 33 0 0.00 0.0 0 M M M M M M M M
17 43 24 34 -10 31 0 T T 0 M M M M M M M M
18 33 25 29 -14 36 0 T T 0 M M M M M M M M
19 37 24 31 -12 34 0 0.00 0.0 0 M M M M M M M M
20 32 24 28 -14 37 0 0.11 1.5 0 M M M M M M M M
21 36 27 32 -10 33 0 T T 1 M M M M M M M M
22 36 27 32 -9 33 0 0.00 0.0 0 M M M M M M M M
23 33 18 26 -15 39 0 0.00 0.0 0 M M M M M M M M
24 33 15 24 -16 41 0 0.00 0.0 0 M M M M M M M M
25 30 23 27 -13 38 0 T T 0 M M M M M M M M
26 30 14 22 -17 43 0 0.00 0.0 0 M M M M M M M M
27 41 14 28 -11 37 0 T T M M M M M M M M M
28 43 25 34 -4 31 0 0.00 0.0 0 M M M M M M M M
29 29 20 25 -12 40 0 0.03 0.4 T M M M M M M M M
30 43 27 35 -2 30 0 T T T M M M M M M M M
31 44 24 34 -2 31 0 0.00 0.0 0 M M M M M M M M
================================================================================
SM 1509 894 806 0 0.29 1.9 M M M
================================================================================
AV 48.7 28.8 M FASTST M M M MAX(MPH)
MISC ----> M M M M
================================================================================
NOTES:
# LAST OF SEVERAL OCCURRENCES
COLUMN 17 PEAK WIND IN M.P.H.
PRELIMINARY LOCAL CLIMATOLOGICAL DATA (WS FORM: F-6) , PAGE 2
STATION: GRAND FORKS UNIV. (NWS) ND
MONTH: OCTOBER
YEAR: 2020
LATITUDE: 47 55 N
LONGITUDE: 97 6 W
[TEMPERATURE DATA] [PRECIPITATION DATA] SYMBOLS USED IN COLUMN 16
AVERAGE MONTHLY: 38.8 TOTAL FOR MONTH: 0.29 1 = FOG OR MIST
DPTR FM NORMAL: -5.3 DPTR FM NORMAL: -1.63 2 = FOG REDUCING VISIBILITY
HIGHEST: 75 ON 11 GRTST 24HR 0.11 ON 20-20 TO 1/4 MILE OR LESS
LOWEST: 14 ON 27,26 3 = THUNDER
SNOW, ICE PELLETS, HAIL 4 = ICE PELLETS
TOTAL MONTH: 1.9 INCHES 5 = HAIL
GRTST 24HR 1.5 ON 20-20 6 = FREEZING RAIN OR DRIZZLE
GRTST DEPTH: 1 ON 21 7 = DUSTSTORM OR SANDSTORM:
VSBY 1/2 MILE OR LESS
8 = SMOKE OR HAZE
[NO. OF DAYS WITH] [WEATHER - DAYS WITH] 9 = BLOWING SNOW
X = TORNADO
MAX 32 OR BELOW: 4 0.01 INCH OR MORE: 4
MAX 90 OR ABOVE: 0 0.10 INCH OR MORE: 1
MIN 32 OR BELOW: 22 0.50 INCH OR MORE: 0
MIN 0 OR BELOW: 0 1.00 INCH OR MORE: 0
[HDD (BASE 65) ]
TOTAL THIS MO. 806 CLEAR (SCALE 0-3) 0
DPTR FM NORMAL 156 PTCLDY (SCALE 4-7) 0
TOTAL FM JUL 1 1023 CLOUDY (SCALE 8-10) 31
DPTR FM NORMAL 69
[CDD (BASE 65) ]
TOTAL THIS MO. 0
DPTR FM NORMAL -1 [PRESSURE DATA]
TOTAL FM JAN 1 619 HIGHEST SLP M ON M
DPTR FM NORMAL 156 LOWEST SLP M ON M
[REMARKS]
#FINAL-10-20#