000
CXUS53 KARX 010900
CF6FKA
PRELIMINARY LOCAL CLIMATOLOGICAL DATA (WS FORM: F-6)
STATION: PRESTON MN
MONTH: APRIL
YEAR: 2021
LATITUDE: 43 40 N
LONGITUDE: 92 11 W
TEMPERATURE IN F: :PCPN: SNOW: WIND :SUNSHINE: SKY :PK WND
================================================================================
1 2 3 4 5 6A 6B 7 8 9 10 11 12 13 14 15 16 17 18
12Z AVG MX 2MIN
DY MAX MIN AVG DEP HDD CDD WTR SNW DPTH SPD SPD DIR MIN PSBL S-S WX SPD DR
================================================================================
1 41 17 29 M 36 0 0.00 0.0 0 3.6 7 260 M M 0 M M
2 54 27 41 M 24 0 0.00 0.0 0 16.9 28 200 M M 0 37 160
3 70 40 55 M 10 0 0.00 0.0 0 8.3 18 220 M M 0 24 190
4 78 38 58 M 7 0 0.00 0.0 0 9.0 21 200 M M 0 30 190
5 77 51 64 M 1 0 0.00 0.0 0 14.4 28 170 M M 0 36 170
6 78 57 68 M 0 3 T 0.0 0 11.2 18 200 M M 1 27 200
7 75 58 67 M 0 2 0.03 0.0 0 9.8 17 170 M M 2 29 170
8 60 42 51 M 14 0 0.07 0.0 0 9.3 17 180 M M 8 23 160
9 53 42 48 M 17 0 0.11 0.0 0 6.2 15 280 M M 10 1 21 280
10 46 41 44 M 21 0 0.00 0.0 0 11.4 20 350 M M 10 27 350
11 50 41 46 M 19 0 0.00 0.0 0 13.3 16 340 M M 10 24 340
12 48 37 43 M 22 0 0.00 0.0 0 14.0 23 280 M M 7 1 28 280
13 39 32 36 M 29 0 0.00 0.0 0 14.1 24 270 M M 9 1 31 300
14 41 28 35 M 30 0 T T 0 11.0 16 280 M M 9 1 21 280
15 45 36 41 M 24 0 0.00 0.0 0 8.9 15 320 M M 9 1 18 330
16 59 33 46 M 19 0 0.00 0.0 0 7.1 14 360 M M 1 20 330
17 58 34 46 M 19 0 0.00 0.0 0 7.4 12 330 M M 2 20 340
18 61 35 48 M 17 0 M 0.0 0 9.1 17 280 M M 2 25 340
19 40 29 35 M 30 0 0.00 0.0 0 12.0 20 320 M M 9 25 320
20 40 24 32 M 33 0 0.00 0.0 0 7.0 15 340 M M 2 21 350
21 40 22 31 M 34 0 0.00 0.0 0 8.2 17 320 M M 2 24 320
22 61 31 46 M 19 0 0.00 0.0 0 10.1 17 240 M M 1 24 300
23 54 43 49 M 16 0 0.00 0.0 0 10.3 18 200 M M 6 23 190
24 46 32 39 M 26 0 0.04 0.0 0 7.9 16 310 M M 7 1 21 330
25 46 28 37 M 28 0 0.00 0.0 0 7.4 16 120 M M 2 25 120
26 63 38 51 M 14 0 0.00 0.0 0 11.7 17 140 M M 1 23 140
27 65 43 54 M 11 0 0.10 0.0 0 9.2 16 30 M M 4 13 23 20
28 54 42 48 M 17 0 0.00 0.0 0 7.0 13 10 M M 6 12 18 10
29 67 41 54 M 11 0 0.00 0.0 0 10.2 25 340 M M 0 35 340
30 60 42 51 M 14 0 0.00 0.0 0 8.1 16 340 M M 0 21 340
================================================================================
SM 1669 1104 562 5 0.35 T 294.1 M 120
================================================================================
AV 55.6 36.8 9.8 FASTST M M 4 MAX(MPH)
MISC ----> # 28 200 37 160
================================================================================
NOTES:
# LAST OF SEVERAL OCCURRENCES
COLUMN 17 PEAK WIND IN M.P.H.
PRELIMINARY LOCAL CLIMATOLOGICAL DATA (WS FORM: F-6) , PAGE 2
STATION: PRESTON MN
MONTH: APRIL
YEAR: 2021
LATITUDE: 43 40 N
LONGITUDE: 92 11 W
[TEMPERATURE DATA] [PRECIPITATION DATA] SYMBOLS USED IN COLUMN 16
AVERAGE MONTHLY: 46.2 TOTAL FOR MONTH: 0.35 1 = FOG OR MIST
DPTR FM NORMAL: 0.0 DPTR FM NORMAL: M 2 = FOG REDUCING VISIBILITY
HIGHEST: 78 ON 6, 4 GRTST 24HR 0.11 ON 9- 9 TO 1/4 MILE OR LESS
LOWEST: 17 ON 1 3 = THUNDER
SNOW, ICE PELLETS, HAIL 4 = ICE PELLETS
TOTAL MONTH: T 5 = HAIL
GRTST 24HR T ON 14-14 6 = FREEZING RAIN OR DRIZZLE
GRTST DEPTH: 0 7 = DUSTSTORM OR SANDSTORM:
VSBY 1/2 MILE OR LESS
8 = SMOKE OR HAZE
[NO. OF DAYS WITH] [WEATHER - DAYS WITH] 9 = BLOWING SNOW
X = TORNADO
MAX 32 OR BELOW: 0 0.01 INCH OR MORE: 5
MAX 90 OR ABOVE: 0 0.10 INCH OR MORE: 2
MIN 32 OR BELOW: 10 0.50 INCH OR MORE: 0
MIN 0 OR BELOW: 0 1.00 INCH OR MORE: 0
[HDD (BASE 65) ]
TOTAL THIS MO. 562 CLEAR (SCALE 0-3) 17
DPTR FM NORMAL M PTCLDY (SCALE 4-7) 6
TOTAL FM JUL 1 7285 CLOUDY (SCALE 8-10) 7
DPTR FM NORMAL M
[CDD (BASE 65) ]
TOTAL THIS MO. 5
DPTR FM NORMAL M [PRESSURE DATA]
TOTAL FM JAN 1 5 HIGHEST SLP M ON M
DPTR FM NORMAL M LOWEST SLP M ON M
[REMARKS]
#FINAL-04-21#