000
CXUS53 KMKX 010910
CF6FLD
PRELIMINARY LOCAL CLIMATOLOGICAL DATA (WS FORM: F-6)
STATION: FOND_DU_LAC WI
MONTH: DECEMBER
YEAR: 2021
LATITUDE: 43 46 N
LONGITUDE: 88 29 W
TEMPERATURE IN F: :PCPN: SNOW: WIND :SUNSHINE: SKY :PK WND
================================================================================
1 2 3 4 5 6A 6B 7 8 9 10 11 12 13 14 15 16 17 18
12Z AVG MX 2MIN
DY MAX MIN AVG DEP HDD CDD WTR SNW DPTH SPD SPD DIR MIN PSBL S-S WX SPD DR
================================================================================
1 51 31 41 11 24 0 T M M 11.1 21 170 M M 5 29 210
2 52 38 45 15 20 0 T M M 9.7 26 320 M M 2 37 330
3 44 35 40 10 25 0 0.02 M M 3.9 13 310 M M 9 8 22 300
4 41 30 36 7 29 0 0.00 M M 8.7 18 290 M M 4 24 290
5 40 33 37 8 28 0 0.04 M M 9.1 23 120 M M 10 8 32 130
6 38 9 24 -4 41 0 T M M 18.4 32 290 M M 6 49 280
7 24 8 16 -12 49 0 T M M 6.0 14 290 M M 6 18 270
8 27 17 22 -6 43 0 0.03 M M 3.8 10 360 M M 6 8 14 350
9 40 24 32 5 33 0 0.01 M M 9.3 21 150 M M 8 8 29 110
10 40 31 36 9 29 0 0.47 M M 9.4 24 60 M M 8 34 40
11 39 31 35 8 30 0 0.12 M M 14.7 30 290 M M 5 368 42 290
12 49 31 40 14 25 0 0.00 M M 13.8 22 220 M M 0 37 220
13 52 29 41 15 24 0 0.00 M M 7.0 17 200 M M 0 27 220
14 47 30 39 13 26 0 0.00 M M 11.3 22 170 M M 2 29 150
15 65 46 56 31 9 0 0.02 M M 18.0 40 180 M M 9 1 55 170
16 65 25 45 20 20 0 0.00 M M 19.6 37 220 M M 5 59 210
17 26 18 22 -3 43 0 0.00 M M 8.6 15 30 M M 2 22 270
18 31 25 28 4 37 0 0.00 M M 10.3 15 340 M M 10 21 10
19 31 14 23 -1 42 0 0.00 M M 9.2 23 190 M M 6 31 210
20 38 19 29 5 36 0 0.00 M M 9.3 20 200 M M 1 30 220
21 35 17 26 3 39 0 T M M 10.3 25 300 M M 5 8 34 240
22 24 11 18 -5 47 0 0.00 M M 7.6 23 290 M M 3 33 280
23 38 16 27 4 38 0 T M M 7.2 15 160 M M 6 19 160
24 46 21 34 11 31 0 0.00 M M 6.3 16 170 M M 6 128 23 180
25 42 28 35 13 30 0 0.00 M M 6.5 14 320 M M 4 1 19 330
26 37 19 28 6 37 0 0.03 M M 9.1 22 100 M M 3 1 32 100
27 38 20 29 7 36 0 0.02 M M 10.1 23 110 M M 6 18 33 100
28 34 19 27 5 38 0 0.03 M M 6.8 17 30 M M 6 1 22 30
29 34 15 25 4 40 0 T M M 8.0 20 310 M M 6 1 26 300
30 32 6 19 -2 46 0 0.00 M M 2.8 12 220 M M 9 8 17 210
31 31 27 29 8 36 0 0.01 M M 6.9 16 20 M M 10 168 21 10
================================================================================
SM 1231 723 1031 0 0.80 M 292.8 M 168
================================================================================
AV 39.7 23.3 9.4 FASTST M M 5 MAX(MPH)
MISC ----> 40 180 59 210
================================================================================
NOTES:
# LAST OF SEVERAL OCCURRENCES
COLUMN 17 PEAK WIND IN M.P.H.
PRELIMINARY LOCAL CLIMATOLOGICAL DATA (WS FORM: F-6) , PAGE 2
STATION: FOND_DU_LAC WI
MONTH: DECEMBER
YEAR: 2021
LATITUDE: 43 46 N
LONGITUDE: 88 29 W
[TEMPERATURE DATA] [PRECIPITATION DATA] SYMBOLS USED IN COLUMN 16
AVERAGE MONTHLY: 31.5 TOTAL FOR MONTH: 0.80 1 = FOG OR MIST
DPTR FM NORMAL: 6.4 DPTR FM NORMAL: -0.12 2 = FOG REDUCING VISIBILITY
HIGHEST: 65 ON 16,15 GRTST 24HR 0.59 ON 10-11 TO 1/4 MILE OR LESS
LOWEST: 6 ON 30 3 = THUNDER
SNOW, ICE PELLETS, HAIL 4 = ICE PELLETS
TOTAL MONTH: M 5 = HAIL
GRTST 24HR M ON M 6 = FREEZING RAIN OR DRIZZLE
GRTST DEPTH: M ON M 7 = DUSTSTORM OR SANDSTORM:
VSBY 1/2 MILE OR LESS
8 = SMOKE OR HAZE
[NO. OF DAYS WITH] [WEATHER - DAYS WITH] 9 = BLOWING SNOW
X = TORNADO
MAX 32 OR BELOW: 8 0.01 INCH OR MORE: 11
MAX 90 OR ABOVE: 0 0.10 INCH OR MORE: 2
MIN 32 OR BELOW: 27 0.50 INCH OR MORE: 0
MIN 0 OR BELOW: 0 1.00 INCH OR MORE: 0
[HDD (BASE 65) ]
TOTAL THIS MO. 1031 CLEAR (SCALE 0-3) 7
DPTR FM NORMAL -204 PTCLDY (SCALE 4-7) 18
TOTAL FM JUL 1 2066 CLOUDY (SCALE 8-10) 6
DPTR FM NORMAL -684
[CDD (BASE 65) ]
TOTAL THIS MO. 0
DPTR FM NORMAL 0 [PRESSURE DATA]
TOTAL FM JAN 1 1031 HIGHEST SLP 30.39 ON 14
DPTR FM NORMAL 448 LOWEST SLP 29.11 ON 11
[REMARKS]
#FINAL-12-21#