000
CXUS52 KMFL 011030
CF6FLL
PRELIMINARY LOCAL CLIMATOLOGICAL DATA (WS FORM: F-6)
STATION: FORT LAUDERDALE
MONTH: OCTOBER
YEAR: 2021
LATITUDE: 26 4 N
LONGITUDE: 80 9 W
TEMPERATURE IN F: :PCPN: SNOW: WIND :SUNSHINE: SKY :PK WND
================================================================================
1 2 3 4 5 6A 6B 7 8 9 10 11 12 13 14 15 16 17 18
12Z AVG MX 2MIN
DY MAX MIN AVG DEP HDD CDD WTR SNW DPTH SPD SPD DIR MIN PSBL S-S WX SPD DR
================================================================================
1 84 78 81 -1 0 16 0.07 0.0 M 10.0 24 140 M M 6 13 30 90
2 87 78 83 1 0 18 T 0.0 0 13.7 23 90 M M 5 29 90
3 86 78 82 0 0 17 0.04 0.0 M 11.3 18 90 M M 5 1 24 80
4 87 75 81 -1 0 16 T 0.0 0 8.6 17 100 M M 3 22 100
5 87 77 82 0 0 17 0.00 0.0 0 8.2 15 130 M M 4 19 120
6 88 80 84 2 0 19 0.00 0.0 0 9.7 14 120 M M 6 19 110
7 88 82 85 3 0 20 0.00 0.0 0 11.6 17 130 M M 6 26 130
8 88 74 81 0 0 16 0.87 0.0 0 7.5 17 300 M M 6 13 22 300
9 89 73 81 0 0 16 0.10 0.0 0 4.7 15 20 M M 6 13 22 150
10 87 72 80 -1 0 15 T 0.0 0 6.8 20 100 M M 4 3 23 90
11 86 74 80 -1 0 15 T 0.0 M 5.6 20 130 M M 5 3 24 130
12 86 76 81 0 0 16 0.13 M M 8.1 16 60 M M 5 22 110
13 86 75 81 0 0 16 0.03 0.0 M 7.2 15 80 M M 4 20 50
14 87 76 82 2 0 17 T 0.0 0 7.5 17 50 M M 4 22 50
15 85 76 81 1 0 16 0.07 0.0 0 7.1 15 60 M M 5 1 19 20
16 89 75 82 2 0 17 0.00 0.0 0 4.7 14 270 M M 2 19 330
17 89 74 82 2 0 17 0.00 0.0 0 5.5 16 50 M M 3 20 50
18 84 75 80 0 0 15 0.00 0.0 0 11.1 17 70 M M 3 23 80
19 84 76 80 0 0 15 0.00 0.0 0 12.8 21 90 M M 4 25 90
20 85 76 81 2 0 16 T 0.0 0 12.1 21 80 M M 4 27 80
21 86 78 82 3 0 17 T 0.0 0 11.5 18 80 M M 4 23 80
22 82 72 77 -2 0 12 1.85 0.0 0 5.4 12 90 M M 7 13 19 110
23 85 73 79 0 0 14 0.02 0.0 0 6.6 15 70 M M 8 M M
24 85 74 80 2 0 15 0.87 0.0 M 7.2 14 140 M M 7 M M
25 87 76 82 4 0 17 0.24 0.0 0 6.9 12 260 M M 7 20 240
26 90 76 83 5 0 18 0.00 0.0 0 9.4 14 280 M M 3 22 250
27 88 73 81 3 0 16 0.00 0.0 0 7.7 15 250 M M 4 M M
28 90 75 83 5 0 18 0.36 0.0 0 9.1 20 230 M M 7 32 240
29 86 74 80 3 0 15 0.06 0.0 0 11.7 23 250 M M 9 3 30 230
30 82 71 77 0 0 12 0.01 0.0 0 8.4 24 280 M M 9 32 280
31 84 68 76 -1 0 11 0.00 0.0 0 4.8 14 270 M M 5 20 270
================================================================================
SM 2677 2330 0 495 4.72 0.0 262.5 M 160
================================================================================
AV 86.4 75.2 8.5 FASTST M M 5 MAX(MPH)
MISC ----> # 24 140 32 240
================================================================================
NOTES:
# LAST OF SEVERAL OCCURRENCES
COLUMN 17 PEAK WIND IN M.P.H.
PRELIMINARY LOCAL CLIMATOLOGICAL DATA (WS FORM: F-6) , PAGE 2
STATION: FORT LAUDERDALE
MONTH: OCTOBER
YEAR: 2021
LATITUDE: 26 4 N
LONGITUDE: 80 9 W
[TEMPERATURE DATA] [PRECIPITATION DATA] SYMBOLS USED IN COLUMN 16
AVERAGE MONTHLY: 80.8 TOTAL FOR MONTH: 4.72 1 = FOG OR MIST
DPTR FM NORMAL: 0.9 DPTR FM NORMAL: -2.65 2 = FOG REDUCING VISIBILITY
HIGHEST: 90 ON 28,26 GRTST 24HR 1.85 ON 22-22 TO 1/4 MILE OR LESS
LOWEST: 68 ON 31 3 = THUNDER
SNOW, ICE PELLETS, HAIL 4 = ICE PELLETS
TOTAL MONTH: 0.0 INCH 5 = HAIL
GRTST 24HR 0.0 6 = FREEZING RAIN OR DRIZZLE
GRTST DEPTH: 0 7 = DUSTSTORM OR SANDSTORM:
VSBY 1/2 MILE OR LESS
8 = SMOKE OR HAZE
[NO. OF DAYS WITH] [WEATHER - DAYS WITH] 9 = BLOWING SNOW
X = TORNADO
MAX 32 OR BELOW: 0 0.01 INCH OR MORE: 14
MAX 90 OR ABOVE: 2 0.10 INCH OR MORE: 7
MIN 32 OR BELOW: 0 0.50 INCH OR MORE: 3
MIN 0 OR BELOW: 0 1.00 INCH OR MORE: 1
[HDD (BASE 65) ]
TOTAL THIS MO. 0 CLEAR (SCALE 0-3) 3
DPTR FM NORMAL 0 PTCLDY (SCALE 4-7) 26
TOTAL FM JUL 1 0 CLOUDY (SCALE 8-10) 2
DPTR FM NORMAL 0
[CDD (BASE 65) ]
TOTAL THIS MO. 495
DPTR FM NORMAL 33 [PRESSURE DATA]
TOTAL FM JAN 1 4323 HIGHEST SLP 30.17 ON 20
DPTR FM NORMAL 262 LOWEST SLP 29.71 ON 30
[REMARKS]
#FINAL-10-21#