000
CXUS52 KILM 011000
CF6FLO
PRELIMINARY LOCAL CLIMATOLOGICAL DATA (WS FORM: F-6)
STATION: FLORENCE SOUTH CAROLINA
MONTH: AUGUST
YEAR: 2023
LATITUDE: 34 10 N
LONGITUDE: 79 43 W
TEMPERATURE IN F: :PCPN: SNOW: WIND :SUNSHINE: SKY :PK WND
================================================================================
1 2 3 4 5 6A 6B 7 8 9 10 11 12 13 14 15 16 17 18
12Z AVG MX 2MIN
DY MAX MIN AVG DEP HDD CDD WTR SNW DPTH SPD SPD DIR MIN PSBL S-S WX SPD DR
================================================================================
1 89 66 78 -4 0 13 0.12 M M 5.3 21 20 M M 1 13 26 20
2 86 69 78 -4 0 13 0.00 M M 5.5 13 100 M M 0 16 70
3 81 69 75 -7 0 10 0.03 M M 4.4 10 150 M M 5 8 13 130
4 86 73 80 -2 0 15 0.16 M M 4.7 13 240 M M 7 1 16 240
5 91 72 82 0 0 17 0.00 M M 4.9 12 100 M M 2 1 18 70
6 93 72 83 1 0 18 0.01 M M 4.0 12 280 M M 3 12 14 170
7 95 73 84 2 0 19 0.46 M M 10.2 31 310 M M 2 138 48 300
8 93 73 83 1 0 18 T M M 9.6 21 260 M M 1 8 26 280
9 91 72 82 0 0 17 T M M 3.9 10 20 M M 2 13 330
10 93 75 84 2 0 19 0.08 M M 8.9 21 250 M M 1 3 27 260
11 90 70 80 -1 0 15 0.13 M M 5.2 17 300 M M 1 3 27 270
12 95 71 83 2 0 18 0.00 M M 2.3 12 240 M M 3 15 250
13 97 74 86 5 0 21 0.00 M M 6.1 14 270 M M 0 20 280
14 98 80 89 8 0 24 0.00 M M 8.5 17 180 M M 2 8 22 200
15 99 75 87 6 0 22 0.47 M M 8.4 37 240 M M 2 3 48 220
16 90 75 83 2 0 18 T M M 4.8 16 170 M M 4 19 170
17 92 72 82 1 0 17 0.00 M M 5.4 14 180 M M 4 1 18 170
18 92 68 80 -1 0 15 0.00 M M 4.2 14 270 M M 3 17 280
19 91 71 81 0 0 16 0.00 M M 5.1 13 20 M M 2 16 30
20 95 72 84 3 0 19 0.00 M M 4.1 16 160 M M 3 1 18 160
21 98 76 87 7 0 22 0.00 M M 3.5 9 260 M M 1 14 140
22 95 74 85 5 0 20 0.00 M M 5.2 14 40 M M 0 18 10
23 89 66 78 -2 0 13 T M M 8.1 22 70 M M 4 26 70
24 94 64 79 -1 0 14 T M M 3.7 15 340 M M 0 19 170
25 94 74 84 4 0 19 0.00 M M 5.5 14 170 M M 2 20 170
26 100 75 88 8 0 23 0.82 M M 5.6 28 280 M M 1 13 37 330
27 94 74 84 4 0 19 1.06 M M 4.0 36 360 M M 3 13 45 350
28 91 74 83 3 0 18 0.01 M M 2.8 9 130 M M 5 123 11 130
29 92 74 83 3 0 18 0.00 M M 3.1 13 170 M M 2 3 16 160
30 81 73 77 -2 0 12 3.87 M M 10.4 31 30 M M 7 1 43 30
31 86 67 77 -2 0 12 0.04 M M 11.1 28 360 M M 3 40 10
================================================================================
SM 2851 2233 0 534 7.26 M 178.5 M 76
================================================================================
AV 92.0 72.0 5.8 FASTST M M 2 MAX(MPH)
MISC ----> 37 240 # 48 300
================================================================================
NOTES:
# LAST OF SEVERAL OCCURRENCES
COLUMN 17 PEAK WIND IN M.P.H.
PRELIMINARY LOCAL CLIMATOLOGICAL DATA (WS FORM: F-6) , PAGE 2
STATION: FLORENCE SOUTH CAROLINA
MONTH: AUGUST
YEAR: 2023
LATITUDE: 34 10 N
LONGITUDE: 79 43 W
[TEMPERATURE DATA] [PRECIPITATION DATA] SYMBOLS USED IN COLUMN 16
AVERAGE MONTHLY: 82.0 TOTAL FOR MONTH: 7.26 1 = FOG OR MIST
DPTR FM NORMAL: 1.1 DPTR FM NORMAL: 2.40 2 = FOG REDUCING VISIBILITY
HIGHEST: 100 ON 26 GRTST 24HR 3.91 ON 30-31 TO 1/4 MILE OR LESS
LOWEST: 64 ON 24 3 = THUNDER
SNOW, ICE PELLETS, HAIL 4 = ICE PELLETS
TOTAL MONTH: M 5 = HAIL
GRTST 24HR M ON M 6 = FREEZING RAIN OR DRIZZLE
GRTST DEPTH: M ON M 7 = DUSTSTORM OR SANDSTORM:
VSBY 1/2 MILE OR LESS
8 = SMOKE OR HAZE
[NO. OF DAYS WITH] [WEATHER - DAYS WITH] 9 = BLOWING SNOW
X = TORNADO
MAX 32 OR BELOW: 0 0.01 INCH OR MORE: 13
MAX 90 OR ABOVE: 24 0.10 INCH OR MORE: 8
MIN 32 OR BELOW: 0 0.50 INCH OR MORE: 3
MIN 0 OR BELOW: 0 1.00 INCH OR MORE: 2
[HDD (BASE 65) ]
TOTAL THIS MO. 0 CLEAR (SCALE 0-3) 22
DPTR FM NORMAL 0 PTCLDY (SCALE 4-7) 9
TOTAL FM JUL 1 0 CLOUDY (SCALE 8-10) 0
DPTR FM NORMAL 0
[CDD (BASE 65) ]
TOTAL THIS MO. 534
DPTR FM NORMAL 43 [PRESSURE DATA]
TOTAL FM JAN 1 1727 HIGHEST SLP 30.21 ON 2
DPTR FM NORMAL -80 LOWEST SLP 29.46 ON 30
[REMARKS]
#FINAL-08-23#