000
CXUS52 KILM 231000
CF6FLO
PRELIMINARY LOCAL CLIMATOLOGICAL DATA (WS FORM: F-6)
STATION: FLORENCE SOUTH CAROLINA
MONTH: APRIL
YEAR: 2024
LATITUDE: 34 10 N
LONGITUDE: 79 43 W
TEMPERATURE IN F: :PCPN: SNOW: WIND :SUNSHINE: SKY :PK WND
================================================================================
1 2 3 4 5 6A 6B 7 8 9 10 11 12 13 14 15 16 17 18
12Z AVG MX 2MIN
DY MAX MIN AVG DEP HDD CDD WTR SNW DPTH SPD SPD DIR MIN PSBL S-S WX SPD DR
================================================================================
1 83 62 73 13 0 8 0.00 M M 9.4 21 260 M M 1 28 270
2 85 65 75 14 0 10 0.00 M M 10.7 21 220 M M 0 30 210
3 75 57 66 5 0 1 1.28 M M 14.6 29 190 M M 4 13 49 200
4 64 49 57 -4 8 0 0.00 M M 11.9 26 270 M M 4 39 280
5 66 46 56 -6 9 0 0.00 M M 7.3 18 360 M M 4 27 270
6 64 43 54 -8 11 0 0.00 M M 8.3 21 340 M M 0 30 10
7 70 42 56 -6 9 0 0.00 M M 4.2 13 340 M M 0 19 30
8 76 45 61 -1 4 0 0.00 M M 5.5 14 190 M M 1 19 220
9 69 54 62 -1 3 0 T M M 3.8 12 250 M M 4 1 16 250
10 81 57 69 6 0 4 T M M 6.6 18 150 M M 7 18 23 160
11 75 65 70 7 0 5 0.51 M M 15.1 30 160 M M 8 1 39 170
12 74 57 66 2 0 1 0.00 M M 16.9 31 280 M M 2 53 290
13 76 49 63 -1 2 0 0.00 M M 9.2 21 270 M M 0 38 300
14 83 42 63 -1 2 0 0.00 M M 5.2 16 200 M M 0 8 23 220
15 89 60 75 11 0 10 0.00 M M 8.6 20 250 M M 0 30 210
16 89 61 75 10 0 10 0.00 M M 6.0 12 220 M M 0 18 190
17 84 57 71 6 0 6 0.00 M M 8.2 17 180 M M 0 27 200
18 91 63 77 12 0 12 0.00 M M 3.6 13 300 M M 0 18 290
19 88 59 74 9 0 9 0.00 M M 5.4 21 260 M M 1 28 250
20 90 64 77 11 0 12 0.00 M M 5.0 24 320 M M 2 13 33 330
21 68 52 60 -6 5 0 0.22 M M 9.2 21 10 M M 9 13 30 340
22 64 41 53 -13 12 0 0.00 M M 7.8 17 30 M M 5 27 360
================================================================================
SM 1704 1190 65 88 2.01 M 182.5 M 52
================================================================================
AV 77.5 54.1 8.3 FASTST M M 2 MAX(MPH)
MISC ----> 31 280 53 290
================================================================================
NOTES:
# LAST OF SEVERAL OCCURRENCES
COLUMN 17 PEAK WIND IN M.P.H.
PRELIMINARY LOCAL CLIMATOLOGICAL DATA (WS FORM: F-6) , PAGE 2
STATION: FLORENCE SOUTH CAROLINA
MONTH: APRIL
YEAR: 2024
LATITUDE: 34 10 N
LONGITUDE: 79 43 W
[TEMPERATURE DATA] [PRECIPITATION DATA] SYMBOLS USED IN COLUMN 16
AVERAGE MONTHLY: 65.8 TOTAL FOR MONTH: 2.01 1 = FOG OR MIST
DPTR FM NORMAL: 2.4 DPTR FM NORMAL: -0.19 2 = FOG REDUCING VISIBILITY
HIGHEST: 91 ON 18 GRTST 24HR 1.28 ON 3- 3 TO 1/4 MILE OR LESS
LOWEST: 41 ON 22 3 = THUNDER
SNOW, ICE PELLETS, HAIL 4 = ICE PELLETS
TOTAL MONTH: M 5 = HAIL
GRTST 24HR M ON M 6 = FREEZING RAIN OR DRIZZLE
GRTST DEPTH: M ON M 7 = DUSTSTORM OR SANDSTORM:
VSBY 1/2 MILE OR LESS
8 = SMOKE OR HAZE
[NO. OF DAYS WITH] [WEATHER - DAYS WITH] 9 = BLOWING SNOW
X = TORNADO
MAX 32 OR BELOW: 0 0.01 INCH OR MORE: 3
MAX 90 OR ABOVE: 2 0.10 INCH OR MORE: 3
MIN 32 OR BELOW: 0 0.50 INCH OR MORE: 2
MIN 0 OR BELOW: 0 1.00 INCH OR MORE: 1
[HDD (BASE 65) ]
TOTAL THIS MO. 65 CLEAR (SCALE 0-3) 14
DPTR FM NORMAL -26 PTCLDY (SCALE 4-7) 7
TOTAL FM JUL 1 2009 CLOUDY (SCALE 8-10) 1
DPTR FM NORMAL -295
[CDD (BASE 65) ]
TOTAL THIS MO. 88
DPTR FM NORMAL 34 [PRESSURE DATA]
TOTAL FM JAN 1 115 HIGHEST SLP M ON M
DPTR FM NORMAL 28 LOWEST SLP 29.35 ON 3
[REMARKS]