000
CXUS52 KTBW 011630
CLMFMY
CLIMATE REPORT
NATIONAL WEATHER SERVICE TAMPA BAY FL
1230 PM EDT SUN OCT 01 2023
...................................
...THE FORT MYERS CLIMATE SUMMARY FOR THE MONTH OF SEPTEMBER 2023...
CLIMATE NORMAL PERIOD: 1991 TO 2020
CLIMATE RECORD PERIOD: 1902 TO 2023
WEATHER OBSERVED NORMAL DEPART LAST YEAR`S
VALUE DATE(S) VALUE FROM VALUE DATE(S)
NORMAL
................................................................
TEMPERATURE (F)
ALL-TIME SEPTEMBER RECORD
HIGH 98 09/03/1912
LOW 63 09/27/1956
09/23/1922
09/22/1922
SEPTEMBER 2023
HIGHEST 96 09/11 MM MM 96 09/04
09/12
09/05
09/07
LOWEST 72 09/09 MM MM 68 09/29
09/23
AVG. MAXIMUM 92.1 90.0 2.1 91.1
AVG. MINIMUM 75.2 74.3 0.9 75.5
MEAN 83.7 82.2 1.5 83.3
DAYS MAX >= 90 28 19.5 8.5 22
DAYS MAX <= 32 0 0.0 0.0 0
DAYS MIN <= 32 0 0.0 0.0 0
DAYS MIN <= 0 0 0.0 0.0 0
PRECIPITATION (INCHES)
ALL-TIME SEPTEMBER RECORD
MAXIMUM 17.35 1922
MINIMUM 1.93 1988
SEPTEMBER 2023
TOTALS 7.15 9.00 -1.85 16.45
DAILY AVG. 0.24 0.30 -0.06 0.55
DAYS >= .01 16 15.8 0.2 15
DAYS >= .10 11 11.0 0.0 12
DAYS >= .50 6 5.4 0.6 9
DAYS >= 1.00 2 2.9 -0.9 7
GREATEST
24 HR. TOTAL 2.32 09/24 TO 09/25
DEGREE DAYS
HEATING TOTAL 0 0 0 0
SINCE 7/1 0 0 0 MM
COOLING TOTAL 566 514 52 539
SINCE 1/1 4130 3295 835 MM
................................................................
WIND (MPH)
AVERAGE WIND SPEED 5.5
HIGHEST WIND SPEED/DIRECTION 25/070 DATE 09/19
HIGHEST GUST SPEED/DIRECTION 36/090 DATE 09/19
SKY COVER (DOES NOT INCLUDE ANY CLOUDS ABOVE 12000 FEET)
POSSIBLE SUNSHINE (PERCENT) MM
AVERAGE SKY COVER 0.24
NUMBER OF DAYS FAIR 25
NUMBER OF DAYS PC 5
NUMBER OF DAYS CLOUDY 0
AVERAGE RH (PERCENT) 75
WEATHER CONDITIONS. NUMBER OF DAYS WITH
THUNDERSTORM 19 MIXED PRECIP 0
HEAVY RAIN 10 RAIN 13
LIGHT RAIN 18 FREEZING RAIN 0
LT FREEZING RAIN 0 HAIL 0
HEAVY SNOW 0 SNOW 0
LIGHT SNOW 0 SLEET 0
FOG 15 FOG W/VIS <= 1/4 MILE 0
HAZE 3
- INDICATES NEGATIVE NUMBERS.
R INDICATES RECORD WAS SET OR TIED.
MM INDICATES DATA IS MISSING.
T INDICATES TRACE AMOUNT.
$$