000
CXUS53 KDTX 010635
CF6FNT
PRELIMINARY LOCAL CLIMATOLOGICAL DATA (WS FORM: F-6)
STATION: FLINT MI
MONTH: MAY
YEAR: 2023
LATITUDE: 42 58 N
LONGITUDE: 83 44 W
TEMPERATURE IN F: :PCPN: SNOW: WIND :SUNSHINE: SKY :PK WND
================================================================================
1 2 3 4 5 6A 6B 7 8 9 10 11 12 13 14 15 16 17 18
12Z AVG MX 2MIN
DY MAX MIN AVG DEP HDD CDD WTR SNW DPTH SPD SPD DIR MIN PSBL S-S WX SPD DR
================================================================================
1 50 34 42 -10 23 0 0.25 T 0 13.2 26 280 M M 10 1 37 280
2 44 36 40 -12 25 0 0.17 T 0 16.1 29 290 M M 10 1 39 290
3 55 38 47 -6 18 0 0.02 0.0 0 11.5 20 320 M M 10 27 320
4 64 33 49 -4 16 0 0.00 0.0 0 4.1 12 110 M M 2 15 300
5 70 42 56 2 9 0 0.00 0.0 0 7.7 16 120 M M 3 21 140
6 71 47 59 5 6 0 0.13 0.0 0 10.0 17 140 M M 3 23 140
7 72 50 61 7 4 0 0.09 0.0 0 9.3 18 360 M M 8 13 23 230
8 68 49 59 4 6 0 0.00 0.0 0 8.9 15 80 M M 6 20 80
9 71 44 58 3 7 0 0.00 0.0 0 5.6 15 40 M M 1 23 360
10 78 41 60 5 5 0 0.00 0.0 0 4.1 14 300 M M 0 17 290
11 81 45 63 7 2 0 0.00 0.0 0 3.2 14 240 M M 0 25 220
12 83 50 67 11 0 2 0.00 0.0 0 3.0 12 170 M M 0 15 170
13 71 53 62 6 3 0 0.02 0.0 0 7.2 18 60 M M 5 23 50
14 65 47 56 -1 9 0 0.00 0.0 0 9.8 18 40 M M 0 31 50
15 73 34 54 -3 11 0 0.00 0.0 0 3.5 13 300 M M 0 17 280
16 78 42 60 2 5 0 0.00 0.0 0 10.6 22 20 M M 1 34 350
17 58 37 48 -10 17 0 0.00 0.0 0 6.9 16 10 M M 1 26 30
18 67 33 50 -8 15 0 0.00 0.0 0 5.4 10 180 M M 0 16 150
19 74 42 58 -1 7 0 0.40 0.0 0 8.2 21 290 M M 8 18 28 280
20 62 44 53 -6 12 0 0.00 0.0 0 9.6 20 280 M M 5 1 26 300
21 76 43 60 1 5 0 0.00 0.0 0 4.4 13 300 M M 0 8 16 300
22 77 46 62 2 3 0 0.00 0.0 0 3.0 10 130 M M 2 8 14 130
23 79 47 63 3 2 0 0.00 0.0 0 2.2 10 290 M M 0 8 15 170
24 64 41 53 -7 12 0 0.00 0.0 0 11.7 24 40 M M 1 8 30 40
25 65 39 52 -9 13 0 0.00 0.0 0 9.2 17 30 M M 0 26 80
26 73 32 53 -8 12 0 0.00 0.0 0 4.5 15 30 M M 0 8 24 30
27 80 37 59 -2 6 0 0.00 0.0 0 1.7 12 110 M M 0 15 60
28 82 44 63 1 2 0 0.00 0.0 0 3.4 12 70 M M 0 16 40
29 86 46 66 4 0 1 0.00 0.0 0 4.1 13 100 M M 0 17 80
30 89 50 70 8 0 5 0.00 0.0 0 3.9 14 140 M M 0 20 150
31 87 61 74 11 0 9 0.00 0.0 0 8.4 15 110 M M 1 21 130
================================================================================
SM 2213 1327 255 17 1.08 T 214.4 M 77
================================================================================
AV 71.4 42.8 6.9 FASTST M M 2 MAX(MPH)
MISC ----> 29 290 39 290
================================================================================
NOTES:
# LAST OF SEVERAL OCCURRENCES
COLUMN 17 PEAK WIND IN M.P.H.
PRELIMINARY LOCAL CLIMATOLOGICAL DATA (WS FORM: F-6) , PAGE 2
STATION: FLINT MI
MONTH: MAY
YEAR: 2023
LATITUDE: 42 58 N
LONGITUDE: 83 44 W
[TEMPERATURE DATA] [PRECIPITATION DATA] SYMBOLS USED IN COLUMN 16
AVERAGE MONTHLY: 57.1 TOTAL FOR MONTH: 1.08 1 = FOG OR MIST
DPTR FM NORMAL: -0.3 DPTR FM NORMAL: -2.60 2 = FOG REDUCING VISIBILITY
HIGHEST: 89 ON 30 GRTST 24HR 0.40 ON 19-19 TO 1/4 MILE OR LESS
LOWEST: 32 ON 26 3 = THUNDER
SNOW, ICE PELLETS, HAIL 4 = ICE PELLETS
TOTAL MONTH: T 5 = HAIL
GRTST 24HR T ON 1- 1 6 = FREEZING RAIN OR DRIZZLE
GRTST DEPTH: 0 7 = DUSTSTORM OR SANDSTORM:
VSBY 1/2 MILE OR LESS
8 = SMOKE OR HAZE
[NO. OF DAYS WITH] [WEATHER - DAYS WITH] 9 = BLOWING SNOW
X = TORNADO
MAX 32 OR BELOW: 0 0.01 INCH OR MORE: 7
MAX 90 OR ABOVE: 0 0.10 INCH OR MORE: 4
MIN 32 OR BELOW: 1 0.50 INCH OR MORE: 0
MIN 0 OR BELOW: 0 1.00 INCH OR MORE: 0
[HDD (BASE 65) ]
TOTAL THIS MO. 255 CLEAR (SCALE 0-3) 21
DPTR FM NORMAL -13 PTCLDY (SCALE 4-7) 6
TOTAL FM JUL 1 5944 CLOUDY (SCALE 8-10) 4
DPTR FM NORMAL -848
[CDD (BASE 65) ]
TOTAL THIS MO. 17
DPTR FM NORMAL -17 [PRESSURE DATA]
TOTAL FM JAN 1 29 HIGHEST SLP M ON M
DPTR FM NORMAL -8 LOWEST SLP 29.18 ON 1
[REMARKS]
#FINAL-05-23#