000
CXUS52 KMFL 011130
CF6FXE
PRELIMINARY LOCAL CLIMATOLOGICAL DATA (WS FORM: F-6)
STATION: FORT LAUDERDALE EXEC ARPT
MONTH: NOVEMBER
YEAR: 2023
LATITUDE: 26 12 N
LONGITUDE: 80 11 W
TEMPERATURE IN F: :PCPN: SNOW: WIND :SUNSHINE: SKY :PK WND
================================================================================
1 2 3 4 5 6A 6B 7 8 9 10 11 12 13 14 15 16 17 18
12Z AVG MX 2MIN
DY MAX MIN AVG DEP HDD CDD WTR SNW DPTH SPD SPD DIR MIN PSBL S-S WX SPD DR
================================================================================
1 85 69 77 1 0 12 0.03 M M 8.3 16 350 M M 3 24 340
2 82 71 77 1 0 12 0.27 M M 15.0 24 50 M M 7 1 35 50
3 84 74 79 3 0 14 T 0.0 0 14.2 24 70 M M 6 1 30 60
4 83 71 77 1 0 12 0.07 0.0 0 6.6 13 340 M M 6 1 20 20
5 86 69 78 2 0 13 0.00 0.0 0 7.0 15 50 M M 4 22 10
6 85 63 74 -1 0 9 0.00 0.0 0 5.9 14 50 M M 1 18 50
7 85 69 77 2 0 12 0.00 0.0 0 6.4 17 90 M M 2 23 80
8 85 68 77 2 0 12 0.00 0.0 0 8.1 17 90 M M 3 1 21 100
9 78 73 76 1 0 11 0.27 0.0 0 6.7 13 100 M M 7 1 17 90
10 87 72 80 5 0 15 0.00 M M 7.8 15 110 M M 2 20 110
11 87 77 82 8 0 17 0.00 M M 9.1 15 110 M M 3 19 80
12 87 73 80 6 0 15 0.00 M M 5.6 13 90 M M 2 17 90
13 85 74 80 6 0 15 0.27 M M 6.2 15 60 M M 7 1 20 50
14 82 73 78 4 0 13 4.84 0.0 0 13.7 28 70 M M 7 123 36 80
15 77 68 73 -1 0 8 6.52 0.0 0 19.1 30 80 M M 10 13 38 80
16 81 68 75 1 0 10 0.84 0.0 0 16.1 35 60 M M 9 18 47 70
17 83 71 77 3 0 12 0.00 0.0 0 6.9 14 280 M M 5 1 18 270
18 78 70 74 1 0 9 0.00 0.0 0 8.2 13 320 M M 5 22 320
19 84 66 75 2 0 10 0.00 0.0 0 5.4 14 80 M M 1 18 80
20 84 67 76 3 0 11 0.05 0.0 0 7.4 18 90 M M 4 23 90
21 83 74 79 6 0 14 0.00 0.0 0 11.7 18 90 M M 3 24 110
22 86 68 77 4 0 12 0.00 0.0 0 5.7 13 190 M M 3 18 150
23 83 70 77 4 0 12 T 0.0 0 4.2 12 330 M M 5 17 310
24 81 69 75 2 0 10 T 0.0 0 4.4 12 30 M M 7 17 20
25 82 71 77 5 0 12 0.02 0.0 0 5.9 14 90 M M 6 16 90
26 85 71 78 6 0 13 0.31 M M 5.8 17 200 M M 4 1 26 180
27 79 66 73 1 0 8 0.00 M M 6.4 14 320 M M 3 1 20 320
28 75 60 68 -4 0 3 0.00 M M 5.8 13 330 M M 0 19 330
29 74 58 66 -6 0 1 0.00 0.0 0 5.7 12 330 M M 1 19 330
30 80 59 70 -2 0 5 0.00 0.0 0 7.2 18 90 M M 4 26 100
================================================================================
SM 2476 2072 0 332 13.49 0.0 246.5 M 130
================================================================================
AV 82.5 69.1 8.2 FASTST M M 4 MAX(MPH)
MISC ----> 35 60 47 70
================================================================================
NOTES:
# LAST OF SEVERAL OCCURRENCES
COLUMN 17 PEAK WIND IN M.P.H.
PRELIMINARY LOCAL CLIMATOLOGICAL DATA (WS FORM: F-6) , PAGE 2
STATION: FORT LAUDERDALE EXEC ARPT
MONTH: NOVEMBER
YEAR: 2023
LATITUDE: 26 12 N
LONGITUDE: 80 11 W
[TEMPERATURE DATA] [PRECIPITATION DATA] SYMBOLS USED IN COLUMN 16
AVERAGE MONTHLY: 75.8 TOTAL FOR MONTH: 13.49 1 = FOG OR MIST
DPTR FM NORMAL: 1.9 DPTR FM NORMAL: 9.49 2 = FOG REDUCING VISIBILITY
HIGHEST: 87 ON 12,11 GRTST 24HR 7.40 ON 14-15 TO 1/4 MILE OR LESS
LOWEST: 58 ON 29 3 = THUNDER
SNOW, ICE PELLETS, HAIL 4 = ICE PELLETS
TOTAL MONTH: 0.0 INCH 5 = HAIL
GRTST 24HR 0.0 6 = FREEZING RAIN OR DRIZZLE
GRTST DEPTH: 0 7 = DUSTSTORM OR SANDSTORM:
VSBY 1/2 MILE OR LESS
8 = SMOKE OR HAZE
[NO. OF DAYS WITH] [WEATHER - DAYS WITH] 9 = BLOWING SNOW
X = TORNADO
MAX 32 OR BELOW: 0 0.01 INCH OR MORE: 11
MAX 90 OR ABOVE: 0 0.10 INCH OR MORE: 7
MIN 32 OR BELOW: 0 0.50 INCH OR MORE: 3
MIN 0 OR BELOW: 0 1.00 INCH OR MORE: 2
[HDD (BASE 65) ]
TOTAL THIS MO. 0 CLEAR (SCALE 0-3) 11
DPTR FM NORMAL -6 PTCLDY (SCALE 4-7) 17
TOTAL FM JUL 1 0 CLOUDY (SCALE 8-10) 2
DPTR FM NORMAL 0
[CDD (BASE 65) ]
TOTAL THIS MO. 332
DPTR FM NORMAL 59 [PRESSURE DATA]
TOTAL FM JAN 1 4978 HIGHEST SLP 30.17 ON 29
DPTR FM NORMAL 700 LOWEST SLP 29.71 ON 18
[REMARKS]
#FINAL-11-23#