000
CXUS54 KTSA 081243
CF6FYV
PRELIMINARY LOCAL CLIMATOLOGICAL DATA (WS FORM: F-6)
STATION: FAYETTEVILLE ARKANSAS
MONTH: OCTOBER
YEAR: 2021
LATITUDE: 36 0 N
LONGITUDE: 94 10 W
TEMPERATURE IN F: :PCPN: SNOW: WIND :SUNSHINE: SKY :PK WND
================================================================================
1 2 3 4 5 6A 6B 7 8 9 10 11 12 13 14 15 16 17 18
12Z AVG MX 2MIN
DY MAX MIN AVG DEP HDD CDD WTR SNW DPTH SPD SPD DIR MIN PSBL S-S WX SPD DR
================================================================================
1 81 63 72 9 0 7 0.06 0.0 0 3.7 14 180 M M 7 123 19 170
2 80 61 71 8 0 6 0.05 0.0 0 4.4 14 200 M M 6 1 19 200
3 78 56 67 4 0 2 0.00 0.0 0 2.9 14 320 M M 6 12 20 320
4 81 49 65 3 0 0 0.00 0.0 0 2.8 14 330 M M 1 1 18 340
5 80 44 62 0 3 0 0.00 0.0 0 1.9 10 340 M M 0 1 15 70
6 77 51 64 2 1 0 0.00 0.0 0 2.4 12 350 M M 6 1 17 330
7 82 54 68 7 0 3 0.00 0.0 0 1.9 10 280 M M 2 1 17 300
8 91 54 73 12 0 8 0.00 0.0 0 8.4 22 190 M M 0 1 32 170
9 88 71 80 20 0 15 0.00 0.0 0 12.6 21 190 M M 0 31 180
10 85 68 77 17 0 12 0.14 0.0 0 13.1 24 180 M M 1 13 37 140
11 74 49 62 2 3 0 0.10 0.0 0 11.9 29 200 M M 5 13 49 140
12 81 42 62 3 3 0 0.00 0.0 0 5.0 15 130 M M 1 1 22 130
13 75 66 71 12 0 6 1.77 0.0 0 9.2 22 170 M M 8 13 34 160
14 73 62 68 9 0 3 0.55 0.0 0 3.0 14 110 M M 9 12 21 110
15 71 42 57 -1 8 0 0.68 0.0 0 5.8 21 320 M M 6 123 28 330
16 67 38 53 -5 12 0 0.00 0.0 0 4.5 17 330 M M 1 12 25 320
17 73 37 55 -3 10 0 0.00 0.0 0 2.1 12 270 M M 0 15 220
18 73 39 56 -1 9 0 0.00 0.0 0 3.4 16 200 M M 0 1 21 180
19 74 42 58 1 7 0 0.00 0.0 0 7.7 17 170 M M 0 1 25 180
20 75 57 66 9 0 1 T 0.0 0 7.4 22 200 M M 5 31 200
21 68 42 55 -1 10 0 0.00 0.0 0 4.8 15 330 M M 1 22 320
22 76 40 58 2 7 0 0.00 0.0 0 2.6 12 180 M M 2 1 17 200
23 81 57 69 13 0 4 0.00 0.0 0 11.3 24 220 M M 1 34 190
24 81 54 68 13 0 3 0.01 0.0 0 14.4 30 190 M M 3 13 43 190
25 66 45 56 1 9 0 0.00 0.0 0 2.4 10 330 M M 3 12 17 310
26 72 43 58 4 7 0 0.00 0.0 0 6.0 17 170 M M 4 1 29 150
27 67 53 60 6 5 0 2.16 0.0 0 12.0 18 130 M M 9 138 27 130
28 53 46 50 -4 15 0 0.57 0.0 0 16.5 24 320 M M 10 1 37 330
29 51 47 49 -5 16 0 0.01 0.0 0 11.4 22 320 M M 10 1 31 340
30 64 36 50 -3 15 0 0.00 0.0 0 2.2 12 290 M M 3 12 18 280
31 63 35 49 -4 16 0 0.00 0.0 0 3.0 13 330 M M 0 18 340
================================================================================
SM 2301 1543 156 70 6.10 0.0 200.7 M 110
================================================================================
AV 74.2 49.8 6.5 FASTST M M 4 MAX(MPH)
MISC ----> 30 190 49 140
================================================================================
NOTES:
# LAST OF SEVERAL OCCURRENCES
COLUMN 17 PEAK WIND IN M.P.H.
PRELIMINARY LOCAL CLIMATOLOGICAL DATA (WS FORM: F-6) , PAGE 2
STATION: FAYETTEVILLE ARKANSAS
MONTH: OCTOBER
YEAR: 2021
LATITUDE: 36 0 N
LONGITUDE: 94 10 W
[TEMPERATURE DATA] [PRECIPITATION DATA] SYMBOLS USED IN COLUMN 16
AVERAGE MONTHLY: 62.0 TOTAL FOR MONTH: 6.10 1 = FOG OR MIST
DPTR FM NORMAL: 4.0 DPTR FM NORMAL: 1.62 2 = FOG REDUCING VISIBILITY
HIGHEST: 91 ON 8 GRTST 24HR 2.52 ON 27-28 TO 1/4 MILE OR LESS
LOWEST: 35 ON 31 3 = THUNDER
SNOW, ICE PELLETS, HAIL 4 = ICE PELLETS
TOTAL MONTH: 0.0 INCH 5 = HAIL
GRTST 24HR 0.0 6 = FREEZING RAIN OR DRIZZLE
GRTST DEPTH: 0 7 = DUSTSTORM OR SANDSTORM:
VSBY 1/2 MILE OR LESS
8 = SMOKE OR HAZE
[NO. OF DAYS WITH] [WEATHER - DAYS WITH] 9 = BLOWING SNOW
X = TORNADO
MAX 32 OR BELOW: 0 0.01 INCH OR MORE: 11
MAX 90 OR ABOVE: 1 0.10 INCH OR MORE: 7
MIN 32 OR BELOW: 0 0.50 INCH OR MORE: 5
MIN 0 OR BELOW: 0 1.00 INCH OR MORE: 2
[HDD (BASE 65) ]
TOTAL THIS MO. 156 CLEAR (SCALE 0-3) 18
DPTR FM NORMAL -88 PTCLDY (SCALE 4-7) 9
TOTAL FM JUL 1 169 CLOUDY (SCALE 8-10) 4
DPTR FM NORMAL -118
[CDD (BASE 65) ]
TOTAL THIS MO. 70
DPTR FM NORMAL 41 [PRESSURE DATA]
TOTAL FM JAN 1 1578 HIGHEST SLP 30.35 ON 16
DPTR FM NORMAL 229 LOWEST SLP 29.35 ON 28
[REMARKS]
#FINAL-10-21#