169
CXUS54 KTSA 011207
CF6FYV
PRELIMINARY LOCAL CLIMATOLOGICAL DATA (WS FORM: F-6)
STATION: FAYETTEVILLE ARKANSAS
MONTH: FEBRUARY
YEAR: 2021
LATITUDE: 36 0 N
LONGITUDE: 94 10 W
TEMPERATURE IN F: :PCPN: SNOW: WIND :SUNSHINE: SKY :PK WND
================================================================================
1 2 3 4 5 6A 6B 7 8 9 10 11 12 13 14 15 16 17 18
12Z AVG MX 2MIN
DY MAX MIN AVG DEP HDD CDD WTR SNW DPTH SPD SPD DIR MIN PSBL S-S WX SPD DR
================================================================================
1 46 26 36 -1 29 0 0.00 0.0 0 7.4 17 330 M M 5 23 340
2 59 23 41 4 24 0 0.00 0.0 0 1.0 7 320 M M 0 1 9 310
3 59 23 41 4 24 0 0.00 0.0 0 7.3 23 170 M M 0 32 170
4 57 23 40 3 25 0 0.00 0.0 0 14.0 28 310 M M 3 44 190
5 52 19 36 -1 29 0 0.00 0.0 0 4.6 17 250 M M 2 25 280
6 48 30 39 1 26 0 0.16 0.0 0 3.4 23 150 M M 9 1 35 120
7 37 28 33 -5 32 0 0.00 0.0 0 5.1 14 180 M M 10 1 18 180
8 39 32 36 -2 29 0 0.03 0.0 0 4.7 12 150 M M 10 1 16 170
9 32 27 30 -8 35 0 0.00 0.0 0 5.8 12 330 M M 10 1 15 60
10 30 21 26 -12 39 0 0.06 T 0 5.4 13 330 M M 10 16 17 10
11 22 19 21 -18 44 0 0.00 0.0 0 6.4 12 60 M M 10 1 17 60
12 20 17 19 -20 46 0 T T 0 6.3 12 50 M M 10 18 18 40
13 18 10 14 -25 51 0 T T 0 7.4 14 340 M M 10 18 23 350
14 12 3 8 -31 57 0 0.08 2.2 0 8.2 13 50 M M 10 18 23 20
15 4 -8 -2 -42 67 0 0.10 2.3 3 8.6 16 350 M M 8 18 21 330
16 20 -20 0 -40 65 0 0.06 0.5 4 2.6 10 170 M M 3 18 13 170
17 23 15 19 -21 46 0 0.09 1.9 7 3.5 8 60 M M 10 18 13 60
18 27 6 17 -23 48 0 T T 7 6.5 15 330 M M 4 18 20 340
19 36 -4 16 -25 49 0 0.00 0.0 5 1.6 12 250 M M 0 1 16 250
20 46 7 27 -14 38 0 0.00 0.0 2 5.2 18 170 M M 0 27 170
21 47 39 43 2 22 0 0.00 0.0 0 11.8 23 180 M M 6 33 190
22 60 24 42 0 23 0 0.00 0.0 0 7.4 20 230 M M 0 28 210
23 73 31 52 10 13 0 0.00 0.0 0 10.2 24 180 M M 0 34 200
24 66 41 54 12 11 0 0.00 0.0 0 10.2 24 180 M M 2 33 180
25 58 33 46 4 19 0 0.02 0.0 0 6.4 15 60 M M 3 22 70
26 50 38 44 1 21 0 0.17 0.0 0 5.1 14 230 M M 10 1 19 230
27 60 35 48 5 17 0 0.04 0.0 0 6.6 20 180 M M 9 123 29 190
28 68 43 56 13 9 0 0.16 0.0 0 8.8 21 310 M M 7 1 26 320
================================================================================
SM 1169 581 938 0 0.97 6.9 181.5 M 161
================================================================================
AV 41.8 20.8 6.5 FASTST M M 6 MAX(MPH)
MISC ----> 28 310 44 190
================================================================================
NOTES:
# LAST OF SEVERAL OCCURRENCES
COLUMN 17 PEAK WIND IN M.P.H.
PRELIMINARY LOCAL CLIMATOLOGICAL DATA (WS FORM: F-6) , PAGE 2
STATION: FAYETTEVILLE ARKANSAS
MONTH: FEBRUARY
YEAR: 2021
LATITUDE: 36 0 N
LONGITUDE: 94 10 W
[TEMPERATURE DATA] [PRECIPITATION DATA] SYMBOLS USED IN COLUMN 16
AVERAGE MONTHLY: 31.3 TOTAL FOR MONTH: 0.97 1 = FOG OR MIST
DPTR FM NORMAL: -8.5 DPTR FM NORMAL: -1.84 2 = FOG REDUCING VISIBILITY
HIGHEST: 73 ON 23 GRTST 24HR 0.20 ON 27-28 TO 1/4 MILE OR LESS
LOWEST: -20 ON 16 3 = THUNDER
SNOW, ICE PELLETS, HAIL 4 = ICE PELLETS
TOTAL MONTH: 6.9 INCHES 5 = HAIL
GRTST 24HR 2.3 ON 15-15 6 = FREEZING RAIN OR DRIZZLE
GRTST DEPTH: 7 ON 18,17 7 = DUSTSTORM OR SANDSTORM:
VSBY 1/2 MILE OR LESS
8 = SMOKE OR HAZE
[NO. OF DAYS WITH] [WEATHER - DAYS WITH] 9 = BLOWING SNOW
X = TORNADO
MAX 32 OR BELOW: 10 0.01 INCH OR MORE: 11
MAX 90 OR ABOVE: 0 0.10 INCH OR MORE: 4
MIN 32 OR BELOW: 22 0.50 INCH OR MORE: 0
MIN 0 OR BELOW: 3 1.00 INCH OR MORE: 0
[HDD (BASE 65) ]
TOTAL THIS MO. 938 CLEAR (SCALE 0-3) 9
DPTR FM NORMAL 229 PTCLDY (SCALE 4-7) 6
TOTAL FM JUL 1 3246 CLOUDY (SCALE 8-10) 13
DPTR FM NORMAL -57
[CDD (BASE 65) ]
TOTAL THIS MO. 0
DPTR FM NORMAL 0 [PRESSURE DATA]
TOTAL FM JAN 1 0 HIGHEST SLP 30.51 ON 19
DPTR FM NORMAL 0 LOWEST SLP 29.53 ON 4
[REMARKS]
#FINAL-02-21#