000
CXUS53 KDDC 012234
CF6GCK
PRELIMINARY LOCAL CLIMATOLOGICAL DATA (WS FORM: F-6)

                                          STATION:   GARDEN CITY REGIONAL ARPT KS
                                          MONTH:     MAY
                                          YEAR:      2013
                                          LATITUDE:   37 55 N
                                          LONGITUDE: 100 43 W

  TEMPERATURE IN F:       :PCPN:    SNOW:  WIND      :SUNSHINE: SKY     :PK WND
================================================================================
1   2   3   4   5  6A  6B    7    8   9   10  11  12  13   14  15   16   17  18
                                     12Z  AVG MX 2MIN
DY MAX MIN AVG DEP HDD CDD  WTR  SNW DPTH SPD SPD DIR MIN PSBL S-S WX    SPD DR
================================================================================

 1  66  32  49  -9  16   0    T    M    M 27.6 41  30   M    M   9 16     54  20
 2  51  31  41 -18  24   0 0.03    M    M 19.9 30  10   M    M   8 1      40  10
 3  61  26  44 -15  21   0 0.00    M    M 10.6 25  10   M    M   0        30  10
 4  62  27  45 -14  20   0 0.00    M    M 16.9 30 360   M    M   0        38 350
 5  66  28  47 -13  18   0 0.00    M    M  9.5 18 360   M    M   0        24 360
 6  73  38  56  -4   9   0    T    M    M  8.9 20 120   M    M   4        28 160
 7  82  52  67   7   0   2 0.02    M    M 16.3 29 150   M    M   4        37 170
 8  81  48  65   4   0   0 0.48    M    M 11.9 53 290   M    M   1 1358   66 320
 9  69  45  57  -4   8   0 0.01    M    M 12.3 22  10   M    M   4 18     28  20
10  70  46  58  -3   7   0    T    M    M  9.4 22 320   M    M   4 1      26 320
11  69  47  58  -4   7   0 0.00    M    M 12.7 30  50   M    M   0        36  40
12  85  42  64   2   1   0 0.00    M    M  9.4 24  30   M    M   0        32  30
13  94  50  72  10   0   7 0.00    M    M  8.1 18 230   M    M   0        23 230
14  96  58  77  14   0  12 0.00    M    M 15.0 30 190   M    M   0        40 220
15  90  54  72   9   0   7 0.00    M    M 11.8 25 140   M    M   0        35 140
16  86  56  71   8   0   6 0.00    M    M 11.0 21 100   M    M   4 12     26 140
17  85  56  71   7   0   6    T    M    M 15.0 29 150   M    M   3 12     38 150
18  99  68  84  20   0  19 0.00    M    M 15.8 39 200   M    M   4 18     49 200
19  82  54  68   4   0   3 0.14    M    M 12.9 36 280   M    M   2 3      43 270
20  78  49  64  -1   1   0 0.00    M    M 11.3 25 340   M    M   1        32 330
21  76  45  61  -4   4   0 0.00    M    M 14.8 32 330   M    M   0 8      40 310
22  81  42  62  -3   3   0 0.00    M    M  6.6 15  80   M    M   0        20  80
23  67  50  59  -7   6   0 0.00    M    M 17.4 28  60   M    M   5        36  50
24  88  56  72   6   0   7 0.00    M    M 21.4 31 180   M    M   6 18     39 170
25  92  65  79  13   0  14    T    M    M 21.8 36 180   M    M   0        45 180
26  98  64  81  15   0  16 0.00    M    M 19.4 39 190   M    M   0 3      47 200
27  98  66  82  15   0  17 0.00    M    M 15.3 29 350   M    M   0 8      37 240
28  92  58  75   8   0  10    T    M    M 15.8 41 150   M    M   3 138    53 180
29  88  60  74   7   0   9    T    M    M 21.2 39 180   M    M   4 38     51 150
30  89  51  70   2   0   5 0.01    M    M 10.6 28 280   M    M   2 1      33 160
31  85  51  68   0   0   3 0.00    M    M  9.5 28  30   M    M   1 1      33  40
================================================================================
SM 2499 1515       145 143 0.69    M     440.1          M       69
================================================================================
AV 80.6 48.9                              14.2 FASTST   M    M   2      MAX(MPH)
                                 MISC ---->    53 290                     66 320
================================================================================
NOTES:
# LAST OF SEVERAL OCCURRENCES

COLUMN 17 PEAK WIND IN M.P.H.

PRELIMINARY LOCAL CLIMATOLOGICAL DATA (WS FORM: F-6) , PAGE 2

                                          STATION:  GARDEN CITY REGIONAL ARPT KS
                                          MONTH:    MAY
                                          YEAR:     2013
                                          LATITUDE:   37 55 N
                                          LONGITUDE: 100 43 W

[TEMPERATURE DATA]      [PRECIPITATION DATA]       SYMBOLS USED IN COLUMN 16

AVERAGE MONTHLY: 64.8   TOTAL FOR MONTH:   0.69    1 = FOG OR MIST
DPTR FM NORMAL:   1.5   DPTR FM NORMAL:   -2.19    2 = FOG REDUCING VISIBILITY
HIGHEST:    99 ON 18    GRTST 24HR  0.48 ON  8- 8      TO 1/4 MILE OR LESS
LOWEST:     26 ON  3                               3 = THUNDER
                                                   4 = ICE PELLETS
                                                   5 = HAIL
                                                   6 = FREEZING RAIN OR DRIZZLE
                                                   7 = DUSTSTORM OR SANDSTORM:
                                                       VSBY 1/2 MILE OR LESS
                                                   8 = SMOKE OR HAZE
[NO. OF DAYS WITH]      [WEATHER - DAYS WITH]      9 = BLOWING SNOW
                                                   X = TORNADO
MAX 32 OR BELOW:   0    0.01 INCH OR MORE:   6
MAX 90 OR ABOVE:   8    0.10 INCH OR MORE:   2
MIN 32 OR BELOW:   5    0.50 INCH OR MORE:   0
MIN  0 OR BELOW:   0    1.00 INCH OR MORE:   0

[HDD (BASE 65) ]
TOTAL THIS MO.   145    CLEAR  (SCALE 0-3)  20
DPTR FM NORMAL    16    PTCLDY (SCALE 4-7)  10
TOTAL FM JUL 1  5199    CLOUDY (SCALE 8-10)  1
DPTR FM NORMAL     8

[CDD (BASE 65) ]
TOTAL THIS MO.   143
DPTR FM NORMAL    66    [PRESSURE DATA]
TOTAL FM JAN 1   147    HIGHEST SLP 30.68 ON  2
DPTR FM NORMAL    58    LOWEST  SLP 29.24 ON 29

[REMARKS]
#FINAL-05-13#
