000
CXUS53 KDDC 011327
CF6GCK
PRELIMINARY LOCAL CLIMATOLOGICAL DATA (WS FORM: F-6)

                                          STATION:   GARDEN CITY REGIONAL ARPT KS
                                          MONTH:     APRIL
                                          YEAR:      2013
                                          LATITUDE:   37 55 N
                                          LONGITUDE: 100 43 W

  TEMPERATURE IN F:       :PCPN:    SNOW:  WIND      :SUNSHINE: SKY     :PK WND
================================================================================
1   2   3   4   5  6A  6B    7    8   9   10  11  12  13   14  15   16   17  18
                                     12Z  AVG MX 2MIN
DY MAX MIN AVG DEP HDD CDD  WTR  SNW DPTH SPD SPD DIR MIN PSBL S-S WX    SPD DR
================================================================================

 1  50  30  40  -8  25   0 0.00    M    M 17.3 32  60   M    M   7        44  50
 2  36  31  34 -14  31   0 0.01    M    M  6.5 13  90   M    M  10 16     15  90
 3  42  32  37 -12  28   0    T    M    M  7.2 16  80   M    M  10        21  80
 4  65  28  47  -2  18   0 0.00    M    M  7.1 14 140   M    M   5 12     16 140
 5  84  34  59  10   6   0 0.00    M    M 20.7 39 210   M    M   0 1      49 190
 6  72  45  59   9   6   0 0.00    M    M 13.0 31 350   M    M   0        38 360
 7  80  50  65  15   0   0 0.00    M    M  9.9 23 150   M    M   3        29 180
 8  79  47  63  13   2   0    T    M    M 14.1 31 150   M    M   4 12     41 150
 9  62  19  41 -10  24   0 0.00    M    M 29.1 41 350   M    M   9 168    48 360
10  39  19  29 -22  36   0    T    M    M 22.8 33 350   M    M   6        43 340
11  61  17  39 -12  26   0 0.00    M    M 11.3 29 330   M    M   1        38 330
12  65  27  46  -6  19   0 0.02    M    M  7.9 29  20   M    M   4 1      35  20
13  79  30  55   3  10   0 0.00    M    M 19.8 38 180   M    M   0 8      48 180
14  67  40  54   2  11   0 0.00    M    M 17.4 36 180   M    M   2        46 180
15  60  36  48  -5  17   0 0.00    M    M 14.4 28  70   M    M   3        36  70
16  49  34  42 -11  23   0 0.00    M    M 17.9 25  70   M    M   9 1      31  50
17  38  29  34 -19  31   0 0.02    M    M 19.7 35 360   M    M  10 16     44 360
18  38  24  31 -23  34   0 0.00    M    M 22.0 35 360   M    M   8 18     41 350
19  63  20  42 -12  23   0 0.00    M    M 11.9 25 300   M    M   1        33 290
20  65  31  48  -6  17   0 0.00    M    M 13.2 29 150   M    M   2        41 180
21  72  35  54  -1  11   0 0.00    M    M  8.4 16 150   M    M   2        22 180
22  72  29  51  -4  14   0    T    M    M 22.4 44  20   M    M   6 18     52  20
23  33  24  29 -27  36   0 0.05    M    M 17.4 35  20   M    M   8 1      43  20
24  62  19  41 -15  24   0 0.00    M    M  8.4 18 250   M    M   0        25 240
25  67  34  51  -5  14   0 0.00    M    M 19.7 40 190   M    M   0 8      53 190
26  67  44  56  -1   9   0 0.36    M    M  5.8 21  10   M    M   4 128    25 350
27  76  37  57   0   8   0    T    M    M  6.0 17 170   M    M   2 128    24 190
28  87  40  64   7   1   0 0.00    M    M  8.3 16 170   M    M   0        23 260
29  85  44  65   7   0   0 0.00    M    M  7.1 16 150   M    M   0        20 150
30  84  54  69  11   0   4 0.00    M    M 11.9 24  50   M    M   0        31  40
================================================================================
SM 1899  983       504   4 0.46    M     418.6          M      116
================================================================================
AV 63.3 32.8                              14.0 FASTST   M    M   4      MAX(MPH)
                                 MISC ---->    44  20                     53 190
================================================================================
NOTES:
# LAST OF SEVERAL OCCURRENCES

COLUMN 17 PEAK WIND IN M.P.H.

PRELIMINARY LOCAL CLIMATOLOGICAL DATA (WS FORM: F-6) , PAGE 2

                                          STATION:  GARDEN CITY REGIONAL ARPT KS
                                          MONTH:    APRIL
                                          YEAR:     2013
                                          LATITUDE:   37 55 N
                                          LONGITUDE: 100 43 W

[TEMPERATURE DATA]      [PRECIPITATION DATA]       SYMBOLS USED IN COLUMN 16

AVERAGE MONTHLY: 48.1   TOTAL FOR MONTH:   0.46    1 = FOG OR MIST
DPTR FM NORMAL:  -4.9   DPTR FM NORMAL:   -1.26    2 = FOG REDUCING VISIBILITY
HIGHEST:    87 ON 28    GRTST 24HR  0.36 ON 26-26      TO 1/4 MILE OR LESS
LOWEST:     17 ON 11                               3 = THUNDER
                        SNOW, ICE PELLETS, HAIL    4 = ICE PELLETS
                        TOTAL MONTH:    M          5 = HAIL
                        GRTST 24HR    M  ON   M    6 = FREEZING RAIN OR DRIZZLE
                        GRTST DEPTH:  M  ON   M    7 = DUSTSTORM OR SANDSTORM:
                                                       VSBY 1/2 MILE OR LESS
                                                   8 = SMOKE OR HAZE
[NO. OF DAYS WITH]      [WEATHER - DAYS WITH]      9 = BLOWING SNOW
                                                   X = TORNADO
MAX 32 OR BELOW:   0    0.01 INCH OR MORE:   5
MAX 90 OR ABOVE:   0    0.10 INCH OR MORE:   1
MIN 32 OR BELOW:  16    0.50 INCH OR MORE:   0
MIN  0 OR BELOW:   0    1.00 INCH OR MORE:   0

[HDD (BASE 65) ]
TOTAL THIS MO.   504    CLEAR  (SCALE 0-3)  16
DPTR FM NORMAL   130    PTCLDY (SCALE 4-7)   8
TOTAL FM JUL 1  5054    CLOUDY (SCALE 8-10)  6
DPTR FM NORMAL    -8

[CDD (BASE 65) ]
TOTAL THIS MO.     4
DPTR FM NORMAL    -8    [PRESSURE DATA]
TOTAL FM JAN 1     4    HIGHEST SLP 30.35 ON 23
DPTR FM NORMAL    -8    LOWEST  SLP 29.25 ON 14

[REMARKS]
#FINAL-04-13#
