000
CXUS53 KDDC 021620
CF6GCK
PRELIMINARY LOCAL CLIMATOLOGICAL DATA (WS FORM: F-6)

                                          STATION:   GARDEN CITY REGIONAL ARPT KS
                                          MONTH:     JUNE
                                          YEAR:      2013
                                          LATITUDE:   37 55 N
                                          LONGITUDE: 100 43 W

  TEMPERATURE IN F:       :PCPN:    SNOW:  WIND      :SUNSHINE: SKY     :PK WND
================================================================================
1   2   3   4   5  6A  6B    7    8   9   10  11  12  13   14  15   16   17  18
                                     12Z  AVG MX 2MIN
DY MAX MIN AVG DEP HDD CDD  WTR  SNW DPTH SPD SPD DIR MIN PSBL S-S WX    SPD DR
================================================================================

 1  74  49  62  -6   3   0 0.00    M    M 16.0 30 340   M    M   2        37 340
 2  81  42  62  -7   3   0 0.00    M    M 10.3 24 140   M    M   0 8      30 130
 3  93  56  75   6   0  10 0.05    M    M 24.0 38 180   M    M   0 38     49 180
 4  89  58  74   5   0   9 0.16    M    M 11.2 35 150   M    M   2 3      43 150
 5  63  55  59 -11   6   0 0.13    M    M 13.4 30  30   M    M   9 1      37  30
 6  79  50  65  -5   0   0 0.00    M    M  6.0 13 120   M    M   2        16 120
 7  85  54  70   0   0   5 0.00    M    M 11.3 25 140   M    M   2 8      31 150
 8  90  55  73   2   0   8    T    M    M 13.7 30  10   M    M   0        35  10
 9  92  52  72   1   0   7 0.00    M    M  9.4 23 240   M    M   0 1      29 240
10 108  65  87  16   0  22 0.00    M    M 16.3 31 190   M    M   0        40 180
11 108  76  92  20   0  27 0.00    M    M 26.3 39 180   M    M   0        51 180
12 101  69  85  13   0  20 0.00    M    M 10.6 23 210   M    M   0        30 210
13  99  61  80   8   0  15 0.00    M    M 16.7 26 140   M    M   0        35 180
14 101  68  85  13   0  20 0.00    M    M 19.2 35 200   M    M   0        41 200
15  97  62  80   7   0  15 0.94    M    M 15.0 53 320   M    M   2 123    63 310
16  91  62  77   4   0  12 0.61    M    M 12.9 54 300   M    M   1 138    70 300
17  84  59  72  -2   0   7 0.00    M    M  8.1 18 150   M    M   1        23 140
18  85  64  75   1   0  10 0.21    M    M 10.3 24 140   M    M   2 13     28 130
19  85  64  75   1   0  10 0.03    M    M 18.6 31 180   M    M   2 3      38 180
20  95  65  80   6   0  15 0.00    M    M 20.7 35 180   M    M   1 1      41 180
21  96  67  82   7   0  17 0.00    M    M 20.9 38 190   M    M   0        48 190
22  95  69  82   7   0  17 0.00    M    M 18.8 35 170   M    M   0        44 170
23  97  69  83   8   0  18 0.00    M    M 11.9 22 170   M    M   0        31 140
24  95  72  84   9   0  19    T    M    M 19.4 36 140   M    M   0        47 210
25 102  70  86  10   0  21 0.00    M    M 10.6 24 340   M    M   0        31 340
26 103  69  86  10   0  21 0.00    M    M 12.1 24 140   M    M   0        32 130
27 108  71  90  14   0  25    T    M    M 11.5 36 330   M    M   0 8      47 330
28  99  67  83   7   0  18 0.00    M    M  8.1 16  80   M    M   1 1      20  90
29  93  65  79   2   0  14 0.01    M    M  7.1 22  60   M    M   1 3      28  70
30  87  60  74  -3   0   9 0.00    M    M  9.3 22  10   M    M   5        32  30
================================================================================
SM 2775 1865        12 391 2.14    M     419.7          M       33
================================================================================
AV 92.5 62.2                              14.0 FASTST   M    M   1      MAX(MPH)
                                 MISC ---->    54 300                     70 300
================================================================================
NOTES:
# LAST OF SEVERAL OCCURRENCES

COLUMN 17 PEAK WIND IN M.P.H.

PRELIMINARY LOCAL CLIMATOLOGICAL DATA (WS FORM: F-6) , PAGE 2

                                          STATION:  GARDEN CITY REGIONAL ARPT KS
                                          MONTH:    JUNE
                                          YEAR:     2013
                                          LATITUDE:   37 55 N
                                          LONGITUDE: 100 43 W

[TEMPERATURE DATA]      [PRECIPITATION DATA]       SYMBOLS USED IN COLUMN 16

AVERAGE MONTHLY: 77.4   TOTAL FOR MONTH:   2.14    1 = FOG OR MIST
DPTR FM NORMAL:   4.4   DPTR FM NORMAL:   -1.34    2 = FOG REDUCING VISIBILITY
HIGHEST:   108 ON 27,11 GRTST 24HR  1.55 ON 15-16      TO 1/4 MILE OR LESS
LOWEST:     42 ON  2                               3 = THUNDER
                                                   4 = ICE PELLETS
                                                   5 = HAIL
                                                   6 = FREEZING RAIN OR DRIZZLE
                                                   7 = DUSTSTORM OR SANDSTORM:
                                                       VSBY 1/2 MILE OR LESS
                                                   8 = SMOKE OR HAZE
[NO. OF DAYS WITH]      [WEATHER - DAYS WITH]      9 = BLOWING SNOW
                                                   X = TORNADO
MAX 32 OR BELOW:   0    0.01 INCH OR MORE:   8
MAX 90 OR ABOVE:  20    0.10 INCH OR MORE:   5
MIN 32 OR BELOW:   0    0.50 INCH OR MORE:   2
MIN  0 OR BELOW:   0    1.00 INCH OR MORE:   0

[HDD (BASE 65) ]
TOTAL THIS MO.    12    CLEAR  (SCALE 0-3)  28
DPTR FM NORMAL    -4    PTCLDY (SCALE 4-7)   1
TOTAL FM JUL 1  5211    CLOUDY (SCALE 8-10)  1
DPTR FM NORMAL     4

[CDD (BASE 65) ]
TOTAL THIS MO.   391
DPTR FM NORMAL   139    [PRESSURE DATA]
TOTAL FM JAN 1   538    HIGHEST SLP 30.15 ON  2
DPTR FM NORMAL   197    LOWEST  SLP 29.53 ON  3

[REMARKS]
#FINAL-06-13#
