000
CXUS53 KDDC 021643
CF6GCK
PRELIMINARY LOCAL CLIMATOLOGICAL DATA (WS FORM: F-6)

                                          STATION:   GARDEN CITY REGIONAL ARPT KS
                                          MONTH:     MARCH
                                          YEAR:      2013
                                          LATITUDE:   37 55 N
                                          LONGITUDE: 100 43 W

  TEMPERATURE IN F:       :PCPN:    SNOW:  WIND      :SUNSHINE: SKY     :PK WND
================================================================================
1   2   3   4   5  6A  6B    7    8   9   10  11  12  13   14  15   16   17  18
                                     12Z  AVG MX 2MIN
DY MAX MIN AVG DEP HDD CDD  WTR  SNW DPTH SPD SPD DIR MIN PSBL S-S WX    SPD DR
================================================================================

 1  44  26  35  -4  30   0 0.00    M    M 11.4 24 360   M    M   3        29 360
 2  61  24  43   4  22   0 0.00    M    M  7.5 16 340   M    M   2        20 340
 3  70  31  51  11  14   0 0.00    M    M  6.5 14 230   M    M   0        15 230
 4  52  31  42   2  23   0    T    M    M 17.4 30 360   M    M   3 1      46 350
 5  46  20  33  -7  32   0 0.00    M    M 12.1 21 330   M    M   0 8      26 320
 6   M  25   M   M   M   M 0.00    M    M 19.0 33 190   M    M   0        43 180
 7  73   M   M   M   M   M 0.00    M    M 10.5 20 120   M    M   0        26 110
 8  71  40  56  15   9   0    T    M    M 16.5 33 190   M    M   3 1      39 190
 9  67  32  50   8  15   0 0.00    M    M 24.0 37 360   M    M   4 18     45 360
10  36  19  28 -14  37   0 0.03    M    M 27.3 45 350   M    M   5 1289   55 350
11  60  17  39  -3  26   0 0.00    M    M  8.9 17 360   M    M   3        22 340
12  52  31  42   0  23   0 0.02    M    M 10.8 22  10   M    M   5        29 350
13  67  25  46   3  19   0 0.00    M    M  9.5 26 210   M    M   0        32 220
14  76  35  56  13   9   0 0.00    M    M  7.8 17 340   M    M   0        24  10
15  84  39  62  19   3   0 0.00    M    M  8.1 20 280   M    M   0        23 270
16  57  31  44   0  21   0 0.00    M    M 19.2 33  30   M    M   1        40  30
17  52  24  38  -6  27   0 0.01    M    M 11.6 30 150   M    M   3        36 150
18  55  28  42  -2  23   0 0.00    M    M  9.9 24 350   M    M   0        30 360
19  56  25  41  -3  24   0 0.00    M    M 13.2 28 360   M    M   0        32 360
20  53  22  38  -7  27   0 0.00    M    M 15.3 24 140   M    M   0        30 180
21  55  26  41  -4  24   0 0.00    M    M 12.7 25 110   M    M   2        33 140
22  56  20  38  -7  27   0 0.00    M    M  8.6 22 120   M    M   3 12     26 120
23  35  24  30 -16  35   0 0.01    M    M 18.5 31 360   M    M  10 16     37 360
24  35  12  24 -22  41   0    T    M    M 13.6 30 360   M    M   2 1      36 360
25  36  14  25 -21  40   0 0.00    M    M 14.9 26 340   M    M   0        33 310
26  60  10  35 -11  30   0 0.00    M    M 14.7 31 200   M    M   0        37 200
27  61  28  45  -2  20   0 0.00    M    M 12.0 22 140   M    M   0        28 140
28  66  32  49   2  16   0 0.00    M    M  8.8 15 130   M    M   0        20 140
29  71  36  54   7  11   0 0.00    M    M 10.0 21 140   M    M   1 18     29 140
30  74  39  57   9   8   0    T    M    M 12.7 33  10   M    M   2 12     41  10
31  66  37  52   4  13   0 0.01    M    M  8.1 25 360   M    M   0 1      31 350
================================================================================
SM 1747  803       649   0 0.08    M     401.1          M       52
================================================================================
AV 58.2 26.8                              12.9 FASTST   M    M   2      MAX(MPH)
                                 MISC ---->    45 350                     55 350
================================================================================
NOTES:
# LAST OF SEVERAL OCCURRENCES

COLUMN 17 PEAK WIND IN M.P.H.

PRELIMINARY LOCAL CLIMATOLOGICAL DATA (WS FORM: F-6) , PAGE 2

                                          STATION:  GARDEN CITY REGIONAL ARPT KS
                                          MONTH:    MARCH
                                          YEAR:     2013
                                          LATITUDE:   37 55 N
                                          LONGITUDE: 100 43 W

[TEMPERATURE DATA]      [PRECIPITATION DATA]       SYMBOLS USED IN COLUMN 16

AVERAGE MONTHLY: 42.5   TOTAL FOR MONTH:   0.08    1 = FOG OR MIST
DPTR FM NORMAL:  -1.1   DPTR FM NORMAL:   -1.38    2 = FOG REDUCING VISIBILITY
HIGHEST:    84 ON 15    GRTST 24HR  0.03 ON 10-10      TO 1/4 MILE OR LESS
LOWEST:     10 ON 26                               3 = THUNDER
                        SNOW, ICE PELLETS, HAIL    4 = ICE PELLETS
                        TOTAL MONTH:    M          5 = HAIL
                        GRTST 24HR    M  ON   M    6 = FREEZING RAIN OR DRIZZLE
                        GRTST DEPTH:  M  ON   M    7 = DUSTSTORM OR SANDSTORM:
                                                       VSBY 1/2 MILE OR LESS
                                                   8 = SMOKE OR HAZE
[NO. OF DAYS WITH]      [WEATHER - DAYS WITH]      9 = BLOWING SNOW
                                                   X = TORNADO
MAX 32 OR BELOW:   0    0.01 INCH OR MORE:   5
MAX 90 OR ABOVE:   0    0.10 INCH OR MORE:   0
MIN 32 OR BELOW:  24    0.50 INCH OR MORE:   0
MIN  0 OR BELOW:   0    1.00 INCH OR MORE:   0

[HDD (BASE 65) ]
TOTAL THIS MO.   649    CLEAR  (SCALE 0-3)  26
DPTR FM NORMAL   -15    PTCLDY (SCALE 4-7)   4
TOTAL FM JUL 1  4550    CLOUDY (SCALE 8-10)  1
DPTR FM NORMAL  -138

[CDD (BASE 65) ]
TOTAL THIS MO.     0
DPTR FM NORMAL     0    [PRESSURE DATA]
TOTAL FM JAN 1     0    HIGHEST SLP 30.44 ON 26
DPTR FM NORMAL     0    LOWEST  SLP 29.42 ON  9

[REMARKS]
#FINAL-03-13#
