000
CXUS53 KDDC 011447
CF6GCK
PRELIMINARY LOCAL CLIMATOLOGICAL DATA (WS FORM: F-6)

                                          STATION:   GARDEN CITY REGIONAL ARPT KS
                                          MONTH:     FEBRUARY
                                          YEAR:      2013
                                          LATITUDE:   37 55 N
                                          LONGITUDE: 100 43 W

  TEMPERATURE IN F:       :PCPN:    SNOW:  WIND      :SUNSHINE: SKY     :PK WND
================================================================================
1   2   3   4   5  6A  6B    7    8   9   10  11  12  13   14  15   16   17  18
                                     12Z  AVG MX 2MIN
DY MAX MIN AVG DEP HDD CDD  WTR  SNW DPTH SPD SPD DIR MIN PSBL S-S WX    SPD DR
================================================================================

 1  45  15  30  -2  35   0 0.00    M    M  9.1 23 190   M    M   0        26 180
 2  56  25  41   9  24   0 0.00    M    M  8.5 17 310   M    M   0        22 300
 3  56  27  42  10  23   0 0.00    M    M  9.2 25 150   M    M   0        31 150
 4  55  29  42  10  23   0 0.00    M    M  9.0 23 350   M    M   0        29 360
 5  61  26  44  12  21   0 0.00    M    M  8.4 20  10   M    M   0        23  10
 6  66  28  47  14  18   0 0.00    M    M 11.0 25 190   M    M   1 128    31 180
 7  54  29  42   9  23   0 0.00    M    M 15.6 33 360   M    M   2        40  20
 8  53  24  39   6  26   0 0.00    M    M 15.0 31 190   M    M   0        37 190
 9  58  32  45  12  20   0 0.00    M    M 20.9 35 150   M    M   1        44 150
10  46  25  36   2  29   0 0.00    M    M 21.9 41 330   M    M   2 1      52 330
11  42  17  30  -4  35   0 0.00    M    M  8.0 18  10   M    M   1        22  10
12  46  19  33  -1  32   0 0.00    M    M  5.4 13 330   M    M   4        16 330
13  55  16  36   2  29   0 0.00    M    M  8.8 17 280   M    M   0        24 280
14  45  26  36   2  29   0    T    M    M 12.2 31  10   M    M   6        36  10
15  42  13  28  -7  37   0 0.00    M    M  7.3 29 360   M    M   4        32 360
16  63  14  39   4  26   0 0.00    M    M  9.4 24 320   M    M   1        36 310
17  71  19  45  10  20   0 0.00    M    M  9.6 21 180   M    M   0        25 190
18  49  22  36   0  29   0 0.00    M    M 21.0 36 350   M    M   2        46 340
19  49  12  31  -5  34   0 0.00    M    M 14.1 25 130   M    M   0        32 120
20  34  28  31  -5  34   0 0.17    M    M 24.8 33 140   M    M   9 126    40 140
21  29   5  17 -19  48   0 0.04    M    M 17.5 26  30   M    M   9 128    30 120
22  28   1  15 -22  50   0 0.00    M    M  6.8 17 330   M    M   0 1      20 330
23  35  11  23 -14  42   0 0.00    M    M  9.3 17 180   M    M   1 16     20 180
24  29  17  23 -14  42   0    T    M    M 13.5 30  10   M    M   7 126    35  10
25  32  20  26 -12  39   0    T    M    M 25.4 38  10   M    M   8 18     43  10
26  35  13  24 -14  41   0 0.00    M    M 10.1 16 340   M    M   0        18 330
27  38  20  29  -9  36   0 0.00    M    M 14.7 37 350   M    M   1        43 350
28  43  22  33  -6  32   0 0.00    M    M 10.2 17 350   M    M   1        22 330
================================================================================
SM 1315  555       877   0 0.21    M     356.7          M       60
================================================================================
AV 47.0 19.8                              12.7 FASTST   M    M   2      MAX(MPH)
                                 MISC ---->    41 330                     52 330
================================================================================
NOTES:
# LAST OF SEVERAL OCCURRENCES

COLUMN 17 PEAK WIND IN M.P.H.

PRELIMINARY LOCAL CLIMATOLOGICAL DATA (WS FORM: F-6) , PAGE 2

                                          STATION:  GARDEN CITY REGIONAL ARPT KS
                                          MONTH:    FEBRUARY
                                          YEAR:     2013
                                          LATITUDE:   37 55 N
                                          LONGITUDE: 100 43 W

[TEMPERATURE DATA]      [PRECIPITATION DATA]       SYMBOLS USED IN COLUMN 16

AVERAGE MONTHLY: 33.4   TOTAL FOR MONTH:   0.21    1 = FOG OR MIST
DPTR FM NORMAL:  -1.4   DPTR FM NORMAL:   -0.33    2 = FOG REDUCING VISIBILITY
HIGHEST:    71 ON 17    GRTST 24HR  0.19 ON 20-21      TO 1/4 MILE OR LESS
LOWEST:      1 ON 22                               3 = THUNDER
                        SNOW, ICE PELLETS, HAIL    4 = ICE PELLETS
                        TOTAL MONTH:    M          5 = HAIL
                        GRTST 24HR    M  ON   M    6 = FREEZING RAIN OR DRIZZLE
                        GRTST DEPTH:  M  ON   M    7 = DUSTSTORM OR SANDSTORM:
                                                       VSBY 1/2 MILE OR LESS
                                                   8 = SMOKE OR HAZE
[NO. OF DAYS WITH]      [WEATHER - DAYS WITH]      9 = BLOWING SNOW
                                                   X = TORNADO
MAX 32 OR BELOW:   4    0.01 INCH OR MORE:   2
MAX 90 OR ABOVE:   0    0.10 INCH OR MORE:   1
MIN 32 OR BELOW:  28    0.50 INCH OR MORE:   0
MIN  0 OR BELOW:   0    1.00 INCH OR MORE:   0

[HDD (BASE 65) ]
TOTAL THIS MO.   877    CLEAR  (SCALE 0-3)  21
DPTR FM NORMAL    33    PTCLDY (SCALE 4-7)   5
TOTAL FM JUL 1  3901    CLOUDY (SCALE 8-10)  2
DPTR FM NORMAL  -123

[CDD (BASE 65) ]
TOTAL THIS MO.     0
DPTR FM NORMAL     0    [PRESSURE DATA]
TOTAL FM JAN 1     0    HIGHEST SLP 30.45 ON 15
DPTR FM NORMAL     0    LOWEST  SLP 29.37 ON  9

[REMARKS]
#FINAL-02-13#
