000
CXUS53 KDDC 011544
CF6GCK
PRELIMINARY LOCAL CLIMATOLOGICAL DATA (WS FORM: F-6)

                                          STATION:   GARDEN CITY REGIONAL ARPT KS
                                          MONTH:     NOVEMBER
                                          YEAR:      2017
                                          LATITUDE:   37 55 N
                                          LONGITUDE: 100 43 W

  TEMPERATURE IN F:       :PCPN:    SNOW:  WIND      :SUNSHINE: SKY     :PK WND
================================================================================
1   2   3   4   5  6A  6B    7    8   9   10  11  12  13   14  15   16   17  18
                                     12Z  AVG MX 2MIN
DY MAX MIN AVG DEP HDD CDD  WTR  SNW DPTH SPD SPD DIR MIN PSBL S-S WX    SPD DR
================================================================================

 1  78  30  54   5  11   0 0.00    M    M  9.3 17 220   M    M   0        22 210
 2  53  32  43  -5  22   0    T    M    M 16.1 36  20   M    M   3        45  20
 3  44  29  37 -11  28   0 0.00    M    M  8.8 16  50   M    M   6 18     20  50
 4  57  32  45  -2  20   0 0.00    M    M  7.0 13 180   M    M   5 128    17 180
 5  48  28  38  -9  27   0 0.00    M    M 11.1 28  10   M    M   6 1      35  10
 6  43  26  35 -11  30   0 0.00    M    M  7.5 13  80   M    M   8 1      15  90
 7  40  23  32 -14  33   0    T    M    M 11.2 20  20   M    M   7        25  30
 8  51  20  36  -9  29   0 0.00    M    M  7.3 18 200   M    M   2        25 200
 9  49  23  36  -9  29   0 0.00    M    M 12.4 25  50   M    M   0        32  40
10  52  28  40  -4  25   0 0.00    M    M 15.4 23 140   M    M   8 1      31 150
11  56  45  51   7  14   0 0.00    M    M 10.9 20 350   M    M  10 1      28 150
12  55  32  44   1  21   0 0.00    M    M  7.5 14 340   M    M   5 1      18 340
13  67  34  51   8  14   0 0.00    M    M 12.2 23 190   M    M   4 12     30 190
14  72  45  59  17   6   0 0.00    M    M 10.6 20  10   M    M   5 12     27 360
15  57  35  46   4  19   0 0.00    M    M 11.4 32  20   M    M   0        42  20
16  66  31  49   8  16   0 0.00    M    M 17.4 32 190   M    M   0 8      42 200
17  79  43  61  20   4   0 0.00    M    M 13.6 25 360   M    M   0        35 360
18  52  22  37  -3  28   0 0.01    M    M 18.7 37 320   M    M   3 8      51 330
19  61  18  40   0  25   0 0.00    M    M  8.9 18 210   M    M   0        24 220
20  68  20  44   5  21   0 0.00    M    M  8.1 17 220   M    M   0        22 220
21  53  24  39   0  26   0 0.00    M    M 14.0 36  30   M    M   0        46  20
22  61  19  40   2  25   0 0.00    M    M  9.7 21 200   M    M   0        27 200
23  73  38  56  18   9   0 0.00    M    M  8.4 13 330   M    M   0        17 210
24  75  33  54  16  11   0    T    M    M 10.4 23  50   M    M   1        33  50
25  62  31  47  10  18   0 0.00    M    M  8.5 14 190   M    M   0        18 150
26  72  32  52  15  13   0 0.00    M    M  7.4 12 200   M    M   0        17 200
27  77  36  57  21   8   0 0.00    M    M 11.4 26 190   M    M   0 8      33 190
28  56  28  42   6  23   0 0.00    M    M 22.2 38  20   M    M   0        49  20
29  58  19  39   4  26   0 0.00    M    M  8.8 21 190   M    M   0        27 200
30  52  23  38   3  27   0 0.00    M    M  8.9 18 360   M    M   0        26  10
================================================================================
SM 1787  879       608   0 0.01    M     335.1          M       73
================================================================================
AV 59.6 29.3                              11.2 FASTST   M    M   2      MAX(MPH)
                                 MISC ---->    38  20                     51 330
================================================================================
NOTES:
# LAST OF SEVERAL OCCURRENCES

COLUMN 17 PEAK WIND IN M.P.H.

PRELIMINARY LOCAL CLIMATOLOGICAL DATA (WS FORM: F-6) , PAGE 2

                                          STATION:  GARDEN CITY REGIONAL ARPT KS
                                          MONTH:    NOVEMBER
                                          YEAR:     2017
                                          LATITUDE:   37 55 N
                                          LONGITUDE: 100 43 W

[TEMPERATURE DATA]      [PRECIPITATION DATA]       SYMBOLS USED IN COLUMN 16

AVERAGE MONTHLY: 44.5   TOTAL FOR MONTH:   0.01    1 = FOG OR MIST
DPTR FM NORMAL:   2.8   DPTR FM NORMAL:   -0.54    2 = FOG REDUCING VISIBILITY
HIGHEST:    79 ON 17    GRTST 24HR  0.06 ON 31- 1      TO 1/4 MILE OR LESS
LOWEST:     18 ON 19                               3 = THUNDER
                        SNOW, ICE PELLETS, HAIL    4 = ICE PELLETS
                        TOTAL MONTH:    M          5 = HAIL
                        GRTST 24HR    M  ON   M    6 = FREEZING RAIN OR DRIZZLE
                        GRTST DEPTH:  M  ON   M    7 = DUSTSTORM OR SANDSTORM:
                                                       VSBY 1/2 MILE OR LESS
                                                   8 = SMOKE OR HAZE
[NO. OF DAYS WITH]      [WEATHER - DAYS WITH]      9 = BLOWING SNOW
                                                   X = TORNADO
MAX 32 OR BELOW:   0    0.01 INCH OR MORE:   1
MAX 90 OR ABOVE:   0    0.10 INCH OR MORE:   0
MIN 32 OR BELOW:  22    0.50 INCH OR MORE:   0
MIN  0 OR BELOW:   0    1.00 INCH OR MORE:   0

[HDD (BASE 65) ]
TOTAL THIS MO.   608    CLEAR  (SCALE 0-3)  20
DPTR FM NORMAL   -91    PTCLDY (SCALE 4-7)   8
TOTAL FM JUL 1   956    CLOUDY (SCALE 8-10)  2
DPTR FM NORMAL  -133

[CDD (BASE 65) ]
TOTAL THIS MO.     0
DPTR FM NORMAL     0    [PRESSURE DATA]
TOTAL FM JAN 1  1373    HIGHEST SLP 30.45 ON 30
DPTR FM NORMAL    75    LOWEST  SLP 29.41 ON 17

[REMARKS]
#FINAL-11-17#
