000
CXUS53 KDDC 021615
CF6GCK
PRELIMINARY LOCAL CLIMATOLOGICAL DATA (WS FORM: F-6)

                                          STATION:   GARDEN CITY REGIONAL ARPT KS
                                          MONTH:     SEPTEMBER
                                          YEAR:      2017
                                          LATITUDE:   37 55 N
                                          LONGITUDE: 100 43 W

  TEMPERATURE IN F:       :PCPN:    SNOW:  WIND      :SUNSHINE: SKY     :PK WND
================================================================================
1   2   3   4   5  6A  6B    7    8   9   10  11  12  13   14  15   16   17  18
                                     12Z  AVG MX 2MIN
DY MAX MIN AVG DEP HDD CDD  WTR  SNW DPTH SPD SPD DIR MIN PSBL S-S WX    SPD DR
================================================================================

 1  90  57  74   0   0   9 1.07    M    M 13.5 39 100   M    M   1 13     48  30
 2  89  60  75   1   0  10 0.00    M    M  7.2 15 170   M    M   1 18     18 180
 3  93  59  76   3   0  11 0.00    M    M  9.0 20 190   M    M   0 18     25 210
 4  89  58  74   1   0   9 0.00    M    M 11.6 23  40   M    M   0 18     28  40
 5  73  50  62 -10   3   0 0.00    M    M  8.1 15  50   M    M   5 8      21  30
 6  81  43  62 -10   3   0 0.00    M    M  6.0 12 130   M    M   0        16 130
 7  87  53  70  -2   0   5 0.00    M    M 11.8 24 180   M    M   0        33 190
 8  91  59  75   4   0  10 0.00    M    M 14.0 23 180   M    M   0        29 180
 9  87  57  72   1   0   7 0.00    M    M 16.7 28 190   M    M   0        34 180
10  87  58  73   2   0   8 0.00    M    M 16.1 31 190   M    M   0        37 190
11  89  54  72   2   0   7 0.00    M    M  9.8 18 140   M    M   0        26 140
12  88  56  72   2   0   7 0.00    M    M  6.9 13 130   M    M   0        17 180
13  94  56  75   6   0  10 0.00    M    M  9.0 18 180   M    M   0        31 240
14  97  64  81  12   0  16 0.00    M    M 12.9 25 180   M    M   0        31 180
15  98  64  81  13   0  16    T    M    M 14.5 29 210   M    M   0 3      36 210
16  82  59  71   3   0   6 0.00    M    M 13.9 23  60   M    M   1        28  50
17  66  52  59  -9   6   0 0.01    M    M 11.0 25  40   M    M   5 18     30  50
18  87  56  72   5   0   7 0.02    M    M 12.1 28 210   M    M   0 1      34 220
19  98  62  80  13   0  15 0.00    M    M 15.0 36 200   M    M   0 1      46 190
20  84  51  68   2   0   3 0.00    M    M 12.1 25  20   M    M   0        31  20
21  97  50  74   8   0   9 0.00    M    M 15.2 35 190   M    M   0        43 180
22  95  71  83  18   0  18 0.00    M    M 22.3 35 200   M    M   1        42 190
23  89  64  77  12   0  12 0.28    M    M 16.3 32 180   M    M   2 1      39 170
24  77  60  69   5   0   4 1.22    M    M 10.3 25 220   M    M   8 13     31 220
25  67  51  59  -5   6   0 1.96    M    M 13.8 22 360   M    M  10 13     26 350
26  58  48  53 -11  12   0 0.00    M    M 10.3 18 360   M    M   8 1      25  10
27  71  49  60  -3   5   0 0.00    M    M  8.5 20 100   M    M   5        22 100
28  66  51  59  -4   6   0 0.05    M    M  5.5 10 350   M    M   8        14 110
29  64  51  58  -4   7   0 0.10    M    M  5.6 20 280   M    M   9 1      23 280
30  74  54  64   2   1   0 0.00    M    M 16.6 26 180   M    M   9        33 180
================================================================================
SM 2508 1677        49 199 4.71    M     355.6          M       73
================================================================================
AV 83.6 55.9                              11.9 FASTST   M    M   2      MAX(MPH)
                                 MISC ---->    39 100                     48  30
================================================================================
NOTES:
# LAST OF SEVERAL OCCURRENCES

COLUMN 17 PEAK WIND IN M.P.H.

PRELIMINARY LOCAL CLIMATOLOGICAL DATA (WS FORM: F-6) , PAGE 2

                                          STATION:  GARDEN CITY REGIONAL ARPT KS
                                          MONTH:    SEPTEMBER
                                          YEAR:     2017
                                          LATITUDE:   37 55 N
                                          LONGITUDE: 100 43 W

[TEMPERATURE DATA]      [PRECIPITATION DATA]       SYMBOLS USED IN COLUMN 16

AVERAGE MONTHLY: 69.8   TOTAL FOR MONTH:   4.71    1 = FOG OR MIST
DPTR FM NORMAL:   1.6   DPTR FM NORMAL:    3.24    2 = FOG REDUCING VISIBILITY
HIGHEST:    98 ON 19,15 GRTST 24HR  1.96 ON 25-25      TO 1/4 MILE OR LESS
LOWEST:     43 ON  6                               3 = THUNDER
                                                   4 = ICE PELLETS
                                                   5 = HAIL
                                                   6 = FREEZING RAIN OR DRIZZLE
                                                   7 = DUSTSTORM OR SANDSTORM:
                                                       VSBY 1/2 MILE OR LESS
                                                   8 = SMOKE OR HAZE
[NO. OF DAYS WITH]      [WEATHER - DAYS WITH]      9 = BLOWING SNOW
                                                   X = TORNADO
MAX 32 OR BELOW:   0    0.01 INCH OR MORE:   8
MAX 90 OR ABOVE:   9    0.10 INCH OR MORE:   5
MIN 32 OR BELOW:   0    0.50 INCH OR MORE:   3
MIN  0 OR BELOW:   0    1.00 INCH OR MORE:   3

[HDD (BASE 65) ]
TOTAL THIS MO.    49    CLEAR  (SCALE 0-3)  21
DPTR FM NORMAL   -19    PTCLDY (SCALE 4-7)   5
TOTAL FM JUL 1    49    CLOUDY (SCALE 8-10)  4
DPTR FM NORMAL   -23

[CDD (BASE 65) ]
TOTAL THIS MO.   199
DPTR FM NORMAL    37    [PRESSURE DATA]
TOTAL FM JAN 1  1346    HIGHEST SLP 30.31 ON 29
DPTR FM NORMAL    68    LOWEST  SLP 29.46 ON 19

[REMARKS]
#FINAL-09-17#
