000
CXUS53 KDDC 050332
CF6GCK
PRELIMINARY LOCAL CLIMATOLOGICAL DATA (WS FORM: F-6)

                                          STATION:   GARDEN CITY REGIONAL ARPT KS
                                          MONTH:     JUNE
                                          YEAR:      2014
                                          LATITUDE:   37 55 N
                                          LONGITUDE: 100 43 W

  TEMPERATURE IN F:       :PCPN:    SNOW:  WIND      :SUNSHINE: SKY     :PK WND
================================================================================
1   2   3   4   5  6A  6B    7    8   9   10  11  12  13   14  15   16   17  18
                                     12Z  AVG MX 2MIN
DY MAX MIN AVG DEP HDD CDD  WTR  SNW DPTH SPD SPD DIR MIN PSBL S-S WX    SPD DR
================================================================================

 1  95  65  80  12   0  15 0.14    M    M 19.2 38 260   M    M   0 3      52 260
 2  85  63  74   5   0   9 0.00    M    M  9.1 22 360   M    M   5 1      25  10
 3  99  66  83  14   0  18 0.34    M    M 19.2 49 350   M    M   0 138    59 350
 4  80  60  70   1   0   5 0.00    M    M 16.7 29  20   M    M   4 18     33  20
 5  85  60  73   3   0   8 0.00    M    M 10.4 32 340   M    M   2 13     40 310
 6  86  57  72   2   0   7 0.43    M    M 13.5 32  30   M    M   2 13     39  30
 7  75  56  66  -4   0   1 0.16    M    M 11.2 21 360   M    M   6 13     27 340
 8  73  56  65  -6   0   0 0.96    M    M 12.2 25 270   M    M   9 138    30 270
 9  59  51  55 -16  10   0 0.50    M    M 24.3 37 360   M    M   8 1      47 320
10  79  49  64  -7   1   0 0.00    M    M  9.0 16 350   M    M   2 18     20 350
11  92  57  75   3   0  10    T    M    M 16.8 51 360   M    M   1 38     67 360
12  74  58  66  -6   0   1 0.00    M    M 13.7 25  10   M    M   1        29  40
13  83  50  67  -5   0   2 0.00    M    M 19.2 31 180   M    M   2        41 200
14  96  60  78   6   0  13 0.19    M    M 22.7 41 230   M    M   1 3      55 230
15  83  51  67  -6   0   2 0.00    M    M 10.6 22 150   M    M   0        28 150
16  97  69  83  10   0  18 0.00    M    M 21.9 38 210   M    M   0 1      47 210
17  98  71  85  11   0  20 0.00    M    M 20.0 31 190   M    M   0 8      40 200
18  94  71  83   9   0  18    T    M    M 20.3 37 140   M    M   0 3      46 150
19  87  60  74   0   0   9 0.00    M    M 12.7 26 360   M    M   1        33 360
20  94  66  80   6   0  15 0.00    M    M 15.0 28 180   M    M   0        38 200
21  93  63  78   3   0  13 0.00    M    M 15.4 29 180   M    M   0        39 180
22  94  61  78   3   0  13 1.76    M    M 11.7 41 340   M    M   3 138    50 320
23  82  61  72  -3   0   7 0.00    M    M  8.3 17 100   M    M   2        21  40
24  83  56  70  -5   0   5 1.79    M    M 12.5 68  20   M    M  10 13     85  20
25  85  59  72  -4   0   7 0.00    M    M 11.4 20 210   M    M   M        30 250
26  88  64  76   0   0  11 0.00    M    M 16.1 28 190   M    M   M        38 200
27  86  65  76   0   0  11    T    M    M 20.4 35 180   M    M   1 138    47 190
28  83  56  70  -6   0   5 4.37    M    M 10.7 43 340   M    M   3 138    58 330
29  90  70  80   3   0  15 0.00    M    M 12.0 22 260   M    M   5 18     28 160
30  93  68  81   4   0  16 0.24    M    M 15.2 25  30   M    M   2 13     40 350
================================================================================
SM 2591 1819        11 274 10.88   M     451.4          M       70
================================================================================
AV 86.4 60.6                              15.0 FASTST   M    M   3      MAX(MPH)
                                 MISC ---->    68  20                     85  20
================================================================================
NOTES:
# LAST OF SEVERAL OCCURRENCES

COLUMN 17 PEAK WIND IN M.P.H.

PRELIMINARY LOCAL CLIMATOLOGICAL DATA (WS FORM: F-6) , PAGE 2

                                          STATION:  GARDEN CITY REGIONAL ARPT KS
                                          MONTH:    JUNE
                                          YEAR:     2014
                                          LATITUDE:   37 55 N
                                          LONGITUDE: 100 43 W

[TEMPERATURE DATA]      [PRECIPITATION DATA]       SYMBOLS USED IN COLUMN 16

AVERAGE MONTHLY: 73.5   TOTAL FOR MONTH:  10.88    1 = FOG OR MIST
DPTR FM NORMAL:   0.7   DPTR FM NORMAL:    7.40    2 = FOG REDUCING VISIBILITY
HIGHEST:    99 ON  3    GRTST 24HR  4.37 ON 27-28      TO 1/4 MILE OR LESS
LOWEST:     49 ON 10                               3 = THUNDER
                        SNOW, ICE PELLETS, HAIL    4 = ICE PELLETS
                        TOTAL MONTH:   M           5 = HAIL
                        GRTST 24HR     M           6 = FREEZING RAIN OR DRIZZLE
                        GRTST DEPTH:   M           7 = DUSTSTORM OR SANDSTORM:
                                                       VSBY 1/2 MILE OR LESS
                                                   8 = SMOKE OR HAZE
[NO. OF DAYS WITH]      [WEATHER - DAYS WITH]      9 = BLOWING SNOW
                                                   X = TORNADO
MAX 32 OR BELOW:   0    0.01 INCH OR MORE:  11
MAX 90 OR ABOVE:  12    0.10 INCH OR MORE:  11
MIN 32 OR BELOW:   0    0.50 INCH OR MORE:   5
MIN  0 OR BELOW:   0    1.00 INCH OR MORE:   3

[HDD (BASE 65) ]
TOTAL THIS MO.    11    CLEAR  (SCALE 0-3)  21
DPTR FM NORMAL    -5    PTCLDY (SCALE 4-7)   5
TOTAL FM JUL 1  5398    CLOUDY (SCALE 8-10)  2
DPTR FM NORMAL   191

[CDD (BASE 65) ]
TOTAL THIS MO.   274
DPTR FM NORMAL    22    [PRESSURE DATA]
TOTAL FM JAN 1   417    HIGHEST SLP 30.09 ON 12
DPTR FM NORMAL    76    LOWEST  SLP 29.34 ON 14

[REMARKS]
#FINAL-06-14#
