000
CXUS53 KDDC 020048
CF6GCK
PRELIMINARY LOCAL CLIMATOLOGICAL DATA (WS FORM: F-6)

                                          STATION:   GARDEN CITY REGIONAL ARPT KS
                                          MONTH:     MAY
                                          YEAR:      2017
                                          LATITUDE:   37 55 N
                                          LONGITUDE: 100 43 W

  TEMPERATURE IN F:       :PCPN:    SNOW:  WIND      :SUNSHINE: SKY     :PK WND
================================================================================
1   2   3   4   5  6A  6B    7    8   9   10  11  12  13   14  15   16   17  18
                                     12Z  AVG MX 2MIN
DY MAX MIN AVG DEP HDD CDD  WTR  SNW DPTH SPD SPD DIR MIN PSBL S-S WX    SPD DR
================================================================================

 1   M   M   M   M   M   M 0.00    M    M 11.4 17 310   M    M   0         M  M
 2  61  47  54  -5  11   0 0.31    M    M 11.8 18  40   M    M   3        31  50
 3  55  39  47 -12  18   0 0.08    M    M 11.8 36 330   M    M   7 18     42 330
 4  67  37  52  -7  13   0 0.00    M    M 10.8 18 360   M    M   0        26 340
 5  77  37  57  -3   8   0 0.00    M    M  7.5 15 220   M    M   0        19 200
 6  83  46  65   5   0   0 0.00    M    M 11.1 22 150   M    M   0        28 150
 7  88  56  72  12   0   7 0.00    M    M 17.4 35 190   M    M   0        45 190
 8  85  52  69   8   0   4 0.00    M    M 13.3 26 150   M    M   0 8      41 140
 9  82  50  66   5   0   1    T    M    M 11.1 36 280   M    M   3        43 280
10  77  52  65   4   0   0 0.07    M    M 11.5 29 320   M    M   3 13     35 350
11  62  46  54  -8  11   0 0.08    M    M 16.3 31  10   M    M   7 13     39 360
12  72  41  57  -5   8   0 0.00    M    M  9.3 16  40   M    M   0        21  30
13  83  42  63   1   2   0 0.00    M    M 18.3 31 180   M    M   0        42 170
14  91  52  72   9   0   7 0.00    M    M  8.4 22 180   M    M   0 8      31 180
15  92  65  79  16   0  14    T    M    M 21.2 48 190   M    M   0 38     62 190
16  85  59  72   9   0   7 0.11    M    M 13.4 30 140   M    M   1 13     37 140
17  79  48  64   0   1   0 0.00    M    M 14.0 33 340   M    M   3 3      42 340
18  70  50  60  -4   5   0 0.01    M    M 20.2 32  30   M    M   6 1      41  60
19  60  45  53 -11  12   0 0.27    M    M 16.1 25  10   M    M  10 1      30  20
20  62  37  50 -15  15   0 0.00    M    M 15.6 28 320   M    M   6        35 320
21  71  38  55 -10  10   0    T    M    M  8.3 18 130   M    M   7 3      22 130
22  69  49  59  -6   6   0 0.02    M    M  8.6 28 350   M    M   4 3      46 360
23  66  39  53 -13  12   0    T    M    M 14.8 25 360   M    M   5        34 340
24  76  35  56 -10   9   0 0.00    M    M  9.0 18 150   M    M   0        25 150
25  91  49  70   4   0   5 0.01    M    M 14.9 38  30   M    M   0 3      45  30
26  81  50  66   0   0   1 0.00    M    M 15.0 26 360   M    M   0        33 360
27  76  54  65  -2   0   0 0.05    M    M 15.5 28 330   M    M   6 8      37 330
28  80  47  64  -3   1   0 0.00    M    M 11.0 21 330   M    M   1        27 340
29  80  46  63  -4   2   0 0.07    M    M  9.7 30 260   M    M   1 3      38 270
30  82  49  66  -2   0   1 0.00    M    M  5.5 13 210   M    M   0 1      16 230
31  89  52  71   3   0   6    T    M    M  9.0 26 190   M    M   2        33 190
================================================================================
SM 2292 1409       144  53 1.08    M     391.8          M       75
================================================================================
AV 76.4 47.0                              12.6 FASTST   M    M   2      MAX(MPH)
                                 MISC ---->    48 190                     62 190
================================================================================
NOTES:
# LAST OF SEVERAL OCCURRENCES

COLUMN 17 PEAK WIND IN M.P.H.

PRELIMINARY LOCAL CLIMATOLOGICAL DATA (WS FORM: F-6) , PAGE 2

                                          STATION:  GARDEN CITY REGIONAL ARPT KS
                                          MONTH:    MAY
                                          YEAR:     2017
                                          LATITUDE:   37 55 N
                                          LONGITUDE: 100 43 W

[TEMPERATURE DATA]      [PRECIPITATION DATA]       SYMBOLS USED IN COLUMN 16

AVERAGE MONTHLY: 61.7   TOTAL FOR MONTH:   1.08    1 = FOG OR MIST
DPTR FM NORMAL:  -1.6   DPTR FM NORMAL:   -1.80    2 = FOG REDUCING VISIBILITY
HIGHEST:    92 ON 15    GRTST 24HR  0.31 ON  2- 2      TO 1/4 MILE OR LESS
LOWEST:     35 ON 24                               3 = THUNDER
                                                   4 = ICE PELLETS
                                                   5 = HAIL
                                                   6 = FREEZING RAIN OR DRIZZLE
                                                   7 = DUSTSTORM OR SANDSTORM:
                                                       VSBY 1/2 MILE OR LESS
                                                   8 = SMOKE OR HAZE
[NO. OF DAYS WITH]      [WEATHER - DAYS WITH]      9 = BLOWING SNOW
                                                   X = TORNADO
MAX 32 OR BELOW:   0    0.01 INCH OR MORE:  11
MAX 90 OR ABOVE:   3    0.10 INCH OR MORE:   3
MIN 32 OR BELOW:   0    0.50 INCH OR MORE:   0
MIN  0 OR BELOW:   0    1.00 INCH OR MORE:   0

[HDD (BASE 65) ]
TOTAL THIS MO.   144    CLEAR  (SCALE 0-3)  22
DPTR FM NORMAL    15    PTCLDY (SCALE 4-7)   8
TOTAL FM JUL 1  4431    CLOUDY (SCALE 8-10)  1
DPTR FM NORMAL  -760

[CDD (BASE 65) ]
TOTAL THIS MO.    53
DPTR FM NORMAL   -24    [PRESSURE DATA]
TOTAL FM JAN 1    90    HIGHEST SLP 30.23 ON  4
DPTR FM NORMAL     1    LOWEST  SLP 29.26 ON 17

[REMARKS]
#FINAL-05-17#
