000
CXUS53 KDDC 311200
CF6GCK
PRELIMINARY LOCAL CLIMATOLOGICAL DATA (WS FORM: F-6)

                                          STATION:   GARDEN CITY REGIONAL ARPT KS
                                          MONTH:     DECEMBER
                                          YEAR:      2012
                                          LATITUDE:   37 55 N
                                          LONGITUDE: 100 43 W

  TEMPERATURE IN F:       :PCPN:    SNOW:  WIND      :SUNSHINE: SKY     :PK WND
================================================================================
1   2   3   4   5  6A  6B    7    8   9   10  11  12  13   14  15   16   17  18
                                     12Z  AVG MX 2MIN
DY MAX MIN AVG DEP HDD CDD  WTR  SNW DPTH SPD SPD DIR MIN PSBL S-S WX    SPD DR
================================================================================

 1  65  34  50  15  15   0 0.00    M    M  8.2 24 360   M    M   0 1      29 360
 2  68  33  51  17  14   0 0.00    M    M  8.9 21 150   M    M   0        26 150
 3  66  35  51  17  14   0 0.00    M    M 15.1 37  10   M    M   2        46  10
 4  59  23  41   7  24   0 0.00    M    M  7.6 13 150   M    M   0        15 150
 5  62  32  47  14  18   0 0.00    M    M 14.2 31 200   M    M   0        39 200
 6  55  30  43  10  22   0 0.00    M    M 14.4 35  20   M    M   2        40  20
 7  51  26  39   6  26   0 0.00    M    M  4.8 15  30   M    M   3        18  30
 8  47  19  33   1  32   0    T    M    M  7.5 20 180   M    M   1 126    25 170
 9  32  12  22 -10  43   0    T    M    M 20.3 35 350   M    M   8 12     40 350
10  42  -2  20 -12  45   0 0.00    M    M  8.6 21 230   M    M   0        24 240
11  44  13  29  -3  36   0 0.00    M    M  8.1 14 220   M    M   2        17 180
12  53  17  35   3  30   0 0.00    M    M 11.8 22 220   M    M   0        25 220
13  63  22  43  11  22   0 0.00    M    M  7.2 15 190   M    M   0        20 160
14  52  30  41  10  24   0 0.53    M    M 12.6 32 210   M    M   5 1      44 210
15  54  32  43  12  22   0 0.01    M    M  9.3 25 300   M    M   3 1      32 290
16  44  30  37   6  28   0    T    M    M  9.0 18  40   M    M   3 12     23  50
17  53  24  39   8  26   0    T    M    0 10.2 22 230   M    M   2 12     26 210
18  55  28  42  11  23   0 0.00    M    M  9.9 20 360   M    M   0        23 350
19  51  25  38   7  27   0 0.08    M    M 19.9 48 350   M    M   5 1268   60 360
20  38  15  27  -4  38   0    T    M    M 13.2 33 330   M    M   1 18     43 330
21  51  20  36   5  29   0 0.00    M    M  6.4 13 320   M    M   0        15 150
22  52  18  35   4  30   0 0.00    M    M  8.1 15 340   M    M   0        17 340
23  36  16  26  -5  39   0 0.00    M    M  6.5 13 320   M    M   0        17 320
24  31  13  22  -9  43   0 0.00    M    M 13.8 28  60   M    M   0        33  60
25  15   4  10 -21  55   0    T    M    M 21.0 35  30   M    M   8 18     41  30
26  22  -2  10 -21  55   0 0.00    M    M 11.0 25 150   M    M   0        31 150
27  21   7  14 -16  51   0 0.00    M    M 11.8 22 160   M    M   6        31 150
28  30   8  19 -11  46   0 0.00    M    M 11.1 20 340   M    M   3        23 330
29  43  11  27  -3  38   0 0.00    M    M  9.9 17 250   M    M   0        22 230
30  43  26  35   5  30   0 0.00    M    M 13.5 23 180   M    M   1        30 200
================================================================================
SM 1398  599       945   0  0.62    M    333.9          M       55
================================================================================
AV 46.6 20.0                              11.1 FASTST   M    M   2    MAX(MPH)
                                 MISC ---->  # 48 350               # 60  360
================================================================================
NOTES:
# LAST OF SEVERAL OCCURRENCES

COLUMN 17 PEAK WIND IN M.P.H.

PRELIMINARY LOCAL CLIMATOLOGICAL DATA (WS FORM: F-6) , PAGE 2

                                          STATION:  GARDEN CITY REGIONAL ARPT KS
                                          MONTH:    DECEMBER
                                          YEAR:     2012
                                          LATITUDE:   37 55 N
                                          LONGITUDE: 100 43 W

[TEMPERATURE DATA]      [PRECIPITATION DATA]       SYMBOLS USED IN COLUMN 16

AVERAGE MONTHLY: 33.3   TOTAL FOR MONTH:   0.62    1 = FOG OR MIST
DPTR FM NORMAL:   1.6   DPTR FM NORMAL:    0.11    2 = FOG REDUCING VISIBILITY
HIGHEST:    68 ON  2    GRTST 24HR  0.54 ON 14-15      TO 1/4 MILE OR LESS
LOWEST:     -2 ON 26,10                            3 = THUNDER
                        SNOW, ICE PELLETS, HAIL    4 = ICE PELLETS
                        TOTAL MONTH:    M          5 = HAIL
                        GRTST 24HR    M  ON   M    6 = FREEZING RAIN OR DRIZZLE
                        GRTST DEPTH:   0           7 = DUSTSTORM OR SANDSTORM:
                                                       VSBY 1/2 MILE OR LESS
                                                   8 = SMOKE OR HAZE
[NO. OF DAYS WITH]      [WEATHER - DAYS WITH]      9 = BLOWING SNOW
                                                   X = TORNADO
MAX 32 OR BELOW:   6    0.01 INCH OR MORE:   3
MAX 90 OR ABOVE:   0    0.10 INCH OR MORE:   1
MIN 32 OR BELOW:  27    0.50 INCH OR MORE:   1
MIN  0 OR BELOW:   2    1.00 INCH OR MORE:   0

[HDD (BASE 65) ]
TOTAL THIS MO.   945    CLEAR  (SCALE 0-3)  23
DPTR FM NORMAL   -49    PTCLDY (SCALE 4-7)   6
TOTAL FM JUL 1  1925    CLOUDY (SCALE 8-10)  1
DPTR FM NORMAL  -158

[CDD (BASE 65) ]
TOTAL THIS MO.     0
DPTR FM NORMAL     0    [PRESSURE DATA]
TOTAL FM JAN 1  1643    HIGHEST SLP M ON M
DPTR FM NORMAL   345    LOWEST  SLP 29.36 ON M

[REMARKS]
