000
CXUS53 KDDC 011410
CF6GCK
PRELIMINARY LOCAL CLIMATOLOGICAL DATA (WS FORM: F-6)

                                          STATION:   GARDEN CITY REGIONAL ARPT KS
                                          MONTH:     JULY
                                          YEAR:      2012
                                          LATITUDE:   37 55 N
                                          LONGITUDE: 100 43 W

  TEMPERATURE IN F:       :PCPN:    SNOW:  WIND      :SUNSHINE: SKY     :PK WND
================================================================================
1   2   3   4   5  6A  6B    7    8   9   10  11  12  13   14  15   16   17  18
                                     12Z  AVG MX 2MIN
DY MAX MIN AVG DEP HDD CDD  WTR  SNW DPTH SPD SPD DIR MIN PSBL S-S WX    SPD DR
================================================================================

 1  95  65  80   3   0  15 0.00    M    M 12.4 35 120   M    M   0        46 110
 2  97  73  85   8   0  20 0.00    M    M 15.4 28 160   M    M   0        41 180
 3  97  68  83   6   0  18 0.00    M    M 13.4 25 180   M    M   0        33 190
 4 100  74  87   9   0  22 0.00    M    M 16.8 29 180   M    M   1        36 180
 5  99  73  86   8   0  21 0.00    M    M 14.5 26 190   M    M   1        35 150
 6  99  69  84   6   0  19 0.00    M    M 11.2 24 190   M    M   0        37 190
 7 100  68  84   6   0  19 0.00    M    M  6.9 23  70   M    M   2        26  70
 8  90  68  79   1   0  14 0.02    M    M 12.1 25  60   M    M   3 3      31  50
 9  77  65  71  -7   0   6 0.68    M    M 11.6 25 270   M    M   8 13     31 280
10  85  65  75  -3   0  10 0.00    M    M  6.3 13 120   M    M   7        16  30
11  88  60  74  -4   0   9 0.00    M    M  4.6 10  30   M    M   0        17 150
12  93  62  78   0   0  13 0.00    M    M  5.9 14 140   M    M   0        18 200
13  97  67  82   4   0  17 0.07    M    M  9.2 21 180   M    M   0 3      24 180
14  99  67  83   5   0  18 0.00    M    M 11.0 22 190   M    M   0        35 180
15  98  69  84   6   0  19 0.00    M    M 13.8 25 200   M    M   0        32 190
16  97  68  83   5   0  18 0.00    M    M 13.0 23 150   M    M   0        29 140
17 100  67  84   6   0  19 0.00    M    M 10.7 21 180   M    M   0        29 140
18 100  68  84   5   0  19 0.00    M    M  7.1 15 190   M    M   1        21 200
19 103  68  86   7   0  21 0.00    M    M  7.9 21  90   M    M   0        25  90
20 103  65  84   5   0  19 0.00    M    M  6.9 20 140   M    M   0        25 140
21 102  71  87   8   0  22 0.00    M    M 10.5 20 150   M    M   0        26 190
22 100  67  84   5   0  19 0.00    M    M  9.7 18 170   M    M   0        25 150
23  98  68  83   4   0  18 0.00    M    M 10.0 20 180   M    M   0        26 150
24 102  71  87   9   0  22 0.00    M    M 16.5 29 220   M    M   0        38 190
25 103  66  85   7   0  20 1.29    M    M 11.3 49  20   M    M   1 13     60  20
26  93  67  80   2   0  15 0.00    M    M  9.5 17  70   M    M   0 1      22  70
27  98  66  82   4   0  17 0.00    M    M  7.2 17 150   M    M   1 18     23 120
28  99  69  84   6   0  19 0.00    M    M 11.5 24 200   M    M   0        36 180
29 102  73  88  10   0  23 0.00    M    M 13.3 23 240   M    M   0        30 230
30  97  68  83   5   0  18 0.00    M    M 11.6 24 240   M    M   0        36 250
31  99  73  86   8   0  21 0.00    M    M  7.5 23  30   M    M   0        28  30
================================================================================
SM 3010 2108         0 550 2.06    M     329.3          M       25
================================================================================
AV 97.1 68.0                              10.6 FASTST   M    M   1      MAX(MPH)
                                 MISC ---->    49  20                     60  20
================================================================================
NOTES:
# LAST OF SEVERAL OCCURRENCES

COLUMN 17 PEAK WIND IN M.P.H.

PRELIMINARY LOCAL CLIMATOLOGICAL DATA (WS FORM: F-6) , PAGE 2

                                          STATION:  GARDEN CITY REGIONAL ARPT KS
                                          MONTH:    JULY
                                          YEAR:     2012
                                          LATITUDE:   37 55 N
                                          LONGITUDE: 100 43 W

[TEMPERATURE DATA]      [PRECIPITATION DATA]       SYMBOLS USED IN COLUMN 16

AVERAGE MONTHLY: 82.6   TOTAL FOR MONTH:   2.06    1 = FOG OR MIST
DPTR FM NORMAL:   4.4   DPTR FM NORMAL:   -0.72    2 = FOG REDUCING VISIBILITY
HIGHEST:   103 ON 25,20 GRTST 24HR  1.29 ON 25-25      TO 1/4 MILE OR LESS
LOWEST:     60 ON 11                               3 = THUNDER
                        SNOW, ICE PELLETS, HAIL    4 = ICE PELLETS
                        TOTAL MONTH:    M          5 = HAIL
                        GRTST 24HR    M  ON   M    6 = FREEZING RAIN OR DRIZZLE
                        GRTST DEPTH:  M  ON   M    7 = DUSTSTORM OR SANDSTORM:
                                                       VSBY 1/2 MILE OR LESS
                                                   8 = SMOKE OR HAZE
[NO. OF DAYS WITH]      [WEATHER - DAYS WITH]      9 = BLOWING SNOW
                                                   X = TORNADO
MAX 32 OR BELOW:   0    0.01 INCH OR MORE:   4
MAX 90 OR ABOVE:  28    0.10 INCH OR MORE:   2
MIN 32 OR BELOW:   0    0.50 INCH OR MORE:   2
MIN  0 OR BELOW:   0    1.00 INCH OR MORE:   1

[HDD (BASE 65) ]
TOTAL THIS MO.     0    CLEAR  (SCALE 0-3)  29
DPTR FM NORMAL    -1    PTCLDY (SCALE 4-7)   1
TOTAL FM JUL 1     0    CLOUDY (SCALE 8-10)  1
DPTR FM NORMAL    -1

[CDD (BASE 65) ]
TOTAL THIS MO.   550
DPTR FM NORMAL   140    [PRESSURE DATA]
TOTAL FM JAN 1  1152    HIGHEST SLP 30.16 ON 10
DPTR FM NORMAL   401    LOWEST  SLP 29.58 ON 25

[REMARKS]
#FINAL-07-12#
