000
CXUS53 KDDC 041442
CF6GCK
PRELIMINARY LOCAL CLIMATOLOGICAL DATA (WS FORM: F-6)

                                          STATION:   GARDEN CITY REGIONAL ARPT KS
                                          MONTH:     AUGUST
                                          YEAR:      2012
                                          LATITUDE:   37 55 N
                                          LONGITUDE: 100 43 W

  TEMPERATURE IN F:       :PCPN:    SNOW:  WIND      :SUNSHINE: SKY     :PK WND
================================================================================
1   2   3   4   5  6A  6B    7    8   9   10  11  12  13   14  15   16   17  18
                                     12Z  AVG MX 2MIN
DY MAX MIN AVG DEP HDD CDD  WTR  SNW DPTH SPD SPD DIR MIN PSBL S-S WX    SPD DR
================================================================================

 1 103  67  85   7   0  20 0.00    M    M  7.4 15  60   M    M   0        18  80
 2  97  73  85   7   0  20 0.00    M    M 12.3 20  80   M    M   0        24  80
 3  97  67  82   4   0  17 0.24    M    M 11.5 55 180   M    M   1 1      72 190
 4  82  63  73  -5   0   8    T    M    M 14.2 31  20   M    M   1 3      36  10
 5  89  58  74  -4   0   9 0.00    M    M  8.8 17 130   M    M   0        24 130
 6 100  66  83   5   0  18 0.00    M    M 10.9 20 210   M    M   0        32 210
 7  98  68  83   5   0  18    T    M    M 10.6 33 320   M    M   1 3      43 320
 8  99  62  81   3   0  16 0.00    M    M  6.8 20 350   M    M   0        24 350
 9  92  65  79   1   0  14 0.00    M    M 12.0 20  30   M    M   0        24  30
10  88  55  72  -6   0   7 0.00    M    M  8.3 15 120   M    M   0        21 120
11  97  67  82   4   0  17 0.08    M    M 15.8 29 180   M    M   0 3      37 180
12  92  65  79   2   0  14 0.00    M    M 12.4 25  10   M    M   0        32  10
13  91  54  73  -4   0   8 0.04    M    M  8.3 18 280   M    M   1        24 280
14  85  63  74  -3   0   9 0.03    M    M 11.1 23 140   M    M   3        26 130
15  94  59  77   0   0  12 0.00    M    M  8.6 23  10   M    M   2 128    28  10
16  78  60  69  -8   0   4 0.00    M    M 16.0 28  30   M    M   0        35  30
17  83  53  68  -9   0   3 0.00    M    M  8.4 16 140   M    M   2        21 150
18  86  58  72  -5   0   7 0.06    M    M 14.0 35  30   M    M   2 3      59  20
19  81  49  65 -12   0   0 0.00    M    M  9.6 18  50   M    M   0        25  60
20  86  52  69  -7   0   4    T    M    M 10.3 21 150   M    M   1        31 140
21  88  58  73  -3   0   8 0.00    M    M  8.8 21 140   M    M   0        32 140
22  90  59  75  -1   0  10 0.00    M    M 14.5 25 190   M    M   0 18     33 170
23  94  66  80   4   0  15 0.00    M    M 16.9 28 160   M    M   1 18     38 170
24  92  66  79   3   0  14 0.13    M    M 11.0 25 260   M    M   3 13     33 260
25  83  63  73  -3   0   8 0.00    M    M  6.0 16  50   M    M   2        22  50
26  91  59  75   0   0  10 0.00    M    M  6.1 14 150   M    M   0 18     17 150
27  93  62  78   3   0  13 0.00    M    M  8.4 16 150   M    M   0 1      22 150
28  93  59  76   1   0  11 0.00    M    M 10.3 20 190   M    M   0        24 190
29  94  57  76   1   0  11 0.00    M    M  9.5 20 200   M    M   0        24 210
30  96  58  77   3   0  12 0.00    M    M  8.4 16 140   M    M   0        23 180
31  95  59  77   3   0  12 0.00    M    M  6.8 21 110   M    M   0 8      24 110
================================================================================
SM 2827 1890         0 349 0.58    M     324.0          M       20
================================================================================
AV 91.2 61.0                              10.5 FASTST   M    M   1      MAX(MPH)
                                 MISC ---->    55 180                     72 190
================================================================================
NOTES:
# LAST OF SEVERAL OCCURRENCES

COLUMN 17 PEAK WIND IN M.P.H.

PRELIMINARY LOCAL CLIMATOLOGICAL DATA (WS FORM: F-6) , PAGE 2

                                          STATION:  GARDEN CITY REGIONAL ARPT KS
                                          MONTH:    AUGUST
                                          YEAR:     2012
                                          LATITUDE:   37 55 N
                                          LONGITUDE: 100 43 W

[TEMPERATURE DATA]      [PRECIPITATION DATA]       SYMBOLS USED IN COLUMN 16

AVERAGE MONTHLY: 76.1   TOTAL FOR MONTH:   0.58    1 = FOG OR MIST
DPTR FM NORMAL:  -0.6   DPTR FM NORMAL:   -1.87    2 = FOG REDUCING VISIBILITY
HIGHEST:   103 ON  1    GRTST 24HR  0.24 ON  2- 3      TO 1/4 MILE OR LESS
LOWEST:     49 ON 19                               3 = THUNDER
                        SNOW, ICE PELLETS, HAIL    4 = ICE PELLETS
                        TOTAL MONTH:    M          5 = HAIL
                        GRTST 24HR    M  ON   M    6 = FREEZING RAIN OR DRIZZLE
                        GRTST DEPTH:  M  ON   M    7 = DUSTSTORM OR SANDSTORM:
                                                       VSBY 1/2 MILE OR LESS
                                                   8 = SMOKE OR HAZE
[NO. OF DAYS WITH]      [WEATHER - DAYS WITH]      9 = BLOWING SNOW
                                                   X = TORNADO
MAX 32 OR BELOW:   0    0.01 INCH OR MORE:   6
MAX 90 OR ABOVE:  20    0.10 INCH OR MORE:   2
MIN 32 OR BELOW:   0    0.50 INCH OR MORE:   0
MIN  0 OR BELOW:   0    1.00 INCH OR MORE:   0

[HDD (BASE 65) ]
TOTAL THIS MO.     0    CLEAR  (SCALE 0-3)  31
DPTR FM NORMAL    -3    PTCLDY (SCALE 4-7)   0
TOTAL FM JUL 1     0    CLOUDY (SCALE 8-10)  0
DPTR FM NORMAL    -4

[CDD (BASE 65) ]
TOTAL THIS MO.   349
DPTR FM NORMAL   -16    [PRESSURE DATA]
TOTAL FM JAN 1  1501    HIGHEST SLP 30.24 ON  5
DPTR FM NORMAL   385    LOWEST  SLP 29.61 ON 24

[REMARKS]
#FINAL-08-12#
