000
CXUS53 KDDC 011515
CF6GCK
PRELIMINARY LOCAL CLIMATOLOGICAL DATA (WS FORM: F-6)
STATION: GARDEN CITY REGIONAL ARPT KS
MONTH: APRIL
YEAR: 2022
LATITUDE: 37 55 N
LONGITUDE: 100 43 W
TEMPERATURE IN F: :PCPN: SNOW: WIND :SUNSHINE: SKY :PK WND
================================================================================
1 2 3 4 5 6A 6B 7 8 9 10 11 12 13 14 15 16 17 18
12Z AVG MX 2MIN
DY MAX MIN AVG DEP HDD CDD WTR SNW DPTH SPD SPD DIR MIN PSBL S-S WX SPD DR
================================================================================
1 64 30 47 -2 18 0 T M M 15.3 33 210 M M 3 43 220
2 68 23 46 -3 19 0 0.00 M M 11.7 23 190 M M 0 33 180
3 67 38 53 3 12 0 0.00 M M 19.1 37 20 M M 2 46 30
4 65 38 52 2 13 0 0.00 M M 10.8 18 170 M M 4 26 170
5 81 39 60 10 5 0 0.00 M M 20.3 38 20 M M 0 1 50 30
6 58 35 47 -3 18 0 0.00 M M 23.8 45 330 M M 5 8 58 320
7 57 34 46 -4 19 0 0.00 M M 27.3 46 340 M M 1 62 340
8 60 29 45 -6 20 0 0.00 M M 15.9 29 330 M M 0 39 340
9 84 30 57 6 8 0 0.00 M M 10.4 17 150 M M 0 26 140
10 67 43 55 4 10 0 0.00 M M 18.4 44 340 M M 1 55 340
11 69 34 52 1 13 0 0.00 M M 16.0 31 140 M M 1 44 140
12 88 47 68 16 0 3 0.00 M M 30.8 44 220 M M 1 78 60 210
13 50 27 39 -13 26 0 0.00 M M 14.0 32 20 M M 4 7 44 30
14 67 17 42 -10 23 0 0.00 M M 13.6 28 200 M M 0 39 200
15 62 37 50 -2 15 0 0.00 M M 13.4 29 50 M M 0 41 40
16 55 29 42 -11 23 0 0.00 M M 16.0 24 100 M M 3 33 100
17 71 37 54 1 11 0 0.00 M M 8.0 23 340 M M 3 35 330
18 59 35 47 -6 18 0 0.00 M M 12.1 25 50 M M 2 1 34 50
19 70 39 55 2 10 0 0.00 M M 24.2 40 190 M M 1 53 190
20 77 50 64 10 1 0 0.00 M M 16.0 37 360 M M 0 48 360
21 86 46 66 12 0 1 0.00 M M 13.6 28 120 M M 3 35 120
22 88 66 77 23 0 12 0.01 M M 31.6 49 180 M M 1 378 74 150
23 77 44 61 6 4 0 0.11 M M 17.9 48 180 M M 1 13 69 180
24 67 34 51 -4 14 0 0.00 M M 13.5 28 340 M M 1 43 340
25 60 28 44 -11 21 0 0.00 M M 9.2 20 360 M M 4 26 10
26 74 35 55 -1 10 0 0.00 M M 18.8 36 190 M M 2 48 200
27 86 50 68 12 0 3 0.00 M M 18.9 31 190 M M 1 3 38 130
28 80 50 65 9 0 0 0.00 M M 13.9 26 150 M M 1 1 38 140
29 87 50 69 12 0 4 0.00 M M 18.4 52 350 M M 1 378 65 350
30 71 47 59 2 6 0 0.00 M M 19.3 36 330 M M 0 48 340
================================================================================
SM 2115 1141 337 23 0.12 M 512.2 M 46
================================================================================
AV 70.5 38.0 17.1 FASTST M M 2 MAX(MPH)
MISC ----> 52 350 74 150
================================================================================
NOTES:
# LAST OF SEVERAL OCCURRENCES
COLUMN 17 PEAK WIND IN M.P.H.
PRELIMINARY LOCAL CLIMATOLOGICAL DATA (WS FORM: F-6) , PAGE 2
STATION: GARDEN CITY REGIONAL ARPT KS
MONTH: APRIL
YEAR: 2022
LATITUDE: 37 55 N
LONGITUDE: 100 43 W
[TEMPERATURE DATA] [PRECIPITATION DATA] SYMBOLS USED IN COLUMN 16
AVERAGE MONTHLY: 54.3 TOTAL FOR MONTH: 0.12 1 = FOG OR MIST
DPTR FM NORMAL: 1.6 DPTR FM NORMAL: -1.34 2 = FOG REDUCING VISIBILITY
HIGHEST: 88 ON 22,12 GRTST 24HR 0.12 ON 22-23 TO 1/4 MILE OR LESS
LOWEST: 17 ON 14 3 = THUNDER
4 = ICE PELLETS
5 = HAIL
6 = FREEZING RAIN OR DRIZZLE
7 = DUSTSTORM OR SANDSTORM:
VSBY 1/2 MILE OR LESS
8 = SMOKE OR HAZE
[NO. OF DAYS WITH] [WEATHER - DAYS WITH] 9 = BLOWING SNOW
X = TORNADO
MAX 32 OR BELOW: 0 0.01 INCH OR MORE: 2
MAX 90 OR ABOVE: 0 0.10 INCH OR MORE: 1
MIN 32 OR BELOW: 8 0.50 INCH OR MORE: 0
MIN 0 OR BELOW: 0 1.00 INCH OR MORE: 0
[HDD (BASE 65) ]
TOTAL THIS MO. 337 CLEAR (SCALE 0-3) 24
DPTR FM NORMAL -42 PTCLDY (SCALE 4-7) 6
TOTAL FM JUL 1 4663 CLOUDY (SCALE 8-10) 0
DPTR FM NORMAL -362
[CDD (BASE 65) ]
TOTAL THIS MO. 23
DPTR FM NORMAL 13 [PRESSURE DATA]
TOTAL FM JAN 1 23 HIGHEST SLP 30.43 ON 18
DPTR FM NORMAL 12 LOWEST SLP 29.17 ON 12
[REMARKS]
#FINAL-04-22#