000
CXUS53 KDDC 011417
CF6GCK
PRELIMINARY LOCAL CLIMATOLOGICAL DATA (WS FORM: F-6)

                                          STATION:   GARDEN CITY REGIONAL ARPT KS
                                          MONTH:     APRIL
                                          YEAR:      2012
                                          LATITUDE:   37 55 N
                                          LONGITUDE: 100 43 W

  TEMPERATURE IN F:       :PCPN:    SNOW:  WIND      :SUNSHINE: SKY     :PK WND
================================================================================
1   2   3   4   5  6A  6B    7    8   9   10  11  12  13   14  15   16   17  18
                                     12Z  AVG MX 2MIN
DY MAX MIN AVG DEP HDD CDD  WTR  SNW DPTH SPD SPD DIR MIN PSBL S-S WX    SPD DR
================================================================================

 1  93  55  74  26   0   9 0.00    M    M 15.4 36 200   M    M   0 1      43 200
 2  75  42  59  11   6   0 0.89    M    M 17.6 39  10   M    M   2 13     47  20
 3  46  40  43  -6  22   0 0.58    M    M 20.1 40 350   M    M   8 13     51 350
 4  51  44  48  -1  17   0    T    M    M 11.6 20 360   M    M  10 1      23  10
 5  59  45  52   3  13   0 0.00    M    M  7.7 16 110   M    M  10        18 100
 6  60  49  55   5  10   0 0.00    M    M 16.0 23 150   M    M   9 1      31 150
 7  61  43  52   2  13   0 0.00    M    M 16.1 35 360   M    M   3 1      44 360
 8  69  35  52   2  13   0 0.00    M    M 11.6 23 210   M    M   0        29 190
 9  64  46  55   4  10   0 0.00    M    M 10.0 17  80   M    M   7 12     21  90
10  56  45  51   0  14   0    T    M    M 12.0 20 110   M    M  10 18     24 110
11  56  48  52   1  13   0 0.49    M    M 18.0 28 130   M    M   9 13     32 130
12  73  49  61   9   4   0 0.01    M    M 21.9 36 190   M    M   7 12     45 190
13  69  43  56   4   9   0 0.00    M    M  8.2 18 300   M    M   0        23 300
14  78  50  64  12   1   0 0.58    M    M 16.7 35 210   M    M   7 123    44 200
15  57  42  50  -3  15   0 0.01    M    M 18.7 38 330   M    M   4        47 320
16  64  34  49  -4  16   0    T    M    M  8.6 29 230   M    M   3        41 210
17  73  38  56   3   9   0    T    M    M 14.0 28 200   M    M   1 12     36 190
18  76  44  60   6   5   0 0.00    M    M  9.2 20 150   M    M   0        25 150
19  71  49  60   6   5   0 0.00    M    M 16.2 36 360   M    M   0        43 340
20  64  41  53  -1  12   0 0.00    M    M 12.2 24  10   M    M   2        30  20
21  75  41  58   3   7   0 0.00    M    M 13.4 30  10   M    M   0        36  10
22  66  44  55   0  10   0 0.00    M    M 10.5 24  30   M    M   1        29  40
23  80  39  60   4   5   0 0.00    M    M 11.0 24 190   M    M   0        32 190
24  95  42  69  13   0   4 0.00    M    M  8.6 40 320   M    M   0 78     49 320
25  92  50  71  15   0   6 0.00    M    M  9.2 18  40   M    M   0        23  40
26  83  60  72  15   0   7 0.06    M    M 15.0 31 110   M    M   4        38 110
27  75  50  63   6   2   0 0.08    M    M 20.5 40 280   M    M   2 13     49 280
28  66  43  55  -2  10   0 0.00    M    M 13.9 24  40   M    M   1        30  40
29  74  50  62   4   3   0 0.33    M    M  8.8 37 290   M    M   4 135    43 280
30  71  48  60   2   5   0 0.07    M    M  9.4 17  70   M    M   4 123    22  80
================================================================================
SM 2092 1349       249  26 3.10    M     402.1          M      108
================================================================================
AV 69.7 45.0                              13.4 FASTST   M    M   4      MAX(MPH)
                                 MISC ---->    40 350                     51 350
================================================================================
NOTES:
# LAST OF SEVERAL OCCURRENCES

COLUMN 17 PEAK WIND IN M.P.H.

PRELIMINARY LOCAL CLIMATOLOGICAL DATA (WS FORM: F-6) , PAGE 2

                                          STATION:  GARDEN CITY REGIONAL ARPT KS
                                          MONTH:    APRIL
                                          YEAR:     2012
                                          LATITUDE:   37 55 N
                                          LONGITUDE: 100 43 W

[TEMPERATURE DATA]      [PRECIPITATION DATA]       SYMBOLS USED IN COLUMN 16

AVERAGE MONTHLY: 57.4   TOTAL FOR MONTH:   3.10    1 = FOG OR MIST
DPTR FM NORMAL:   4.4   DPTR FM NORMAL:    1.38    2 = FOG REDUCING VISIBILITY
HIGHEST:    95 ON 24    GRTST 24HR  1.40 ON  2- 3      TO 1/4 MILE OR LESS
LOWEST:     34 ON 16                               3 = THUNDER
                        SNOW, ICE PELLETS, HAIL    4 = ICE PELLETS
                        TOTAL MONTH:    M          5 = HAIL
                        GRTST 24HR    M  ON   M    6 = FREEZING RAIN OR DRIZZLE
                        GRTST DEPTH:  M  ON   M    7 = DUSTSTORM OR SANDSTORM:
                                                       VSBY 1/2 MILE OR LESS
                                                   8 = SMOKE OR HAZE
[NO. OF DAYS WITH]      [WEATHER - DAYS WITH]      9 = BLOWING SNOW
                                                   X = TORNADO
MAX 32 OR BELOW:   0    0.01 INCH OR MORE:  10
MAX 90 OR ABOVE:   3    0.10 INCH OR MORE:   5
MIN 32 OR BELOW:   0    0.50 INCH OR MORE:   3
MIN  0 OR BELOW:   0    1.00 INCH OR MORE:   0

[HDD (BASE 65) ]
TOTAL THIS MO.   249    CLEAR  (SCALE 0-3)  17
DPTR FM NORMAL  -125    PTCLDY (SCALE 4-7)   8
TOTAL FM JUL 1  4481    CLOUDY (SCALE 8-10)  5
DPTR FM NORMAL  -581

[CDD (BASE 65) ]
TOTAL THIS MO.    26
DPTR FM NORMAL    14    [PRESSURE DATA]
TOTAL FM JAN 1    41    HIGHEST SLP 30.39 ON  8
DPTR FM NORMAL    29    LOWEST  SLP 29.27 ON 14

[REMARKS]
#FINAL-04-12#
