000
CXUS53 KDDC 021356
CF6GCK
PRELIMINARY LOCAL CLIMATOLOGICAL DATA (WS FORM: F-6)

                                          STATION:   GARDEN CITY REGIONAL ARPT KS
                                          MONTH:     MARCH
                                          YEAR:      2012
                                          LATITUDE:   37 55 N
                                          LONGITUDE: 100 43 W

  TEMPERATURE IN F:       :PCPN:    SNOW:  WIND      :SUNSHINE: SKY     :PK WND
================================================================================
1   2   3   4   5  6A  6B    7    8   9   10  11  12  13   14  15   16   17  18
                                     12Z  AVG MX 2MIN
DY MAX MIN AVG DEP HDD CDD  WTR  SNW DPTH SPD SPD DIR MIN PSBL S-S WX    SPD DR
================================================================================

 1  65  31  48   9  17   0 0.00    M    M 16.0 31  30   M    M   1        37  30
 2  50  25  38  -1  27   0 0.00    M    M 13.3 23 360   M    M   3        31 360
 3  50  16  33  -7  32   0 0.00    M    M 13.2 31 330   M    M   2        51 320
 4  67  27  47   7  18   0 0.00    M    M 13.4 32 360   M    M   0        45 350
 5  76  29  53  13  12   0 0.00    M    M 18.5 39 210   M    M   0 7      46 200
 6  82  33  58  17   7   0 0.00    M    M 17.6 41 190   M    M   0 78     48 190
 7  59  37  48   7  17   0 0.00    M    M 18.5 33 200   M    M   1        43 200
 8  50  26  38  -3  27   0 0.00    M    M 13.8 26  40   M    M   2        35  30
 9  58  17  38  -4  27   0 0.00    M    M  8.0 15 220   M    M   0        22 200
10  61  26  44   2  21   0 0.19    M    M 13.1 26 200   M    M   4 1      33 200
11  46  37  42   0  23   0 0.01    M    M 10.4 16 200   M    M   7 1      21 180
12  77  32  55  13  10   0 0.00    M    M  9.5 18 190   M    M   0 1      24 200
13  84  35  60  17   5   0 0.00    M    M 13.1 29 210   M    M   0        36 220
14  82  33  58  15   7   0 0.00    M    M 11.3 20  50   M    M   0        24  40
15  78  43  61  18   4   0 0.00    M    M  7.4 16 180   M    M   4 12     21  30
16  86  41  64  20   1   0 0.00    M    M 12.4 28 180   M    M   0 1      36 180
17  86  52  69  25   0   4 0.00    M    M 19.3 35 180   M    M   0 18     41 180
18  79  55  67  23   0   2    T    M    M 24.2 37 150   M    M   1 137    49 150
19  66  37  52   8  13   0 0.05    M    M 16.1 36 180   M    M   5 3      44 180
20  55  28  42  -3  23   0 0.06    M    M 10.7 35  30   M    M   5 1      40  30
21  50  40  45   0  20   0 1.59    M    M 15.7 37 360   M    M  10 1      47 360
22  52  35  44  -1  21   0 0.01    M    M  9.4 24 140   M    M   5 12     29 140
23  66  35  51   5  14   0 0.00    M    M  5.0  9 150   M    M   0 1      12 180
24  77  40  59  13   6   0 0.00    M    M  9.8 21 120   M    M   0        23 120
25  83  49  66  20   0   1 0.00    M    M 13.2 24 170   M    M   0 1      30 170
26  82  55  69  23   0   4 0.00    M    M 22.3 39 180   M    M   0        47 190
27  74  47  61  14   4   0 0.00    M    M 15.3 33  50   M    M   0        40  50
28  79  47  63  16   2   0 0.00    M    M  7.8 17 130   M    M   2        21 130
29  79  45  62  15   3   0 0.00    M    M 15.2 28 360   M    M   0        36 350
30  77  42  60  12   5   0 0.00    M    M  6.5 15 210   M    M   1        17 210
31  86  51  69  21   0   4 0.00    M    M 12.7 24 200   M    M   0 18     30 190
================================================================================
SM 2162 1146       366  15 1.91    M     412.7          M       53
================================================================================
AV 69.7 37.0                              13.3 FASTST   M    M   2    MAX(MPH)
                                 MISC ---->    41 190                     51 320
================================================================================
NOTES:
# LAST OF SEVERAL OCCURRENCES

COLUMN 17 PEAK WIND IN M.P.H.

PRELIMINARY LOCAL CLIMATOLOGICAL DATA (WS FORM: F-6) , PAGE 2

                                          STATION:  GARDEN CITY REGIONAL ARPT KS
                                          MONTH:    MARCH
                                          YEAR:     2012
                                          LATITUDE:   37 55 N
                                          LONGITUDE: 100 43 W

[TEMPERATURE DATA]      [PRECIPITATION DATA]       SYMBOLS USED IN COLUMN 16

AVERAGE MONTHLY: 53.4   TOTAL FOR MONTH:   1.91    1 = FOG OR MIST
DPTR FM NORMAL:   9.8   DPTR FM NORMAL:    0.45    2 = FOG REDUCING VISIBILITY
HIGHEST:    86 ON 31,17 GRTST 24HR  1.59 ON 21-21      TO 1/4 MILE OR LESS
LOWEST:     16 ON  3                               3 = THUNDER
                        SNOW, ICE PELLETS, HAIL    4 = ICE PELLETS
                        TOTAL MONTH:    M          5 = HAIL
                        GRTST 24HR    M  ON   M    6 = FREEZING RAIN OR DRIZZLE
                        GRTST DEPTH:  M  ON   M    7 = DUSTSTORM OR SANDSTORM:
                                                       VSBY 1/2 MILE OR LESS
                                                   8 = SMOKE OR HAZE
[NO. OF DAYS WITH]      [WEATHER - DAYS WITH]      9 = BLOWING SNOW
                                                   X = TORNADO
MAX 32 OR BELOW:   0    0.01 INCH OR MORE:   6
MAX 90 OR ABOVE:   0    0.10 INCH OR MORE:   2
MIN 32 OR BELOW:  10    0.50 INCH OR MORE:   1
MIN  0 OR BELOW:   0    1.00 INCH OR MORE:   1

[HDD (BASE 65) ]
TOTAL THIS MO.   366    CLEAR  (SCALE 0-3)  24
DPTR FM NORMAL  -298    PTCLDY (SCALE 4-7)   6
TOTAL FM JUL 1  4232    CLOUDY (SCALE 8-10)  1
DPTR FM NORMAL  -456

[CDD (BASE 65) ]
TOTAL THIS MO.    15
DPTR FM NORMAL    15    [PRESSURE DATA]
TOTAL FM JAN 1    15    HIGHEST SLP 30.63 ON  9
DPTR FM NORMAL    15    LOWEST  SLP 29.43 ON 19

[REMARKS]
#FINAL-03-12#
