000
CXUS53 KDDC 030205
CF6GCK
PRELIMINARY LOCAL CLIMATOLOGICAL DATA (WS FORM: F-6)

                                          STATION:   GARDEN CITY REGIONAL ARPT KS
                                          MONTH:     JUNE
                                          YEAR:      2012
                                          LATITUDE:   37 55 N
                                          LONGITUDE: 100 43 W

  TEMPERATURE IN F:       :PCPN:    SNOW:  WIND      :SUNSHINE: SKY     :PK WND
================================================================================
1   2   3   4   5  6A  6B    7    8   9   10  11  12  13   14  15   16   17  18
                                     12Z  AVG MX 2MIN
DY MAX MIN AVG DEP HDD CDD  WTR  SNW DPTH SPD SPD DIR MIN PSBL S-S WX    SPD DR
================================================================================

 1  85  47  66  -2   0   1 0.00    M    M 14.9 29 130   M    M   1        38 130
 2  89  54  72   3   0   7 0.03    M    M 10.0 31 270   M    M   2 3      40 280
 3  96  60  78   9   0  13 0.00    M    M  8.2 18 220   M    M   0        25  20
 4  94  61  78   9   0  13 0.00    M    M 10.0 25 130   M    M   1 18     40 120
 5  94  60  77   7   0  12 0.00    M    M  8.6 24 120   M    M   1        30  80
 6  86  62  74   4   0   9 0.00    M    M 14.4 31 130   M    M   1        36 130
 7  83  61  72   2   0   7 0.00    M    M 13.9 25 150   M    M   6 1      33 170
 8  85  56  71   0   0   6 0.00    M    M 14.8 26 180   M    M   2 1      32 150
 9  97  64  81  10   0  16 0.00    M    M 22.4 32 180   M    M   0        40 150
10  85  63  74   3   0   9 0.00    M    M 17.0 31  10   M    M   0        39  10
11  87  54  71  -1   0   6 0.00    M    M 11.5 25  30   M    M   0        35  10
12  86  59  73   1   0   8 0.00    M    M 15.2 31 150   M    M   0        43 150
13  91  60  76   4   0  11 0.00    M    M 17.0 30 200   M    M   1        36 200
14  98  63  81   9   0  16 0.21    M    M 17.8 44 270   M    M   3 38     61 270
15  86  62  74   1   0   9 0.00    M    M 11.9 26 130   M    M   1        32 140
16  87  58  73   0   0   8 1.43    M    M  9.1 37 260   M    M   2 13     45 270
17  94  63  79   5   0  14    T    M    M 12.9 25 180   M    M   0 3      32 170
18  97  65  81   7   0  16 0.00    M    M 16.0 28 170   M    M   0        39 180
19  95  70  83   9   0  18 0.00    M    M 22.5 35 180   M    M   0        47 180
20  88  68  78   4   0  13 0.00    M    M 19.6 33 180   M    M   1        43 180
21  84  61  73  -2   0   8 0.03    M    M  9.6 20  60   M    M   6 3      24  60
22  92  61  77   2   0  12 0.00    M    M 17.3 29 150   M    M   3        38 140
23 103  70  87  12   0  22 0.00    M    M 18.5 33 220   M    M   0        41 220
24 105  68  87  12   0  22 0.00    M    M 10.7 20 180   M    M   0        26 180
25 106  64  85   9   0  20 0.00    M    M 10.2 23 190   M    M   0        30 190
26 108  64  86  10   0  21 0.00    M    M 15.4 33 210   M    M   0        39 210
27 109  68  89  13   0  24 0.00    M    M 15.0 32 220   M    M   0        41 210
28 107  70  89  13   0  24    T    M    M 11.4 28 150   M    M   0 8      33 270
29 103  73  88  11   0  23    T    M    M  7.8 18 220   M    M   0 3      23 220
30 104  68  86   9   0  21 0.29    M    M 11.0 45  20   M    M   0 138    59  10
================================================================================
SM 2824 1877         0 409 1.99    M     414.6          M       31
================================================================================
AV 94.1 62.6                              13.8 FASTST   M    M   1      MAX(MPH)
                                 MISC ---->    45  20                     61 270
================================================================================
NOTES:
# LAST OF SEVERAL OCCURRENCES

COLUMN 17 PEAK WIND IN M.P.H.

PRELIMINARY LOCAL CLIMATOLOGICAL DATA (WS FORM: F-6) , PAGE 2

                                          STATION:  GARDEN CITY REGIONAL ARPT KS
                                          MONTH:    JUNE
                                          YEAR:     2012
                                          LATITUDE:   37 55 N
                                          LONGITUDE: 100 43 W

[TEMPERATURE DATA]      [PRECIPITATION DATA]       SYMBOLS USED IN COLUMN 16

AVERAGE MONTHLY: 78.4   TOTAL FOR MONTH:   1.99    1 = FOG OR MIST
DPTR FM NORMAL:   5.6   DPTR FM NORMAL:   -1.49    2 = FOG REDUCING VISIBILITY
HIGHEST:   109 ON 27    GRTST 24HR  1.43 ON 16-16      TO 1/4 MILE OR LESS
LOWEST:     47 ON  1                               3 = THUNDER
                        SNOW, ICE PELLETS, HAIL    4 = ICE PELLETS
                        TOTAL MONTH:    M          5 = HAIL
                        GRTST 24HR    M  ON   M    6 = FREEZING RAIN OR DRIZZLE
                        GRTST DEPTH:  M  ON   M    7 = DUSTSTORM OR SANDSTORM:
                                                       VSBY 1/2 MILE OR LESS
                                                   8 = SMOKE OR HAZE
[NO. OF DAYS WITH]      [WEATHER - DAYS WITH]      9 = BLOWING SNOW
                                                   X = TORNADO
MAX 32 OR BELOW:   0    0.01 INCH OR MORE:   5
MAX 90 OR ABOVE:  18    0.10 INCH OR MORE:   3
MIN 32 OR BELOW:   0    0.50 INCH OR MORE:   1
MIN  0 OR BELOW:   0    1.00 INCH OR MORE:   1

[HDD (BASE 65) ]
TOTAL THIS MO.     0    CLEAR  (SCALE 0-3)  26
DPTR FM NORMAL   -16    PTCLDY (SCALE 4-7)   4
TOTAL FM JUL 1  4530    CLOUDY (SCALE 8-10)  0
DPTR FM NORMAL  -677

[CDD (BASE 65) ]
TOTAL THIS MO.   409
DPTR FM NORMAL   157    [PRESSURE DATA]
TOTAL FM JAN 1   602    HIGHEST SLP 30.17 ON 21
DPTR FM NORMAL   261    LOWEST  SLP 29.43 ON  9

[REMARKS]
#FINAL-06-12#
