000
CXUS53 KDDC 031432
CF6GCK
PRELIMINARY LOCAL CLIMATOLOGICAL DATA (WS FORM: F-6)

                                          STATION:   GARDEN CITY REGIONAL ARPT KS
                                          MONTH:     MAY
                                          YEAR:      2014
                                          LATITUDE:   37 55 N
                                          LONGITUDE: 100 43 W

  TEMPERATURE IN F:       :PCPN:    SNOW:  WIND      :SUNSHINE: SKY     :PK WND
================================================================================
1   2   3   4   5  6A  6B    7    8   9   10  11  12  13   14  15   16   17  18
                                     12Z  AVG MX 2MIN
DY MAX MIN AVG DEP HDD CDD  WTR  SNW DPTH SPD SPD DIR MIN PSBL S-S WX    SPD DR
================================================================================

 1  63  34  49  -9  16   0 0.00    M    M 14.2 29 320   M    M   3        36 310
 2  78  29  54  -5  11   0 0.00    M    M  8.7 16 350   M    M   0        23 340
 3  91  45  68   9   0   3 0.00    M    M  7.4 20 220   M    M   0        25 220
 4  97  48  73  14   0   8 0.00    M    M  9.2 18  30   M    M   0        25 320
 5  85  48  67   7   0   2 0.00    M    M 11.6 18  20   M    M   0        23  10
 6  96  43  70  10   0   5 0.00    M    M 10.6 33 200   M    M   0 18     39 220
 7  93  47  70  10   0   5 0.00    M    M 12.9 37 230   M    M   0 8      48 200
 8  71  50  61   0   4   0 0.00    M    M 15.9 26 310   M    M   0        33 180
 9  77  38  58  -3   7   0 0.00    M    M 11.3 22 200   M    M   2        30 210
10  87  45  66   5   0   1 0.00    M    M 10.9 23 100   M    M   0 8      27 110
11  88  48  68   6   0   3 0.00    M    M 20.0 45 360   M    M   3 8      53 350
12  52  37  45 -17  20   0 0.01    M    M 24.8 40 340   M    M  10 1      47 350
13  61  32  47 -15  18   0 0.00    M    M 15.0 23  10   M    M   3 8      36  10
14  67  36  52 -11  13   0 0.00    M    M 11.5 24 330   M    M   3 8      32 340
15  69  37  53 -10  12   0 0.00    M    M  8.2 24 340   M    M   2        31 340
16  79  42  61  -2   4   0    T    M    M 12.6 33  20   M    M   3        41  30
17  69  39  54 -10  11   0 0.00    M    M 13.3 24 120   M    M   4 18     30 120
18  83  48  66   2   0   1 0.00    M    M 20.7 32 180   M    M   2        41 200
19 100  59  80  16   0  15 0.00    M    M 12.3 24 260   M    M   0        33 150
20  90  46  68   3   0   3 0.00    M    M 10.4 21 340   M    M   0 8      25 330
21  88  58  73   8   0   8    T    M    M 15.5 26  70   M    M   0 18     32  70
22  87  59  73   8   0   8 0.59    M    M 12.4 30 220   M    M   1 138    37 270
23  72  59  66   0   0   1    T    M    M  7.5 21  10   M    M   8        28  10
24  79  57  68   2   0   3 0.00    M    M  8.1 17 150   M    M   4 128    22 150
25  79  58  69   3   0   4 0.04    M    M 11.5 22 190   M    M   1 1      27 110
26  78  55  67   1   0   2 0.05    M    M  6.4 16 150   M    M   5 138    22 140
27  85  55  70   3   0   5 0.00    M    M  5.0 15  70   M    M   0        18  70
28  91  56  74   7   0   9 0.00    M    M  6.2 22 120   M    M   0 18     25 130
29  92  60  76   9   0  11 0.00    M    M  8.4 21 120   M    M   1 8      24 150
30  90  63  77   9   0  12    T    M    M 12.3 22 110   M    M   2 3      28 110
31  90  65  78  10   0  13    T    M    M 10.5 21 210   M    M   3        24 210
================================================================================
SM 2527 1496       116 122 0.69    M     365.3          M       60
================================================================================
AV 81.5 48.3                              11.8 FASTST   M    M   2      MAX(MPH)
                                 MISC ---->    45 360                     53 350
================================================================================
NOTES:
# LAST OF SEVERAL OCCURRENCES

COLUMN 17 PEAK WIND IN M.P.H.

PRELIMINARY LOCAL CLIMATOLOGICAL DATA (WS FORM: F-6) , PAGE 2

                                          STATION:  GARDEN CITY REGIONAL ARPT KS
                                          MONTH:    MAY
                                          YEAR:     2014
                                          LATITUDE:   37 55 N
                                          LONGITUDE: 100 43 W

[TEMPERATURE DATA]      [PRECIPITATION DATA]       SYMBOLS USED IN COLUMN 16

AVERAGE MONTHLY: 64.9   TOTAL FOR MONTH:   0.69    1 = FOG OR MIST
DPTR FM NORMAL:   1.6   DPTR FM NORMAL:   -2.19    2 = FOG REDUCING VISIBILITY
HIGHEST:   100 ON 19    GRTST 24HR  0.59 ON 22-22      TO 1/4 MILE OR LESS
LOWEST:     29 ON  2                               3 = THUNDER
                        SNOW, ICE PELLETS, HAIL    4 = ICE PELLETS
                        TOTAL MONTH:    M          5 = HAIL
                        GRTST 24HR    M  ON   M    6 = FREEZING RAIN OR DRIZZLE
                        GRTST DEPTH:  M  ON   M    7 = DUSTSTORM OR SANDSTORM:
                                                       VSBY 1/2 MILE OR LESS
                                                   8 = SMOKE OR HAZE
[NO. OF DAYS WITH]      [WEATHER - DAYS WITH]      9 = BLOWING SNOW
                                                   X = TORNADO
MAX 32 OR BELOW:   0    0.01 INCH OR MORE:   4
MAX 90 OR ABOVE:  10    0.10 INCH OR MORE:   1
MIN 32 OR BELOW:   2    0.50 INCH OR MORE:   1
MIN  0 OR BELOW:   0    1.00 INCH OR MORE:   0

[HDD (BASE 65) ]
TOTAL THIS MO.   116    CLEAR  (SCALE 0-3)  25
DPTR FM NORMAL   -13    PTCLDY (SCALE 4-7)   5
TOTAL FM JUL 1  5387    CLOUDY (SCALE 8-10)  1
DPTR FM NORMAL   196

[CDD (BASE 65) ]
TOTAL THIS MO.   122
DPTR FM NORMAL    45    [PRESSURE DATA]
TOTAL FM JAN 1   143    HIGHEST SLP 30.39 ON 13
DPTR FM NORMAL    54    LOWEST  SLP 29.36 ON  6

[REMARKS]
#FINAL-05-14#
