000
CXUS53 KDDC 011430
CF6GCK
PRELIMINARY LOCAL CLIMATOLOGICAL DATA (WS FORM: F-6)

                                          STATION:   GARDEN CITY REGIONAL ARPT KS
                                          MONTH:     DECEMBER
                                          YEAR:      2015
                                          LATITUDE:   37 55 N
                                          LONGITUDE: 100 43 W

  TEMPERATURE IN F:       :PCPN:    SNOW:  WIND      :SUNSHINE: SKY     :PK WND
================================================================================
1   2   3   4   5  6A  6B    7    8   9   10  11  12  13   14  15   16   17  18
                                     12Z  AVG MX 2MIN
DY MAX MIN AVG DEP HDD CDD  WTR  SNW DPTH SPD SPD DIR MIN PSBL S-S WX    SPD DR
================================================================================

 1  47  17  32  -3  33   0 0.00    M    M 12.0 30 320   M    M   1        39 320
 2  51  23  37   3  28   0 0.00    M    M 11.2 20 330   M    M   1        24 330
 3  54  19  37   3  28   0 0.00    M    M  6.3 12 150   M    M   0        14 210
 4  58  28  43   9  22   0 0.00    M    M 17.3 37 180   M    M   0        45 180
 5  51  31  41   8  24   0 0.00    M    M 12.8 23 180   M    M   1        30 180
 6  56  26  41   8  24   0 0.00    M    M 10.4 16 210   M    M   0        19 210
 7  60  26  43  10  22   0 0.00    M    M  7.8 15 190   M    M   0        20 190
 8  68  32  50  18  15   0 0.00    M    M 12.9 36 330   M    M   0        44 340
 9  71  32  52  20  13   0 0.00    M    M 12.2 28 220   M    M   0        34 220
10  62  41  52  20  13   0 0.00    M    M 12.3 24  20   M    M   0        29  30
11  64  35  50  18  15   0 0.00    M    M  9.6 17  50   M    M   0        21  60
12  38  29  34   2  31   0    T    M    M 16.1 29  10   M    M   7 1      34  10
13  35  31  33   1  32   0 0.69    M    M 23.6 54  30   M    M  10 16     65  30
14  46  23  35   4  30   0 0.00    M    M  9.7 18 290   M    M   1        23 290
15  44  24  34   3  31   0 0.00    M    M 19.4 38 240   M    M   1        48 250
16  44  20  32   1  33   0 0.00    M    M 12.9 26 320   M    M   0        36 340
17  31  15  23  -8  42   0    T    M    M  8.4 15  20   M    M   7 18     18  30
18  42  11  27  -4  38   0 0.00    M    M  7.6 15 230   M    M   1 12     19 210
19  49  21  35   4  30   0 0.00    M    M  8.9 20 190   M    M   0        23 190
20  61  34  48  17  17   0 0.41    M    M 11.9 23 300   M    M   3 1      30 310
21  53  26  40   9  25   0 0.00    M    M  8.3 16 170   M    M   2        21 180
22  52  29  41  10  24   0 0.00    M    M 10.2 16 180   M    M   0        21 180
23  48  29  39   8  26   0 0.00    M    M 13.6 29 350   M    M   4        35 350
24  45  21  33   2  32   0 0.00    M    M 10.7 31 350   M    M   0        39 350
25  45  25  35   4  30   0 0.00    M    M 15.6 32 150   M    M   2        39 150
26  35  21  28  -3  37   0 0.00    M    M 24.8 45 360   M    M   6        53  10
27  28  20  24  -6  41   0 0.00    M    M 26.4 39  10   M    M   9        49  20
28  33  13  23  -7  42   0 0.00    M    M 13.4 26  10   M    M   7        30  20
29  29  10  20 -10  45   0 0.00    M    M  5.5 10  80   M    M   5        12  80
30  31  17  24  -6  41   0 0.00    M    M  2.9  7  90   M    M   8 1       9 140
31  38  16  27  -3  38   0 0.00    M    M  8.0 18 360   M    M   6 12     22  10
================================================================================
SM 1469  745       902   0 1.10    M     382.7          M       82
================================================================================
AV 47.4 24.0                              12.3 FASTST   M    M   3      MAX(MPH)
                                 MISC ---->    54  30                     65  30
================================================================================
NOTES:
# LAST OF SEVERAL OCCURRENCES

COLUMN 17 PEAK WIND IN M.P.H.

PRELIMINARY LOCAL CLIMATOLOGICAL DATA (WS FORM: F-6) , PAGE 2

                                          STATION:  GARDEN CITY REGIONAL ARPT KS
                                          MONTH:    DECEMBER
                                          YEAR:     2015
                                          LATITUDE:   37 55 N
                                          LONGITUDE: 100 43 W

[TEMPERATURE DATA]      [PRECIPITATION DATA]       SYMBOLS USED IN COLUMN 16

AVERAGE MONTHLY: 35.7   TOTAL FOR MONTH:   1.10    1 = FOG OR MIST
DPTR FM NORMAL:   4.0   DPTR FM NORMAL:    0.58    2 = FOG REDUCING VISIBILITY
HIGHEST:    71 ON  9    GRTST 24HR  0.69 ON 13-13      TO 1/4 MILE OR LESS
LOWEST:     10 ON 29                               3 = THUNDER
                        SNOW, ICE PELLETS, HAIL    4 = ICE PELLETS
                        TOTAL MONTH:    M          5 = HAIL
                        GRTST 24HR    M  ON   M    6 = FREEZING RAIN OR DRIZZLE
                        GRTST DEPTH:  M  ON   M    7 = DUSTSTORM OR SANDSTORM:
                                                       VSBY 1/2 MILE OR LESS
                                                   8 = SMOKE OR HAZE
[NO. OF DAYS WITH]      [WEATHER - DAYS WITH]      9 = BLOWING SNOW
                                                   X = TORNADO
MAX 32 OR BELOW:   4    0.01 INCH OR MORE:   2
MAX 90 OR ABOVE:   0    0.10 INCH OR MORE:   2
MIN 32 OR BELOW:  28    0.50 INCH OR MORE:   1
MIN  0 OR BELOW:   0    1.00 INCH OR MORE:   0

[HDD (BASE 65) ]
TOTAL THIS MO.   902    CLEAR  (SCALE 0-3)  21
DPTR FM NORMAL  -132    PTCLDY (SCALE 4-7)   8
TOTAL FM JUL 1  1739    CLOUDY (SCALE 8-10)  2
DPTR FM NORMAL  -384

[CDD (BASE 65) ]
TOTAL THIS MO.     0
DPTR FM NORMAL     0    [PRESSURE DATA]
TOTAL FM JAN 1  1453    HIGHEST SLP 30.60 ON 31
DPTR FM NORMAL   155    LOWEST  SLP 29.18 ON 23

[REMARKS]
#FINAL-12-15#
