000
CXUS53 KDDC 011506
CF6GCK
PRELIMINARY LOCAL CLIMATOLOGICAL DATA (WS FORM: F-6)

                                          STATION:   GARDEN CITY REGIONAL ARPT KS
                                          MONTH:     OCTOBER
                                          YEAR:      2017
                                          LATITUDE:   37 55 N
                                          LONGITUDE: 100 43 W

  TEMPERATURE IN F:       :PCPN:    SNOW:  WIND      :SUNSHINE: SKY     :PK WND
================================================================================
1   2   3   4   5  6A  6B    7    8   9   10  11  12  13   14  15   16   17  18
                                     12Z  AVG MX 2MIN
DY MAX MIN AVG DEP HDD CDD  WTR  SNW DPTH SPD SPD DIR MIN PSBL S-S WX    SPD DR
================================================================================

 1  83  60  72  10   0   7 0.00    M    M 21.2 31 180   M    M   5        42 180
 2  82  56  69   8   0   4 0.01    M    M 16.1 39 180   M    M   7 1      49 180
 3  71  54  63   2   2   0 0.07    M    M 13.8 32 180   M    M   9 13     45 180
 4  64  55  60   0   5   0 0.49    M    M 10.3 17  60   M    M  10 123    21  70
 5  83  63  73  13   0   8 0.00    M    M 10.8 18 190   M    M   1 2      25 210
 6  85  52  69  10   0   4 0.40    M    M 12.5 45 320   M    M   6 13     59 320
 7  79  45  62   3   3   0 0.00    M    M 10.0 17 240   M    M   0        24 280
 8  78  46  62   3   3   0 0.00    M    M  6.7 15  20   M    M   0        19  20
 9  54  39  47 -11  18   0    T    M    M 26.3 39  10   M    M   8 18     52  10
10  60  35  48 -10  17   0 0.00    M    M 10.5 24 360   M    M   3 8      30 350
11  73  35  54  -3  11   0 0.00    M    M 14.9 28 180   M    M   0        36 180
12  89  45  67  10   0   2 0.00    M    M  9.8 21 260   M    M   0        27 150
13  69  49  59   2   6   0 0.00    M    M 10.7 24 340   M    M   3        32 340
14  82  45  64   8   1   0 0.00    M    M 15.4 35 360   M    M   0 1      45 340
15  63  30  47  -9  18   0 0.00    M    M  7.0 18 350   M    M   0        24 350
16  75  33  54  -1  11   0 0.00    M    M 12.1 26 210   M    M   0 8      34 200
17  81  34  58   3   7   0 0.00    M    M  7.4 16 150   M    M   0        20 150
18  86  34  60   5   5   0 0.00    M    M  5.4 12  70   M    M   0 8      14  80
19  81  45  63   9   2   0 0.00    M    M 10.8 21 170   M    M   0        30 180
20  80  54  67  13   0   2 0.00    M    M 20.9 35 180   M    M   0        42 180
21  68  36  52  -2  13   0 0.00    M    M 17.1 29 360   M    M   0        38  10
22  72  26  49  -4  16   0 0.00    M    M  9.6 18 230   M    M   0        25 220
23  66  41  54   1  11   0 0.00    M    M 17.1 35 360   M    M   1        47  10
24  63  35  49  -3  16   0 0.00    M    M 14.9 30 320   M    M   0 8      36 320
25  82  34  58   6   7   0 0.00    M    M 12.0 23 270   M    M   0        30 250
26  67  37  52   1  13   0 0.00    M    M 23.9 41  10   M    M   2        56 360
27  47  22  35 -16  30   0 0.00    M    M 15.6 29 350   M    M   0        37 340
28  61  16  39 -12  26   0 0.00    M    M 10.4 22 270   M    M   6        32 310
29  77  35  56   6   9   0 0.00    M    M 12.4 30  40   M    M   0        42  50
30  48  31  40 -10  25   0 0.00    M    M 14.4 25 340   M    M   5        32 340
31  53  28  41  -8  24   0 0.06    M    M 14.8 26 190   M    M   4 1      37 180
================================================================================
SM 2222 1250       299  27 1.03    M     414.8          M       70
================================================================================
AV 71.7 40.3                              13.4 FASTST   M    M   2      MAX(MPH)
                                 MISC ---->    45 320                     59 320
================================================================================
NOTES:
# LAST OF SEVERAL OCCURRENCES

COLUMN 17 PEAK WIND IN M.P.H.

PRELIMINARY LOCAL CLIMATOLOGICAL DATA (WS FORM: F-6) , PAGE 2

                                          STATION:  GARDEN CITY REGIONAL ARPT KS
                                          MONTH:    OCTOBER
                                          YEAR:     2017
                                          LATITUDE:   37 55 N
                                          LONGITUDE: 100 43 W

[TEMPERATURE DATA]      [PRECIPITATION DATA]       SYMBOLS USED IN COLUMN 16

AVERAGE MONTHLY: 56.0   TOTAL FOR MONTH:   1.03    1 = FOG OR MIST
DPTR FM NORMAL:   0.6   DPTR FM NORMAL:   -0.25    2 = FOG REDUCING VISIBILITY
HIGHEST:    89 ON 12    GRTST 24HR  0.49 ON  4- 4      TO 1/4 MILE OR LESS
LOWEST:     16 ON 28                               3 = THUNDER
                                                   4 = ICE PELLETS
                                                   5 = HAIL
                                                   6 = FREEZING RAIN OR DRIZZLE
                                                   7 = DUSTSTORM OR SANDSTORM:
                                                       VSBY 1/2 MILE OR LESS
                                                   8 = SMOKE OR HAZE
[NO. OF DAYS WITH]      [WEATHER - DAYS WITH]      9 = BLOWING SNOW
                                                   X = TORNADO
MAX 32 OR BELOW:   0    0.01 INCH OR MORE:   5
MAX 90 OR ABOVE:   0    0.10 INCH OR MORE:   2
MIN 32 OR BELOW:   6    0.50 INCH OR MORE:   0
MIN  0 OR BELOW:   0    1.00 INCH OR MORE:   0

[HDD (BASE 65) ]
TOTAL THIS MO.   299    CLEAR  (SCALE 0-3)  22
DPTR FM NORMAL   -19    PTCLDY (SCALE 4-7)   7
TOTAL FM JUL 1   348    CLOUDY (SCALE 8-10)  2
DPTR FM NORMAL   -42

[CDD (BASE 65) ]
TOTAL THIS MO.    27
DPTR FM NORMAL     7    [PRESSURE DATA]
TOTAL FM JAN 1  1373    HIGHEST SLP 30.50 ON 15
DPTR FM NORMAL    75    LOWEST  SLP 29.45 ON  6

[REMARKS]
#FINAL-10-17#
