000
CXUS53 KDDC 311200
CF6GCK
PRELIMINARY LOCAL CLIMATOLOGICAL DATA (WS FORM: F-6)

                                          STATION:   GARDEN CITY REGIONAL ARPT KS
                                          MONTH:     DECEMBER
                                          YEAR:      2011
                                          LATITUDE:   37 55 N
                                          LONGITUDE: 100 43 W

  TEMPERATURE IN F:       :PCPN:    SNOW:  WIND      :SUNSHINE: SKY     :PK WND
================================================================================
1   2   3   4   5  6A  6B    7    8   9   10  11  12  13   14  15   16   17  18
                                     12Z  AVG MX 2MIN
DY MAX MIN AVG DEP HDD CDD  WTR  SNW DPTH SPD SPD DIR MIN PSBL S-S WX    SPD DR
================================================================================

 1  36  18  27  -8  38   0 0.00    M    M 23.0 41  20   M    M   5 1      51  20
 2  36  13  25  -9  40   0 0.00    M    M 13.5 26 180   M    M   2        32 180
 3  36  20  28  -6  37   0 0.44    M    M 15.1 33 360   M    M   9 1      43 360
 4  33  14  24 -10  41   0 0.00    M    M  8.1 21  30   M    M   4        25  30
 5  24  12  18 -15  47   0 0.00    M    M 20.5 37  10   M    M   9        43  10
 6  25   4  15 -18  50   0 0.00    M    M  6.9 13 240   M    M   2        15 240
 7  44   8  26  -7  39   0 0.00    M    M  9.1 17 320   M    M   0        21 320
 8  43  17  30  -2  35   0 0.00    M    M  6.6 17  20   M    M   1 12     20  10
 9  33  19  26  -6  39   0 0.00    M    M  6.2 14 360   M    M   6 12     17 280
10  40  19  30  -2  35   0 0.00    M    M  9.3 14 190   M    M   5 12     17 210
11  46  23  35   3  30   0 0.00    M    M 17.9 31 190   M    M   6 1      38 200
12  46  30  38   6  27   0 0.00    M    M  8.5 20 220   M    M   9 12     25 210
13  49  39  44  12  21   0 0.34    M    M 13.0 24 180   M    M   9 12     28 180
14  50  34  42  11  23   0 0.07    M    M 14.4 24 180   M    M   4 1      30 180
15  44  27  36   5  29   0 0.00    M    M  7.5 16  20   M    M   0        18  30
16  47  24  36   5  29   0 0.00    M    M  9.2 21 220   M    M   1        26 220
17  51  24  38   7  27   0 0.00    M    M  6.5  9 190   M    M   0 1      13 210
18  57  30  44  13  21   0 0.00    M    M 10.1 18 220   M    M   0 1      24 190
19  44  26  35   4  30   0 0.45    M    M 24.8 46  30   M    M   7 126    53  30
20  29  14  22  -9  43   0 0.05    M    M 17.7 39  10   M    M   8 126   183 210
21  31  10  21 -10  44   0 0.00    M    M  9.8 24  20   M    M   1        28  20
22  31   8  20 -11  45   0    T    M    M 20.5 36  30   M    M   8 16     43  30
23  23   0  12 -19  53   0 0.00    M    M 10.1 21 270   M    M   0        23 270
24  31  10  21 -10  44   0 0.00    M    M 10.0 16 310   M    M   0        18 310
25  34  11  23  -8  42   0 0.00    M    M 10.2 20 360   M    M   1        22 350
26  30  10  20 -11  45   0 0.00    M    M 10.1 23 360   M    M   1        25 360
27  33  15  24  -6  41   0 0.00    M    M  8.9 22 350   M    M   0        25 350
28  36  15  26  -4  39   0 0.00    M    M  9.8 15 280   M    M   0        17 290
29  43  24  34   4  31   0 0.00    M    M 10.6 26 340   M    M   0        31 340
30  40  24  32   2  33   0 0.00    M    M 10.3 16 230   M    M   0 8      20 230
================================================================================
SM 1145  542      1098   0  1.35    M    358.2          M       98
================================================================================
AV 38.2 18.1                              11.9 FASTST   M    M   3    MAX(MPH)
                                 MISC ---->  # 46  30               #183  210
================================================================================
NOTES:
# LAST OF SEVERAL OCCURRENCES

COLUMN 17 PEAK WIND IN M.P.H.

PRELIMINARY LOCAL CLIMATOLOGICAL DATA (WS FORM: F-6) , PAGE 2

                                          STATION:  GARDEN CITY REGIONAL ARPT KS
                                          MONTH:    DECEMBER
                                          YEAR:     2011
                                          LATITUDE:   37 55 N
                                          LONGITUDE: 100 43 W

[TEMPERATURE DATA]      [PRECIPITATION DATA]       SYMBOLS USED IN COLUMN 16

AVERAGE MONTHLY: 28.1   TOTAL FOR MONTH:   1.35    1 = FOG OR MIST
DPTR FM NORMAL:  -3.6   DPTR FM NORMAL:    0.84    2 = FOG REDUCING VISIBILITY
HIGHEST:    57 ON 18    GRTST 24HR  0.50 ON 19-20      TO 1/4 MILE OR LESS
LOWEST:      0 ON 23                               3 = THUNDER
                        SNOW, ICE PELLETS, HAIL    4 = ICE PELLETS
                        TOTAL MONTH:    M          5 = HAIL
                        GRTST 24HR    M  ON   M    6 = FREEZING RAIN OR DRIZZLE
                        GRTST DEPTH:  M  ON   M    7 = DUSTSTORM OR SANDSTORM:
                                                       VSBY 1/2 MILE OR LESS
                                                   8 = SMOKE OR HAZE
[NO. OF DAYS WITH]      [WEATHER - DAYS WITH]      9 = BLOWING SNOW
                                                   X = TORNADO
MAX 32 OR BELOW:   8    0.01 INCH OR MORE:   5
MAX 90 OR ABOVE:   0    0.10 INCH OR MORE:   3
MIN 32 OR BELOW:  28    0.50 INCH OR MORE:   0
MIN  0 OR BELOW:   1    1.00 INCH OR MORE:   0

[HDD (BASE 65) ]
TOTAL THIS MO.  1098    CLEAR  (SCALE 0-3)  17
DPTR FM NORMAL   104    PTCLDY (SCALE 4-7)   9
TOTAL FM JUL 1  2073    CLOUDY (SCALE 8-10)  4
DPTR FM NORMAL   -10

[CDD (BASE 65) ]
TOTAL THIS MO.     0
DPTR FM NORMAL     0    [PRESSURE DATA]
TOTAL FM JAN 1  1826    HIGHEST SLP M ON M
DPTR FM NORMAL   528    LOWEST  SLP 29.67 ON 29

[REMARKS]
