000
CXUS53 KDDC 311747
CF6GCK
PRELIMINARY LOCAL CLIMATOLOGICAL DATA (WS FORM: F-6)

                                          STATION:   GARDEN CITY REGIONAL ARPT KS
                                          MONTH:     JULY
                                          YEAR:      2011
                                          LATITUDE:   37 55 N
                                          LONGITUDE: 100 43 W

  TEMPERATURE IN F:       :PCPN:    SNOW:  WIND      :SUNSHINE: SKY     :PK WND
================================================================================
1   2   3   4   5  6A  6B    7    8   9   10  11  12  13   14  15   16   17  18
                                     12Z  AVG MX 2MIN
DY MAX MIN AVG DEP HDD CDD  WTR  SNW DPTH SPD SPD DIR MIN PSBL S-S WX    SPD DR
================================================================================

 1 102  71  87  10   0  22 0.00    M    M 15.4 26 230   M    M   0        33 240
 2 101  69  85   8   0  20 0.00    M    M  8.6 30  10   M    M   0 8      39  10
 3 101  65  83   5   0  18 0.22    M    M 10.4 25 150   M    M   1 38     31  30
 4  99  62  81   3   0  16 0.00    M    M  9.0 20 190   M    M   0        25 100
 5 103  67  85   7   0  20 0.00    M    M  5.8 15 140   M    M   0        30  90
 6  99  68  84   6   0  19    T    M    M 16.5 35  70   M    M   0        44  70
 7  90  68  79   1   0  14 0.05    M    M 10.1 30 360   M    M   3 1      39 360
 8  95  68  82   4   0  17    T    M    M 10.4 22 140   M    M   0        29 140
 9 103  73  88   9   0  23 0.00    M    M 10.4 21 150   M    M   0 8      28 150
10 106  68  87   8   0  22    T    M    M 10.6 25 180   M    M   0        30 180
11 102  73  88   9   0  23 0.00    M    M 10.2 23 180   M    M   1        28 190
12  98  71  85   6   0  20 0.00    M    M 10.6 26 220   M    M   0        31 220
13  96  68  82   3   0  17 0.00    M    M 11.0 21 150   M    M   0        28 150
14 100  66  83   4   0  18    T    M    M 12.1 22 190   M    M   2        26 190
15 105  71  88   9   0  23 0.11    M    M 10.9 32 280   M    M   2        40 150
16 106  71  89  10   0  24    T    M    M  9.4 25 140   M    M   0        31 150
17 103  71  87   8   0  22 0.00    M    M 11.2 22 170   M    M   0        32 180
18 103  72  88   9   0  23 0.00    M    M  9.9 22 190   M    M   0        30 200
19 104  70  87   8   0  22 0.00    M    M 12.0 22 180   M    M   0        29 190
20 108  74  91  12   0  26 0.00    M    M 13.3 23 220   M    M   0        31 210
21 104  68  86   7   0  21 0.01    M    M 12.0 41 280   M    M   0 8      49 280
22 103  68  86   7   0  21 0.09    M    M 10.9 25 150   M    M   1 3      33 190
23 104  70  87   7   0  22 0.00    M    M  9.8 25 160   M    M   1 3      31 150
24  95  69  82   2   0  17 0.01    M    M  6.9 23 100   M    M   3 3      28 100
25  99  66  83   3   0  18 0.00    M    M  8.9 22 120   M    M   0        28 140
26 104  69  87   8   0  22 0.02    M    M 11.1 25 150   M    M   1        32 150
27 106  72  89  10   0  24 0.04    M    M  9.1 26 310   M    M   0        30 310
28  99  69  84   5   0  19    T    M    M 10.4 32 110   M    M   1        39 110
29  93  66  80   1   0  15 0.02    M    M  8.1 26 350   M    M   4 1      31 350
30 101  68  85   6   0  20 0.00    M    M  7.3 20 200   M    M   0 1      25 170
31 103  74  89  10   0  24 0.00    M    M 10.0 24 180   M    M   0        30 170
================================================================================
SM 3135 2145         0 632 0.57    M     322.3          M       20
================================================================================
AV101.1 69.2                              10.4 FASTST   M    M   1    MAX(MPH)
                                 MISC ---->    41 280                     49 280
================================================================================
NOTES:
# LAST OF SEVERAL OCCURRENCES

COLUMN 17 PEAK WIND IN M.P.H.

PRELIMINARY LOCAL CLIMATOLOGICAL DATA (WS FORM: F-6) , PAGE 2

                                          STATION:  GARDEN CITY REGIONAL ARPT KS
                                          MONTH:    JULY
                                          YEAR:     2011
                                          LATITUDE:   37 55 N
                                          LONGITUDE: 100 43 W

[TEMPERATURE DATA]      [PRECIPITATION DATA]       SYMBOLS USED IN COLUMN 16

AVERAGE MONTHLY: 85.2   TOTAL FOR MONTH:   0.57    1 = FOG OR MIST
DPTR FM NORMAL:   6.4   DPTR FM NORMAL:   -2.74    2 = FOG REDUCING VISIBILITY
HIGHEST:   108 ON 20    GRTST 24HR  0.22 ON  3- 3      TO 1/4 MILE OR LESS
LOWEST:     62 ON  4                               3 = THUNDER
                        SNOW, ICE PELLETS, HAIL    4 = ICE PELLETS
                        TOTAL MONTH:    M          5 = HAIL
                        GRTST 24HR    M  ON   M    6 = FREEZING RAIN OR DRIZZLE
                        GRTST DEPTH:  M  ON   M    7 = DUSTSTORM OR SANDSTORM:
                                                       VSBY 1/2 MILE OR LESS
                                                   8 = SMOKE OR HAZE
[NO. OF DAYS WITH]      [WEATHER - DAYS WITH]      9 = BLOWING SNOW
                                                   X = TORNADO
MAX 32 OR BELOW:   0    0.01 INCH OR MORE:   9
MAX 90 OR ABOVE:  31    0.10 INCH OR MORE:   2
MIN 32 OR BELOW:   0    0.50 INCH OR MORE:   0
MIN  0 OR BELOW:   0    1.00 INCH OR MORE:   0

[HDD (BASE 65) ]
TOTAL THIS MO.     0    CLEAR  (SCALE 0-3)  30
DPTR FM NORMAL     0    PTCLDY (SCALE 4-7)   1
TOTAL FM JUL 1     0    CLOUDY (SCALE 8-10)  0
DPTR FM NORMAL     0

[CDD (BASE 65) ]
TOTAL THIS MO.   632
DPTR FM NORMAL   206    [PRESSURE DATA]
TOTAL FM JAN 1  1115    HIGHEST SLP 30.04 ON 29
DPTR FM NORMAL   332    LOWEST  SLP 29.56 ON 26

[REMARKS]
#FINAL-07-11#
