000
CXUS53 KDDC 011437
CF6GCK
PRELIMINARY LOCAL CLIMATOLOGICAL DATA (WS FORM: F-6)

                                          STATION:   GARDEN CITY REGIONAL ARPT KS
                                          MONTH:     JULY
                                          YEAR:      2016
                                          LATITUDE:   37 55 N
                                          LONGITUDE: 100 43 W

  TEMPERATURE IN F:       :PCPN:    SNOW:  WIND      :SUNSHINE: SKY     :PK WND
================================================================================
1   2   3   4   5  6A  6B    7    8   9   10  11  12  13   14  15   16   17  18
                                     12Z  AVG MX 2MIN
DY MAX MIN AVG DEP HDD CDD  WTR  SNW DPTH SPD SPD DIR MIN PSBL S-S WX    SPD DR
================================================================================

 1  78  64  71  -6   0   6 2.14    M    M 10.8 25 290   M    M   9 13     31 290
 2  86  64  75  -2   0  10 0.99    M    M  9.5 31  10   M    M   4 138    37 350
 3  82  66  74  -3   0   9    T    M    M  7.5 16 360   M    M   6 1      20 360
 4  93  63  78   0   0  13 0.00    M    M  7.7 13 270   M    M   0 1      16 270
 5  95  67  81   3   0  16 0.00    M    M 10.3 32  50   M    M   0        41  40
 6  94  67  81   3   0  16 0.00    M    M 11.0 23 150   M    M   0        30 150
 7  93  65  79   1   0  14 0.00    M    M 10.7 23  40   M    M   0 38     29  40
 8  89  67  78   0   0  13 0.09    M    M 10.4 29 280   M    M   2 3      36 270
 9  92  67  80   2   0  15 0.00    M    M 10.1 18 150   M    M   0 1      24 150
10  97  69  83   5   0  18 0.00    M    M 18.2 30 180   M    M   0        37 180
11  97  73  85   7   0  20 0.00    M    M 14.3 25 180   M    M   1        33 150
12  91  70  81   3   0  16 0.00    M    M 12.8 23  50   M    M   2        30  60
13  95  64  80   2   0  15 0.00    M    M 10.2 28  30   M    M   0 8      35  20
14  86  62  74  -4   0   9 1.00    M    M 12.4 36 110   M    M   1 13     46 110
15  87  57  72  -6   0   7 1.90    M    M 10.8 62 360   M    M   2 13     74 360
16  87  57  72  -6   0   7 0.00    M    M 12.8 28 150   M    M   0        37 150
17  96  69  83   5   0  18 0.00    M    M 10.2 23 220   M    M   0 8      28 210
18  95  67  81   2   0  16 0.00    M    M  8.7 16 150   M    M   0        23 150
19  94  66  80   1   0  15 0.00    M    M 12.9 22 150   M    M   0        29 150
20  96  69  83   4   0  18 0.00    M    M 14.1 25 200   M    M   0        32 210
21  99  69  84   5   0  19 0.00    M    M  9.8 20 210   M    M   0        25 220
22 100  68  84   5   0  19 0.00    M    M  8.7 17 150   M    M   0        21 150
23  99  69  84   5   0  19 0.00    M    M 11.1 23 200   M    M   0 3      28 200
24  94  67  81   3   0  16 0.15    M    M  9.7 37 340   M    M   0 13     48 340
25  85  64  75  -3   0  10 0.93    M    M  9.6 24 330   M    M   4 13     31 340
26  88  67  78   0   0  13 0.00    M    M  9.0 16 140   M    M   3 1      23 120
27  92  69  81   3   0  16    T    M    M  8.4 25  80   M    M   1 3      32  70
28  90  63  77  -1   0  12 0.35    M    M 10.5 43 320   M    M   0 13     55 320
29  83  63  73  -5   0   8 0.02    M    M  7.4 20  40   M    M   3 3      25  50
30  91  67  79   1   0  14 0.00    M    M 11.2 21 130   M    M   1        27 140
31  95  62  79   1   0  14 0.00    M    M 10.3 24 190   M    M   0        30 190
================================================================================
SM 2839 2041         0 431 7.57    M     331.1          M       39
================================================================================
AV 91.6 65.8                              10.7 FASTST   M    M   1      MAX(MPH)
                                 MISC ---->    62 360                     74 360
================================================================================
NOTES:
# LAST OF SEVERAL OCCURRENCES

COLUMN 17 PEAK WIND IN M.P.H.

PRELIMINARY LOCAL CLIMATOLOGICAL DATA (WS FORM: F-6) , PAGE 2

                                          STATION:  GARDEN CITY REGIONAL ARPT KS
                                          MONTH:    JULY
                                          YEAR:     2016
                                          LATITUDE:   37 55 N
                                          LONGITUDE: 100 43 W

[TEMPERATURE DATA]      [PRECIPITATION DATA]       SYMBOLS USED IN COLUMN 16

AVERAGE MONTHLY: 78.7   TOTAL FOR MONTH:   7.57    1 = FOG OR MIST
DPTR FM NORMAL:   0.5   DPTR FM NORMAL:    4.79    2 = FOG REDUCING VISIBILITY
HIGHEST:   100 ON 22    GRTST 24HR  2.14 ON  1- 1      TO 1/4 MILE OR LESS
LOWEST:     57 ON 16,15                            3 = THUNDER
                                                   4 = ICE PELLETS
                                                   5 = HAIL
                                                   6 = FREEZING RAIN OR DRIZZLE
                                                   7 = DUSTSTORM OR SANDSTORM:
                                                       VSBY 1/2 MILE OR LESS
                                                   8 = SMOKE OR HAZE
[NO. OF DAYS WITH]      [WEATHER - DAYS WITH]      9 = BLOWING SNOW
                                                   X = TORNADO
MAX 32 OR BELOW:   0    0.01 INCH OR MORE:   9
MAX 90 OR ABOVE:  21    0.10 INCH OR MORE:   7
MIN 32 OR BELOW:   0    0.50 INCH OR MORE:   5
MIN  0 OR BELOW:   0    1.00 INCH OR MORE:   3

[HDD (BASE 65) ]
TOTAL THIS MO.     0    CLEAR  (SCALE 0-3)  27
DPTR FM NORMAL    -1    PTCLDY (SCALE 4-7)   3
TOTAL FM JUL 1     0    CLOUDY (SCALE 8-10)  1
DPTR FM NORMAL    -1

[CDD (BASE 65) ]
TOTAL THIS MO.   431
DPTR FM NORMAL    21    [PRESSURE DATA]
TOTAL FM JAN 1   836    HIGHEST SLP 30.11 ON 19
DPTR FM NORMAL    85    LOWEST  SLP 29.55 ON 11

[REMARKS]
#FINAL-07-16#
