000
CXUS53 KDDC 031614
CF6GCK
PRELIMINARY LOCAL CLIMATOLOGICAL DATA (WS FORM: F-6)

                                          STATION:   GARDEN CITY REGIONAL ARPT KS
                                          MONTH:     JANUARY
                                          YEAR:      2016
                                          LATITUDE:   37 55 N
                                          LONGITUDE: 100 43 W

  TEMPERATURE IN F:       :PCPN:    SNOW:  WIND      :SUNSHINE: SKY     :PK WND
================================================================================
1   2   3   4   5  6A  6B    7    8   9   10  11  12  13   14  15   16   17  18
                                     12Z  AVG MX 2MIN
DY MAX MIN AVG DEP HDD CDD  WTR  SNW DPTH SPD SPD DIR MIN PSBL S-S WX    SPD DR
================================================================================

 1  42   8  25  -5  40   0 0.00    M    M  9.9 20 250   M    M   0        25 270
 2  51   9  30  -1  35   0 0.00    M    M  9.9 15 350   M    M   0        19 340
 3  50  17  34   3  31   0 0.00    M    M  8.3 14 360   M    M   0        18 360
 4  45  19  32   1  33   0 0.00    M    M 10.9 23 150   M    M   0        28 150
 5  46  24  35   4  30   0 0.00    M    M 19.3 33 200   M    M   4 1      40 200
 6  44  23  34   3  31   0 0.00    M    M  8.8 24 180   M    M   5 12     29 170
 7  36  32  34   3  31   0 0.03    M    M 10.4 16  10   M    M  10 12     20  30
 8  33  26  30  -1  35   0 0.00    M    M 13.7 22 340   M    M  10 1      27 350
 9  31  15  23  -8  42   0 0.00    M    M 13.0 23 350   M    M   7 18     28 340
10  43   7  25  -6  40   0 0.00    M    M  8.1 18 230   M    M   0 1      23 240
11  49  15  32   1  33   0 0.00    M    M 10.8 22 340   M    M   1 1      26 340
12  50  14  32   1  33   0 0.00    M    M  7.9 12 150   M    M   0        16  40
13  57  18  38   7  27   0 0.00    M    M  9.1 15 230   M    M   0 8      18 220
14  62  25  44  13  21   0 0.00    M    M 13.2 29  10   M    M   0 8      34  10
15  46  20  33   2  32   0 0.00    M    M  6.5 18 350   M    M   1        23 350
16  45  21  33   2  32   0 0.00    M    M  9.0 18 290   M    M   3        22 310
17  23  15  19 -12  46   0    T    M    M 11.0 24  50   M    M   8 18     29  60
18  37  18  28  -3  37   0 0.00    M    M 13.6 21 180   M    M   7 18     25 150
19  37  18  28  -3  37   0 0.00    M    M 11.0 23 350   M    M   8 12     27 350
20  46  17  32   1  33   0 0.00    M    M 10.3 22 170   M    M   3 12     28 150
21  38  18  28  -3  37   0 0.00    M    M 16.1 30 350   M    M   4 1      36 360
22  31  11  21 -10  44   0 0.00    M    M  7.2 15 180   M    M   7 12     18 190
23  52  19  36   5  29   0 0.00    M    M 11.1 20 150   M    M   5 12     23 150
24  62  22  42  11  23   0 0.00    M    M  7.3 18 360   M    M   0 1      24 330
25  46  24  35   4  30   0 0.00    M    M 17.3 33 340   M    M   4 1      42 340
26  48  17  33   2  32   0 0.00    M    M  9.2 16 350   M    M   0        21 310
27  61  18  40   9  25   0 0.00    M    M 10.0 16  10   M    M   0        21 310
28  65  24  45  14  20   0 0.00    M    M 11.3 24 270   M    M   0        31 270
29  66  22  44  12  21   0 0.00    M    M 12.9 38  10   M    M   0        48  10
30  64  25  45  13  20   0 0.00    M    M 13.2 31 360   M    M   0        40 360
31  48  28  38   6  27   0 0.00    M    M 11.0 31  10   M    M   5        40  10
================================================================================
SM 1454  589       987   0 0.03    M     341.3          M       92
================================================================================
AV 46.9 19.0                              11.0 FASTST   M    M   3      MAX(MPH)
                                 MISC ---->    38  10                     48  10
================================================================================
NOTES:
# LAST OF SEVERAL OCCURRENCES

COLUMN 17 PEAK WIND IN M.P.H.

PRELIMINARY LOCAL CLIMATOLOGICAL DATA (WS FORM: F-6) , PAGE 2

                                          STATION:  GARDEN CITY REGIONAL ARPT KS
                                          MONTH:    JANUARY
                                          YEAR:     2016
                                          LATITUDE:   37 55 N
                                          LONGITUDE: 100 43 W

[TEMPERATURE DATA]      [PRECIPITATION DATA]       SYMBOLS USED IN COLUMN 16

AVERAGE MONTHLY: 33.0   TOTAL FOR MONTH:   0.03    1 = FOG OR MIST
DPTR FM NORMAL:   2.1   DPTR FM NORMAL:   -0.31    2 = FOG REDUCING VISIBILITY
HIGHEST:    66 ON 29    GRTST 24HR  0.03 ON  7- 7      TO 1/4 MILE OR LESS
LOWEST:      7 ON 10                               3 = THUNDER
                                                   4 = ICE PELLETS
                                                   5 = HAIL
                                                   6 = FREEZING RAIN OR DRIZZLE
                                                   7 = DUSTSTORM OR SANDSTORM:
                                                       VSBY 1/2 MILE OR LESS
                                                   8 = SMOKE OR HAZE
[NO. OF DAYS WITH]      [WEATHER - DAYS WITH]      9 = BLOWING SNOW
                                                   X = TORNADO
MAX 32 OR BELOW:   3    0.01 INCH OR MORE:   1
MAX 90 OR ABOVE:   0    0.10 INCH OR MORE:   0
MIN 32 OR BELOW:  31    0.50 INCH OR MORE:   0
MIN  0 OR BELOW:   0    1.00 INCH OR MORE:   0

[HDD (BASE 65) ]
TOTAL THIS MO.   987    CLEAR  (SCALE 0-3)  17
DPTR FM NORMAL   -70    PTCLDY (SCALE 4-7)  11
TOTAL FM JUL 1  2726    CLOUDY (SCALE 8-10)  3
DPTR FM NORMAL  -454

[CDD (BASE 65) ]
TOTAL THIS MO.     0
DPTR FM NORMAL     0    [PRESSURE DATA]
TOTAL FM JAN 1     0    HIGHEST SLP 30.63 ON  1
DPTR FM NORMAL     0    LOWEST  SLP 29.40 ON 30

[REMARKS]
#FINAL-01-16#
