000
CXUS53 KDDC 031502
CF6GCK
PRELIMINARY LOCAL CLIMATOLOGICAL DATA (WS FORM: F-6)

                                          STATION:   GARDEN CITY REGIONAL ARPT KS
                                          MONTH:     JANUARY
                                          YEAR:      2014
                                          LATITUDE:   37 55 N
                                          LONGITUDE: 100 43 W

  TEMPERATURE IN F:       :PCPN:    SNOW:  WIND      :SUNSHINE: SKY     :PK WND
================================================================================
1   2   3   4   5  6A  6B    7    8   9   10  11  12  13   14  15   16   17  18
                                     12Z  AVG MX 2MIN
DY MAX MIN AVG DEP HDD CDD  WTR  SNW DPTH SPD SPD DIR MIN PSBL S-S WX    SPD DR
================================================================================

 1  32  11  22  -8  43   0    T    M    M 13.8 28  20   M    M   3 18     33  20
 2  49   9  29  -2  36   0 0.00    M    M  9.1 17 280   M    M   0        21 280
 3  55  22  39   8  26   0 0.00    M    M 12.6 20 190   M    M   0        23 180
 4  39  19  29  -2  36   0 0.01    M    M 19.9 30  20   M    M   6 18     35  10
 5  20   3  12 -19  53   0    T    M    M 14.8 25  30   M    M   6 18     30 360
 6  23 -13   5 -26  60   0 0.00    M    M 10.5 21 360   M    M   0        23 360
 7  41   5  23  -8  42   0 0.00    M    M  8.4 16 220   M    M   0 8      21 220
 8  35  16  26  -5  39   0 0.00    M    M 11.9 23  40   M    M   3 1      29  40
 9  34  14  24  -7  41   0 0.00    M    M 11.3 21 180   M    M   5 128    24 170
10  46  25  36   5  29   0 0.00    M    M 14.3 36 310   M    M   4 1      45 310
11  54  28  41  10  24   0 0.00    M    M 10.5 16 310   M    M   1        26 300
12  53  30  42  11  23   0 0.00    M    M 12.4 37 330   M    M   2        45 330
13  55  24  40   9  25   0 0.00    M    M 11.9 22 270   M    M   1        28 270
14  47  26  37   6  28   0    T    M    M 16.7 36 340   M    M   7        43 340
15  57  24  41  10  24   0 0.00    M    M 11.5 22 240   M    M   3        27 230
16  51  31  41  10  24   0 0.00    M    M 24.9 45 340   M    M   2 8      57 340
17  55  20  38   7  27   0 0.00    M    M  9.0 22  10   M    M   2        26  10
18  55  25  40   9  25   0 0.00    M    M 16.1 46 350   M    M   3 8      55 330
19  68  22  45  14  20   0 0.00    M    M  7.3 16 270   M    M   0        18 270
20  55  25  40   9  25   0 0.00    M    M 17.4 33 350   M    M   2 8      42 350
21  56  12  34   3  31   0 0.00    M    M  7.8 22 200   M    M   0        25 190
22  47  18  33   2  32   0 0.00    M    M 10.5 29  60   M    M   0        37  50
23  18   4  11 -20  54   0    T    M    M 12.0 28  50   M    M   5 8      35  50
24  53   3  28  -3  37   0 0.00    M    M 13.4 21 280   M    M   0        24 280
25  61  30  46  15  19   0 0.00    M    M 11.8 30 360   M    M   1        35 360
26  60  24  42  11  23   0 0.00    M    M 14.6 48  30   M    M   2 8      60  30
27  24  12  18 -13  47   0 0.01    M    M  9.6 30  30   M    M  10 1      37  20
28  27   8  18 -13  47   0    T    M    M  6.8 14 270   M    M   4 1      17 280
29  50   8  29  -3  36   0 0.00    M    M 10.8 24 190   M    M   0        30 190
30  52  26  39   7  26   0 0.00    M    M 15.3 25  10   M    M   1        31  10
31  26  19  23  -9  42   0 0.01    M    M 11.9 25  70   M    M   8 18     31  70
================================================================================
SM 1398  530      1044   0 0.03    M     388.8          M       81
================================================================================
AV 45.1 17.1                              12.5 FASTST   M    M   3      MAX(MPH)
                                 MISC ---->    48  30                     60  30
================================================================================
NOTES:
# LAST OF SEVERAL OCCURRENCES

COLUMN 17 PEAK WIND IN M.P.H.

PRELIMINARY LOCAL CLIMATOLOGICAL DATA (WS FORM: F-6) , PAGE 2

                                          STATION:  GARDEN CITY REGIONAL ARPT KS
                                          MONTH:    JANUARY
                                          YEAR:     2014
                                          LATITUDE:   37 55 N
                                          LONGITUDE: 100 43 W

[TEMPERATURE DATA]      [PRECIPITATION DATA]       SYMBOLS USED IN COLUMN 16

AVERAGE MONTHLY: 31.1   TOTAL FOR MONTH:   0.03    1 = FOG OR MIST
DPTR FM NORMAL:   0.2   DPTR FM NORMAL:   -0.31    2 = FOG REDUCING VISIBILITY
HIGHEST:    68 ON 19    GRTST 24HR  0.01 ON 31-31      TO 1/4 MILE OR LESS
LOWEST:    -13 ON  6                               3 = THUNDER
                        SNOW, ICE PELLETS, HAIL    4 = ICE PELLETS
                        TOTAL MONTH:    M          5 = HAIL
                        GRTST 24HR    M  ON   M    6 = FREEZING RAIN OR DRIZZLE
                        GRTST DEPTH:  M  ON   M    7 = DUSTSTORM OR SANDSTORM:
                                                       VSBY 1/2 MILE OR LESS
                                                   8 = SMOKE OR HAZE
[NO. OF DAYS WITH]      [WEATHER - DAYS WITH]      9 = BLOWING SNOW
                                                   X = TORNADO
MAX 32 OR BELOW:   7    0.01 INCH OR MORE:   3
MAX 90 OR ABOVE:   0    0.10 INCH OR MORE:   0
MIN 32 OR BELOW:  31    0.50 INCH OR MORE:   0
MIN  0 OR BELOW:   1    1.00 INCH OR MORE:   0

[HDD (BASE 65) ]
TOTAL THIS MO.  1044    CLEAR  (SCALE 0-3)  21
DPTR FM NORMAL   -13    PTCLDY (SCALE 4-7)   9
TOTAL FM JUL 1  3165    CLOUDY (SCALE 8-10)  1
DPTR FM NORMAL   -15

[CDD (BASE 65) ]
TOTAL THIS MO.     0
DPTR FM NORMAL     0    [PRESSURE DATA]
TOTAL FM JAN 1     0    HIGHEST SLP 30.87 ON 23
DPTR FM NORMAL     0    LOWEST  SLP 29.46 ON 30

[REMARKS]
#FINAL-01-14#
