000
CXUS53 KDDC 011410
CF6GCK
PRELIMINARY LOCAL CLIMATOLOGICAL DATA (WS FORM: F-6)

                                          STATION:   GARDEN CITY REGIONAL ARPT KS
                                          MONTH:     APRIL
                                          YEAR:      2014
                                          LATITUDE:   37 55 N
                                          LONGITUDE: 100 43 W

  TEMPERATURE IN F:       :PCPN:    SNOW:  WIND      :SUNSHINE: SKY     :PK WND
================================================================================
1   2   3   4   5  6A  6B    7    8   9   10  11  12  13   14  15   16   17  18
                                     12Z  AVG MX 2MIN
DY MAX MIN AVG DEP HDD CDD  WTR  SNW DPTH SPD SPD DIR MIN PSBL S-S WX    SPD DR
================================================================================

 1  57  27  42  -6  23   0 0.00    M    M 11.7 25 150   M    M   0        33 140
 2  64  36  50   2  15   0    T    M    M 15.4 26  60   M    M   5 18     33  70
 3  40  30  35 -14  30   0 0.08    M    M 15.2 28 330   M    M   8 1      35 340
 4  58  24  41  -8  24   0 0.00    M    M  8.5 17 120   M    M   0        19 120
 5  67  32  50   1  15   0 0.03    M    M 14.2 29 250   M    M   5        35 250
 6  57  40  49  -1  16   0 0.10    M    M  8.6 20 140   M    M   8 1      23 150
 7  61  35  48  -2  17   0    T    M    M 19.8 38 350   M    M   2 18     48 350
 8  69  30  50   0  15   0 0.00    M    M 10.4 22  10   M    M   0        29 360
 9  84  38  61  10   4   0 0.00    M    M  8.8 21 240   M    M   0        24 240
10  70  48  59   8   6   0 0.00    M    M 13.1 33  30   M    M   0        40  30
11  79  41  60   9   5   0 0.00    M    M 11.5 24 130   M    M   1        29 130
12  88  49  69  17   0   4 0.00    M    M  9.7 24 240   M    M   0 8      37 240
13  67  28  48  -4  17   0 0.02    M    M 27.0 41  20   M    M   7 128    50  10
14  45  26  36 -16  29   0 0.01    M    M 18.6 35 360   M    M   5 18     42  10
15  67  23  45  -8  20   0 0.00    M    M 14.5 26 200   M    M   0        32 190
16  67  37  52  -1  13   0 0.00    M    M 17.3 31 350   M    M   1        39 340
17  51  33  42 -11  23   0 0.20    M    M  9.2 22  30   M    M   7 18     30  30
18  71  37  54   0  11   0 0.00    M    M 17.6 30 180   M    M   1 18     39 190
19  82  51  67  13   0   2 0.00    M    M 18.1 31 200   M    M   0        36 200
20  81  53  67  13   0   2    T    M    M 12.5 24 190   M    M   3 3      31 180
21  74  48  61   6   4   0 0.00    M    M 12.0 24  30   M    M   3 12     28  20
22  81  41  61   6   4   0    T    M    M 17.7 31 180   M    M   0 38     40 180
23  85  55  70  14   0   5 0.00    M    M 24.4 43 360   M    M   0 38     51 360
24  71  48  60   4   5   0 0.01    M    M 16.1 41 360   M    M   3 38     52 350
25  81  44  63   7   2   0 0.00    M    M 11.0 21 220   M    M   0        25 150
26  91  55  73  16   0   8 0.00    M    M 20.3 39 210   M    M   1        48 210
27  72  46  59   2   6   0 0.00    M    M 24.5 40 280   M    M   4 8      49 270
28  65  43  54  -3  11   0 0.00    M    M 24.1 43 300   M    M   3        51 310
29  52  39  46 -12  19   0 0.02    M    M 31.2 52 350   M    M   9 18     65 340
30  58  31  45 -13  20   0 0.00    M    M 18.8 32 350   M    M   5        39 350
================================================================================
SM 2055 1168       354  21 0.47    M     481.8          M       81
================================================================================
AV 68.5 38.9                              16.1 FASTST   M    M   3      MAX(MPH)
                                 MISC ---->    52 350                     65 340
================================================================================
NOTES:
# LAST OF SEVERAL OCCURRENCES

COLUMN 17 PEAK WIND IN M.P.H.

PRELIMINARY LOCAL CLIMATOLOGICAL DATA (WS FORM: F-6) , PAGE 2

                                          STATION:  GARDEN CITY REGIONAL ARPT KS
                                          MONTH:    APRIL
                                          YEAR:     2014
                                          LATITUDE:   37 55 N
                                          LONGITUDE: 100 43 W

[TEMPERATURE DATA]      [PRECIPITATION DATA]       SYMBOLS USED IN COLUMN 16

AVERAGE MONTHLY: 53.7   TOTAL FOR MONTH:   0.47    1 = FOG OR MIST
DPTR FM NORMAL:   0.7   DPTR FM NORMAL:   -1.25    2 = FOG REDUCING VISIBILITY
HIGHEST:    91 ON 26    GRTST 24HR  0.20 ON 17-17      TO 1/4 MILE OR LESS
LOWEST:     23 ON 15                               3 = THUNDER
                        SNOW, ICE PELLETS, HAIL    4 = ICE PELLETS
                        TOTAL MONTH:    M          5 = HAIL
                        GRTST 24HR    M  ON   M    6 = FREEZING RAIN OR DRIZZLE
                        GRTST DEPTH:  M  ON   M    7 = DUSTSTORM OR SANDSTORM:
                                                       VSBY 1/2 MILE OR LESS
                                                   8 = SMOKE OR HAZE
[NO. OF DAYS WITH]      [WEATHER - DAYS WITH]      9 = BLOWING SNOW
                                                   X = TORNADO
MAX 32 OR BELOW:   0    0.01 INCH OR MORE:   8
MAX 90 OR ABOVE:   1    0.10 INCH OR MORE:   2
MIN 32 OR BELOW:   9    0.50 INCH OR MORE:   0
MIN  0 OR BELOW:   0    1.00 INCH OR MORE:   0

[HDD (BASE 65) ]
TOTAL THIS MO.   354    CLEAR  (SCALE 0-3)  19
DPTR FM NORMAL   -20    PTCLDY (SCALE 4-7)  10
TOTAL FM JUL 1  5271    CLOUDY (SCALE 8-10)  1
DPTR FM NORMAL   209

[CDD (BASE 65) ]
TOTAL THIS MO.    21
DPTR FM NORMAL     9    [PRESSURE DATA]
TOTAL FM JAN 1    21    HIGHEST SLP 30.37 ON 14
DPTR FM NORMAL     9    LOWEST  SLP 29.04 ON 27

[REMARKS]
#FINAL-04-14#
