000
CXUS43 KDDC 021631
CF6GCK
PRELIMINARY LOCAL CLIMATOLOGICAL DATA (WS FORM: F-6)

                                          STATION:   GARDEN CITY REGIONAL ARPT KS
                                          MONTH:     OCTOBER
                                          YEAR:      2010
                                          LATITUDE:   37 55 N
                                          LONGITUDE: 100 43 W

  TEMPERATURE IN F:       :PCPN:    SNOW:  WIND      :SUNSHINE: SKY     :PK WND
================================================================================
1   2   3   4   5  6A  6B    7    8   9   10  11  12  13   14  15   16   17  18
                                     12Z  AVG MX 2MIN
DY MAX MIN AVG DEP HDD CDD  WTR  SNW DPTH SPD SPD DIR MIN PSBL S-S WX    SPD DR
================================================================================

 1  80  47  64   1   1   0 0.00    M    M  8.4 18 150   M    M   2        24 140
 2  68  50  59  -3   6   0 0.00    M    M 12.5 28  50   M    M   2        33  60
 3  67  45  56  -6   9   0 0.02    M    M 14.3 25 150   M    M   4        31 150
 4  78  44  61   0   4   0 0.00    M    M 17.4 30 170   M    M   0        38 180
 5  84  49  67   6   0   2 0.00    M    M 18.4 32 180   M    M   0        39 190
 6  87  50  69   8   0   4 0.00    M    M  8.0 14  80   M    M   0 8      17  70
 7  90  51  71  11   0   6 0.00    M    M  9.8 21 130   M    M   0        28 150
 8  90  52  71  11   0   6    T    M    M 13.0 28 190   M    M   1        37 200
 9  76  46  61   2   4   0 0.00    M    M 11.8 26 340   M    M   0        32 340
10  74  48  61   2   4   0 0.06    M    M  7.5 23 310   M    M   2        26 310
11  66  44  55  -3  10   0 0.00    M    M 13.8 24 360   M    M   5        29 360
12  72  44  58   0   7   0 0.00    M    M 14.2 28  10   M    M   2        37  20
13  69  37  53  -4  12   0 0.00    M    M  5.7 14 330   M    M   2 8      18 320
14  83  42  63   6   2   0 0.00    M    M  6.8 16 280   M    M   0 8      23 330
15  86  41  64   8   1   0 0.00    M    M  8.2 22 180   M    M   0 8      28 180
16  85  44  65   9   0   0 0.00    M    M 12.3 22  30   M    M   0        26  30
17  82  40  61   5   4   0 0.00    M    M  7.8 17  50   M    M   0        20 180
18  66  46  56   1   9   0 0.00    M    M 12.8 26  50   M    M   1        33  40
19  70  42  56   1   9   0 0.00    M    M  6.1 13 250   M    M   4        17 240
20  81  37  59   5   6   0 0.00    M    M  7.3 16 250   M    M   0 8      24 240
21  72  43  58   4   7   0 0.32    M    M  6.4 20 240   M    M   1 138    24 240
22  67  51  59   6   6   0 0.22    M    M 11.4 25 180   M    M   5 13     31 170
23  73  47  60   7   5   0 0.00    M    M  8.5 20 180   M    M   0 18     24 180
24  75  42  59   7   6   0 0.00    M    M  7.9 16 180   M    M   0 18     22 180
25  72  43  58   7   7   0    T    M    M 14.9 38 340   M    M   2 78     48 340
26  65  34  50  -1  15   0 0.00    M    M 14.0 29 260   M    M   1        36 270
27  63  27  45  -5  20   0 0.00    M    M 14.2 31 320   M    M   1        38 320
28  62  28  45  -5  20   0 0.00    M    M  8.4 14 180   M    M   0        18 180
29  78  39  59  10   6   0 0.00    M    M 14.4 28 210   M    M   0        35 210
30  81  33  57   8   8   0 0.00    M    M 12.6 25  30   M    M   0        35  50
31  63  34  49   1  16   0 0.00    M    M 12.0 23  30   M    M   0        28  40
================================================================================
SM 2325 1320       204  18 0.62    M     340.8          M       35
================================================================================
AV 75.0 42.6                              11.0 FASTST   M    M   1      MAX(MPH)
                                 MISC ---->    38 340                     48 340
================================================================================
NOTES:
# LAST OF SEVERAL OCCURRENCES

COLUMN 17 PEAK WIND IN M.P.H.

PRELIMINARY LOCAL CLIMATOLOGICAL DATA (WS FORM: F-6) , PAGE 2

                                          STATION:  GARDEN CITY REGIONAL ARPT KS
                                          MONTH:    OCTOBER
                                          YEAR:     2010
                                          LATITUDE:   37 55 N
                                          LONGITUDE: 100 43 W

[TEMPERATURE DATA]      [PRECIPITATION DATA]       SYMBOLS USED IN COLUMN 16

AVERAGE MONTHLY: 58.8   TOTAL FOR MONTH:   0.62    1 = FOG OR MIST
DPTR FM NORMAL:   3.0   DPTR FM NORMAL:   -0.32    2 = FOG REDUCING VISIBILITY
HIGHEST:    90 ON  8, 7 GRTST 24HR  0.49 ON 21-22      TO 1/4 MILE OR LESS
LOWEST:     27 ON 27                               3 = THUNDER
                        SNOW, ICE PELLETS, HAIL    4 = ICE PELLETS
                        TOTAL MONTH:    M          5 = HAIL
                        GRTST 24HR    M  ON   M    6 = FREEZING RAIN OR DRIZZLE
                        GRTST DEPTH:  M  ON   M    7 = DUSTSTORM OR SANDSTORM:
                                                       VSBY 1/2 MILE OR LESS
                                                   8 = SMOKE OR HAZE
[NO. OF DAYS WITH]      [WEATHER - DAYS WITH]      9 = BLOWING SNOW
                                                   X = TORNADO
MAX 32 OR BELOW:   0    0.01 INCH OR MORE:   4
MAX 90 OR ABOVE:   2    0.10 INCH OR MORE:   2
MIN 32 OR BELOW:   2    0.50 INCH OR MORE:   0
MIN  0 OR BELOW:   0    1.00 INCH OR MORE:   0

[HDD (BASE 65) ]
TOTAL THIS MO.   204    CLEAR  (SCALE 0-3)  27
DPTR FM NORMAL   -92    PTCLDY (SCALE 4-7)   4
TOTAL FM JUL 1   212    CLOUDY (SCALE 8-10)  0
DPTR FM NORMAL  -141

[CDD (BASE 65) ]
TOTAL THIS MO.    18
DPTR FM NORMAL     9    [PRESSURE DATA]
TOTAL FM JAN 1  1625    HIGHEST SLP 30.61 ON 28
DPTR FM NORMAL   307    LOWEST  SLP 29.04 ON 25

[REMARKS]
#FINAL-10-10#
