000
CXUS43 KDDC 031929
CF6GCK
PRELIMINARY LOCAL CLIMATOLOGICAL DATA (WS FORM: F-6)

                                          STATION:   GARDEN CITY REGIONAL ARPT KS
                                          MONTH:     DECEMBER
                                          YEAR:      2010
                                          LATITUDE:   37 55 N
                                          LONGITUDE: 100 43 W

  TEMPERATURE IN F:       :PCPN:    SNOW:  WIND      :SUNSHINE: SKY     :PK WND
================================================================================
1   2   3   4   5  6A  6B    7    8   9   10  11  12  13   14  15   16   17  18
                                     12Z  AVG MX 2MIN
DY MAX MIN AVG DEP HDD CDD  WTR  SNW DPTH SPD SPD DIR MIN PSBL S-S WX    SPD DR
================================================================================

 1  52  12  32  -3  33   0 0.00    M    M  8.8 21 200   M    M   0        25 190
 2  60  21  41   6  24   0 0.00    M    M  7.3 15 330   M    M   0        20 330
 3  62  28  45  10  20   0 0.00    M    M 11.0 37  20   M    M   0 8      43  20
 4  44  23  34   0  31   0 0.00    M    M 14.7 30  20   M    M   0        37  30
 5  36  20  28  -6  37   0 0.00    M    M  2.9 10  80   M    M   3        13  70
 6  50  16  33  -1  32   0 0.00    M    M  5.8 12 140   M    M   0        14 150
 7  41  26  34   0  31   0 0.03    M    M  6.4 15  50   M    M   8 1      17  50
 8  55  21  38   5  27   0 0.00    M    M  8.0 13 240   M    M   1 12     16 290
 9  63  26  45  12  20   0 0.00    M    M 11.3 30  20   M    M   0        37  20
10  64  26  45  12  20   0 0.00    M    M 12.4 33 350   M    M   1        44 360
11  47  20  34   1  31   0 0.00    M    M 24.8 39 350   M    M   1        47 350
12  43   7  25  -7  40   0 0.00    M    M  8.2 17 360   M    M   2        33  10
13  49  15  32   0  33   0 0.00    M    M  8.2 16 110   M    M   0        20 120
14  53  13  33   1  32   0 0.00    M    M  8.0 16 140   M    M   0        20 150
15  44  19  32   0  33   0 0.00    M    M  9.3 20 350   M    M   0        24 350
16  45  26  36   4  29   0 0.00    M    M 10.0 21 350   M    M   6        25 340
17  39  31  35   4  30   0 0.00    M    M  5.4 10 170   M    M  10        16 180
18  39  20  30  -1  35   0 0.00    M    M  5.8 15 190   M    M   8        18 200
19  50  17  34   3  31   0 0.00    M    M  6.5 17 150   M    M   3 12     22 150
20  67  28  48  17  17   0 0.00    M    M 10.5 24 360   M    M   0 1      29  10
21  41  24  33   2  32   0 0.00    M    M  9.4 20  70   M    M   1 18     23  70
22  38  22  30  -1  35   0 0.00    M    M  5.9 14 130   M    M   2        17 130
23  49  18  34   4  31   0 0.00    M    M 14.9 26 190   M    M   6        32 190
24  44  14  29  -1  36   0    T    M    M 13.6 24 360   M    M   5 68     30 360
25  31  14  23  -7  42   0 0.00    M    M  7.2 18  20   M    M   6 1      22  10
26  39  10  25  -5  40   0 0.00    M    M 17.0 28 150   M    M   0 18     35 150
27  51  13  32   2  33   0 0.00    M    M  9.0 24 360   M    M   2 18     29  10
28  49  19  34   4  31   0 0.00    M    M  8.0 17 180   M    M   2        21 180
29  55  18  37   8  28   0 0.00    M    M 12.3 28 180   M    M   0 1      33 170
30  51  19  35   6  30   0 0.04    M    M 15.1 32  50   M    M   3 12     39  60
31  19  -1   9 -20  56   0    T    M    M 16.1 29  70   M    M   5 18     35  80
================================================================================
SM 1470  585       980   0 0.07    M     313.8          M       75
================================================================================
AV 47.4 18.9                              10.1 FASTST   M    M   2    MAX(MPH)
                                 MISC ---->    39 350                     47 350
================================================================================
NOTES:
# LAST OF SEVERAL OCCURRENCES

COLUMN 17 PEAK WIND IN M.P.H.

PRELIMINARY LOCAL CLIMATOLOGICAL DATA (WS FORM: F-6) , PAGE 2

                                          STATION:  GARDEN CITY REGIONAL ARPT KS
                                          MONTH:    DECEMBER
                                          YEAR:     2010
                                          LATITUDE:   37 55 N
                                          LONGITUDE: 100 43 W

[TEMPERATURE DATA]      [PRECIPITATION DATA]       SYMBOLS USED IN COLUMN 16

AVERAGE MONTHLY: 33.2   TOTAL FOR MONTH:   0.07    1 = FOG OR MIST
DPTR FM NORMAL:   1.2   DPTR FM NORMAL:   -0.38    2 = FOG REDUCING VISIBILITY
HIGHEST:    67 ON 20    GRTST 24HR  0.04 ON  30        TO 1/4 MILE OR LESS
LOWEST:     -1 ON 31                               3 = THUNDER
                        SNOW, ICE PELLETS, HAIL    4 = ICE PELLETS
                        TOTAL MONTH:    M          5 = HAIL
                        GRTST 24HR    M  ON   M    6 = FREEZING RAIN OR DRIZZLE
                        GRTST DEPTH:  M  ON   M    7 = DUSTSTORM OR SANDSTORM:
                                                       VSBY 1/2 MILE OR LESS
                                                   8 = SMOKE OR HAZE
[NO. OF DAYS WITH]      [WEATHER - DAYS WITH]      9 = BLOWING SNOW
                                                   X = TORNADO
MAX 32 OR BELOW:   2    0.01 INCH OR MORE:   2
MAX 90 OR ABOVE:   0    0.10 INCH OR MORE:   0
MIN 32 OR BELOW:  31    0.50 INCH OR MORE:   0
MIN  0 OR BELOW:   1    1.00 INCH OR MORE:   0

[HDD (BASE 65) ]
TOTAL THIS MO.   980    CLEAR  (SCALE 0-3)  23
DPTR FM NORMAL   -50    PTCLDY (SCALE 4-7)   7
TOTAL FM JUL 1  1878    CLOUDY (SCALE 8-10)  1
DPTR FM NORMAL  -228

[CDD (BASE 65) ]
TOTAL THIS MO.     0
DPTR FM NORMAL     0    [PRESSURE DATA]
TOTAL FM JAN 1  1625    HIGHEST SLP 30.61 ON  5
DPTR FM NORMAL   307    LOWEST  SLP 29.08 ON 30

[REMARKS]
#FINAL-12-10#
