000
CXUS43 KDDC 020025
CF6GCK
PRELIMINARY LOCAL CLIMATOLOGICAL DATA (WS FORM: F-6)

                                          STATION:   GARDEN CITY REGIONAL ARPT KS
                                          MONTH:     NOVEMBER
                                          YEAR:      2010
                                          LATITUDE:   37 55 N
                                          LONGITUDE: 100 43 W

  TEMPERATURE IN F:       :PCPN:    SNOW:  WIND      :SUNSHINE: SKY     :PK WND
================================================================================
1   2   3   4   5  6A  6B    7    8   9   10  11  12  13   14  15   16   17  18
                                     12Z  AVG MX 2MIN
DY MAX MIN AVG DEP HDD CDD  WTR  SNW DPTH SPD SPD DIR MIN PSBL S-S WX    SPD DR
================================================================================

 1  64  32  48   0  17   0 0.00    M    M 10.0 16  20   M    M   0        21  10
 2  69  29  49   2  16   0 0.00    M    M  7.1 17  20   M    M   0        24  10
 3  69  36  53   6  12   0 0.00    M    M 15.7 32 360   M    M   1        38 360
 4  58  27  43  -3  22   0 0.00    M    M 13.7 24 360   M    M   0        31 360
 5  61  20  41  -4  24   0 0.00    M    M  9.4 18 180   M    M   0 8      23 190
 6  75  30  53   8  12   0 0.00    M    M 11.2 21 180   M    M   0        26 180
 7  82  38  60  16   5   0 0.00    M    M 16.1 38 200   M    M   0        48 200
 8  79  36  58  14   7   0 0.00    M    M  8.5 18 180   M    M   0        21 180
 9  78  44  61  18   4   0 0.00    M    M 15.8 41 350   M    M   1        46 360
10  56  32  44   1  21   0 0.00    M    M 10.5 21 350   M    M   1 8      25 350
11  49  34  42  -1  23   0 0.05    M    M 14.4 26  20   M    M   7 1      31  20
12  41  25  33  -9  32   0 0.00    M    M 16.1 25 350   M    M   8 1      31 350
13  50  19  35  -7  30   0 0.00    M    M  8.3 17 320   M    M   2        21 330
14  50  32  41   0  24   0 0.00    M    M  6.5 14 240   M    M   5        18 260
15  56  25  41   0  24   0 0.00    M    M  5.7 16  10   M    M   2 18     20  10
16  62  21  42   2  23   0 0.00    M    M 11.4 25 190   M    M   2        33 220
17  44  27  36  -4  29   0 0.06    M    M 17.8 37  10   M    M   6 1      46  10
18  55  23  39  -1  26   0 0.00    M    M 14.0 28 180   M    M   0 1      35 200
19  59  29  44   5  21   0 0.00    M    M 12.0 18  50   M    M   0 1      23  50
20  36  30  33  -6  32   0 0.00    M    M  8.6 21  50   M    M  10 12     25  50
21  75  24  50  12  15   0 0.00    M    M 13.5 32 250   M    M   5 12     41 260
22  50  24  37  -1  28   0 0.00    M    M  7.4 22 350   M    M   4 12     28 360
23  50  18  34  -4  31   0 0.00    M    M 14.1 32 140   M    M   3 12     40 150
24  59  21  40   3  25   0 0.00    M    M 20.6 32  30   M    M   0        40  20
25  38  15  27 -10  38   0 0.00    M    M  7.7 18  30   M    M   2        22 290
26  52   6  29  -8  36   0 0.00    M    M  7.1 16 360   M    M   0        21 350
27  61  20  41   5  24   0 0.00    M    M 13.1 31 180   M    M   0        38 170
28  65  29  47  11  18   0 0.00    M    M 19.0 37 180   M    M   0        44 200
29  42  24  33  -3  32   0 0.00    M    M 21.4 35 330   M    M   5        41 330
30  43  17  30  -5  35   0 0.00    M    M 15.2 26 310   M    M   0 8      35 300
================================================================================
SM 1728  787       686   0 0.11    M     371.9          M       64
================================================================================
AV 57.6 26.2                              12.4 FASTST   M    M   2    MAX(MPH)
                                 MISC ---->    41 350                     48 200
================================================================================
NOTES:
# LAST OF SEVERAL OCCURRENCES

COLUMN 17 PEAK WIND IN M.P.H.

PRELIMINARY LOCAL CLIMATOLOGICAL DATA (WS FORM: F-6) , PAGE 2

                                          STATION:  GARDEN CITY REGIONAL ARPT KS
                                          MONTH:    NOVEMBER
                                          YEAR:     2010
                                          LATITUDE:   37 55 N
                                          LONGITUDE: 100 43 W

[TEMPERATURE DATA]      [PRECIPITATION DATA]       SYMBOLS USED IN COLUMN 16

AVERAGE MONTHLY: 41.9   TOTAL FOR MONTH:   0.11    1 = FOG OR MIST
DPTR FM NORMAL:   1.0   DPTR FM NORMAL:   -0.77    2 = FOG REDUCING VISIBILITY
HIGHEST:    82 ON  7    GRTST 24HR  0.06 ON 17-17      TO 1/4 MILE OR LESS
LOWEST:      6 ON 26                               3 = THUNDER
                        SNOW, ICE PELLETS, HAIL    4 = ICE PELLETS
                        TOTAL MONTH:    M          5 = HAIL
                        GRTST 24HR    M  ON   M    6 = FREEZING RAIN OR DRIZZLE
                        GRTST DEPTH:  M  ON   M    7 = DUSTSTORM OR SANDSTORM:
                                                       VSBY 1/2 MILE OR LESS
                                                   8 = SMOKE OR HAZE
[NO. OF DAYS WITH]      [WEATHER - DAYS WITH]      9 = BLOWING SNOW
                                                   X = TORNADO
MAX 32 OR BELOW:   0    0.01 INCH OR MORE:   2
MAX 90 OR ABOVE:   0    0.10 INCH OR MORE:   0
MIN 32 OR BELOW:  25    0.50 INCH OR MORE:   0
MIN  0 OR BELOW:   0    1.00 INCH OR MORE:   0

[HDD (BASE 65) ]
TOTAL THIS MO.   686    CLEAR  (SCALE 0-3)  23
DPTR FM NORMAL   -37    PTCLDY (SCALE 4-7)   5
TOTAL FM JUL 1   898    CLOUDY (SCALE 8-10)  2
DPTR FM NORMAL  -178

[CDD (BASE 65) ]
TOTAL THIS MO.     0
DPTR FM NORMAL     0    [PRESSURE DATA]
TOTAL FM JAN 1  1625    HIGHEST SLP 30.45 ON  4
DPTR FM NORMAL   307    LOWEST  SLP 29.39 ON 28

[REMARKS]
#FINAL-11-10#
