000
CXUS53 KDDC 311200
CF6GCK
PRELIMINARY LOCAL CLIMATOLOGICAL DATA (WS FORM: F-6)

                                          STATION:   GARDEN CITY REGIONAL ARPT KS
                                          MONTH:     DECEMBER
                                          YEAR:      2013
                                          LATITUDE:   37 55 N
                                          LONGITUDE: 100 43 W

  TEMPERATURE IN F:       :PCPN:    SNOW:  WIND      :SUNSHINE: SKY     :PK WND
================================================================================
1   2   3   4   5  6A  6B    7    8   9   10  11  12  13   14  15   16   17  18
                                     12Z  AVG MX 2MIN
DY MAX MIN AVG DEP HDD CDD  WTR  SNW DPTH SPD SPD DIR MIN PSBL S-S WX    SPD DR
================================================================================

 1  57  24  41   6  24   0 0.00    M    M  3.8  9 320   M    M   0        12 320
 2  65  31  48  14  17   0 0.00    M    M  7.9 14 210   M    M   0        16 210
 3  64  25  45  11  20   0 0.00    M    M  8.2 33  10   M    M   1 1      40  10
 4  29  14  22 -12  43   0    T    M    M 21.6 30  10   M    M  10 16     36  10
 5  15   8  12 -21  53   0    T    M    0 11.2 23 360   M    M   8 1      29 350
 6  16   3  10 -23  55   0    T    M    0  9.4 16  40   M    M   6 8      20  50
 7  13   2   8 -25  57   0    T    M    0 13.2 23 140   M    M   9 8      29 140
 8  21   4  13 -19  52   0    T    M    0 11.3 21 130   M    M   8 18     24 130
 9  20   0  10 -22  55   0 0.00    M    M  6.7 17 360   M    M   3        21 350
10  47   3  25  -7  40   0 0.00    M    M 10.4 23 200   M    M   0 8      29 200
11  31  19  25  -7  40   0 0.00    M    M  9.1 18  10   M    M   1        23  10
12  49  27  38   6  27   0 0.00  0.0    0  8.6 17 200   M    M   0        22 190
13  50  16  33   1  32   0 0.00    M    M 10.1 21  30   M    M   0        25  40
14  49  19  34   3  31   0 0.00    M    M 12.6 24 350   M    M   1 1      30 350
15  57  19  38   7  27   0 0.00    M    M  9.3 15 240   M    M   0        19 260
16  64  22  43  12  22   0 0.00    M    M  7.9 18 350   M    M   0        22 330
17  57  28  43  12  22   0 0.00    M    M  9.7 15 330   M    M   0        17 320
18  65  26  46  15  19   0 0.00    M    M  8.2 16 200   M    M   0        19 220
19  53  23  38   7  27   0 0.00    M    M 12.9 37  20   M    M   1        44  20
20  27  17  22  -9  43   0 0.00    M    M  9.8 30 350   M    M   5        35 360
21  28  17  23  -8  42   0 0.01    M    M  6.3 14  70   M    M   5 1      16  40
22  40   9  25  -6  40   0 0.00    M    M  9.1 17  10   M    M   1        21  10
23  27  15  21 -10  44   0 0.00    M    M 13.4 24  50   M    M   8 18     31  50
24  47  16  32   1  33   0 0.00    M    M 14.1 24  10   M    M   5 18     30  10
25  48  18  33   2  32   0 0.00    M    M  9.9 23 340   M    M   0        28 340
26  58  19  39   8  26   0 0.00    M    M  9.0 21 350   M    M   0        24 350
27  60  20  40  10  25   0 0.00    M    M  9.3 16 190   M    M   0        21 200
28  59  21  40  10  25   0 0.00    M    M 13.1 39  20   M    M   0        47  20
29  27  10  19 -11  46   0    T    M    M 16.2 36  10   M    M   2        44  10
30  53  11  32   2  33   0 0.00    M    M 11.8 30 350   M    M   1        38 350
================================================================================
SM 1296  486      1052   0  0.01     0.0 314.1          M       75
================================================================================
AV 43.2 16.2                              10.5 FASTST   M    M   3    MAX(MPH)
                                 MISC ---->  # 39  20               # 47   20
================================================================================
NOTES:
# LAST OF SEVERAL OCCURRENCES

COLUMN 17 PEAK WIND IN M.P.H.

PRELIMINARY LOCAL CLIMATOLOGICAL DATA (WS FORM: F-6) , PAGE 2

                                          STATION:  GARDEN CITY REGIONAL ARPT KS
                                          MONTH:    DECEMBER
                                          YEAR:     2013
                                          LATITUDE:   37 55 N
                                          LONGITUDE: 100 43 W

[TEMPERATURE DATA]      [PRECIPITATION DATA]       SYMBOLS USED IN COLUMN 16

AVERAGE MONTHLY: 29.7   TOTAL FOR MONTH:   0.01    1 = FOG OR MIST
DPTR FM NORMAL:  -2.0   DPTR FM NORMAL:   -0.50    2 = FOG REDUCING VISIBILITY
HIGHEST:    65 ON 18, 2 GRTST 24HR  0.01 ON 21-21      TO 1/4 MILE OR LESS
LOWEST:      0 ON  9                               3 = THUNDER
                        SNOW, ICE PELLETS, HAIL    4 = ICE PELLETS
                        TOTAL MONTH:   0.0 INCH    5 = HAIL
                        GRTST 24HR     0.0         6 = FREEZING RAIN OR DRIZZLE
                        GRTST DEPTH:   0           7 = DUSTSTORM OR SANDSTORM:
                                                       VSBY 1/2 MILE OR LESS
                                                   8 = SMOKE OR HAZE
[NO. OF DAYS WITH]      [WEATHER - DAYS WITH]      9 = BLOWING SNOW
                                                   X = TORNADO
MAX 32 OR BELOW:  11    0.01 INCH OR MORE:   1
MAX 90 OR ABOVE:   0    0.10 INCH OR MORE:   0
MIN 32 OR BELOW:  30    0.50 INCH OR MORE:   0
MIN  0 OR BELOW:   1    1.00 INCH OR MORE:   0

[HDD (BASE 65) ]
TOTAL THIS MO.  1052    CLEAR  (SCALE 0-3)  21
DPTR FM NORMAL    58    PTCLDY (SCALE 4-7)   5
TOTAL FM JUL 1  2096    CLOUDY (SCALE 8-10)  4
DPTR FM NORMAL    13

[CDD (BASE 65) ]
TOTAL THIS MO.     0
DPTR FM NORMAL     0    [PRESSURE DATA]
TOTAL FM JAN 1  1591    HIGHEST SLP M ON M
DPTR FM NORMAL   293    LOWEST  SLP 29.42 ON  3

[REMARKS]
