000
CXUS53 KDDC 011635
CF6GCK
PRELIMINARY LOCAL CLIMATOLOGICAL DATA (WS FORM: F-6)

                                          STATION:   GARDEN CITY REGIONAL ARPT KS
                                          MONTH:     MARCH
                                          YEAR:      2014
                                          LATITUDE:   37 55 N
                                          LONGITUDE: 100 43 W

  TEMPERATURE IN F:       :PCPN:    SNOW:  WIND      :SUNSHINE: SKY     :PK WND
================================================================================
1   2   3   4   5  6A  6B    7    8   9   10  11  12  13   14  15   16   17  18
                                     12Z  AVG MX 2MIN
DY MAX MIN AVG DEP HDD CDD  WTR  SNW DPTH SPD SPD DIR MIN PSBL S-S WX    SPD DR
================================================================================

 1  24   4  14 -25  51   0    T    M    M 18.0 26  30   M    M  10 169    30  30
 2   6  -3   2 -37  63   0 0.01    M    M 14.6 23  30   M    M   9 18     28  40
 3  22  -5   9 -31  56   0 0.00    M    M 11.5 24 180   M    M   0        27 180
 4  58  14  36  -4  29   0 0.00    M    M  9.6 17 190   M    M   0        20 180
 5  38  24  31  -9  34   0 0.02    M    M 12.9 29  10   M    M   7 128    34  10
 6  69  24  47   6  18   0 0.00    M    M 14.3 26 200   M    M   3 12     33 190
 7  53  28  41   0  24   0 0.00    M    M 18.8 33  30   M    M   4        41  30
 8  46  24  35  -6  30   0 0.01    M    M 13.5 31  20   M    M   6 18     37  20
 9  69  27  48   6  17   0 0.00    M    M 11.6 23 220   M    M   0 1      28 220
10  78  31  55  13  10   0 0.00    M    M  8.1 18 190   M    M   0        24 150
11  58  31  45   3  20   0    T    M    M 24.7 49  10   M    M   4 78     59  10
12  55  25  40  -2  25   0 0.00    M    M 12.8 21 340   M    M   0 7      27 330
13  72  19  46   3  19   0 0.00    M    M 10.9 30 200   M    M   0        40 190
14  64  38  51   8  14   0 0.00    M    M 11.3 25  10   M    M   0        30  10
15  69  32  51   8  14   0 0.00    M    M 18.9 43  10   M    M   2 8      52 360
16  48  29  39  -5  26   0 0.00    M    M 15.1 30  10   M    M   4        37  30
17  74  29  52   8  13   0 0.00    M    M 16.1 32 180   M    M   0        39 180
18  57  34  46   2  19   0    T    M    M 26.0 44 330   M    M   3 1      55 350
19  57  24  41  -3  24   0 0.00    M    M  9.7 18 240   M    M   0        30 250
20  70  27  49   4  16   0 0.00    M    M  9.7 18 100   M    M   0        24 150
21  59  38  49   4  16   0 0.00    M    M 18.4 32  10   M    M   0        39 360
22  46  22  34 -11  31   0    T    M    M 17.1 37  30   M    M   3 1      43  30
23  45  17  31 -15  34   0 0.00    M    M 12.0 23 180   M    M   6        29 170
24  50  20  35 -11  30   0 0.00    M    M 15.0 32  20   M    M   0        43  20
25  56  21  39  -7  26   0 0.00    M    M 13.7 25 150   M    M   2        33 180
26  60  37  49   3  16   0 0.00    M    M 23.0 37 180   M    M   1 8      48 190
27  61  37  49   2  16   0 0.00    M    M 15.0 32 330   M    M   1        39 330
28  61  30  46  -1  19   0 0.00    M    M  8.9 26 290   M    M   3 18     35 300
29  70  23  47   0  18   0 0.00    M    M 13.8 32 200   M    M   0        40 200
30  82  47  65  17   0   0 0.00    M    M 20.4 35 180   M    M   0 8      42 170
31  69  35  52   4  13   0 0.00    M    M 18.9 31  20   M    M   2 8      40 280
================================================================================
SM 1746  783       741   0 0.04    M     464.3          M       70
================================================================================
AV 56.3 25.3                              15.0 FASTST   M    M   2      MAX(MPH)
                                 MISC ---->    49  10                     59  10
================================================================================
NOTES:
# LAST OF SEVERAL OCCURRENCES

COLUMN 17 PEAK WIND IN M.P.H.

PRELIMINARY LOCAL CLIMATOLOGICAL DATA (WS FORM: F-6) , PAGE 2

                                          STATION:  GARDEN CITY REGIONAL ARPT KS
                                          MONTH:    MARCH
                                          YEAR:     2014
                                          LATITUDE:   37 55 N
                                          LONGITUDE: 100 43 W

[TEMPERATURE DATA]      [PRECIPITATION DATA]       SYMBOLS USED IN COLUMN 16

AVERAGE MONTHLY: 40.8   TOTAL FOR MONTH:   0.04    1 = FOG OR MIST
DPTR FM NORMAL:  -2.8   DPTR FM NORMAL:   -1.42    2 = FOG REDUCING VISIBILITY
HIGHEST:    82 ON 30    GRTST 24HR  0.02 ON  5- 5      TO 1/4 MILE OR LESS
LOWEST:     -5 ON  3                               3 = THUNDER
                        SNOW, ICE PELLETS, HAIL    4 = ICE PELLETS
                        TOTAL MONTH:    M          5 = HAIL
                        GRTST 24HR    M  ON   M    6 = FREEZING RAIN OR DRIZZLE
                        GRTST DEPTH:  M  ON   M    7 = DUSTSTORM OR SANDSTORM:
                                                       VSBY 1/2 MILE OR LESS
                                                   8 = SMOKE OR HAZE
[NO. OF DAYS WITH]      [WEATHER - DAYS WITH]      9 = BLOWING SNOW
                                                   X = TORNADO
MAX 32 OR BELOW:   3    0.01 INCH OR MORE:   3
MAX 90 OR ABOVE:   0    0.10 INCH OR MORE:   0
MIN 32 OR BELOW:  24    0.50 INCH OR MORE:   0
MIN  0 OR BELOW:   2    1.00 INCH OR MORE:   0

[HDD (BASE 65) ]
TOTAL THIS MO.   741    CLEAR  (SCALE 0-3)  23
DPTR FM NORMAL    77    PTCLDY (SCALE 4-7)   6
TOTAL FM JUL 1  4917    CLOUDY (SCALE 8-10)  2
DPTR FM NORMAL   229

[CDD (BASE 65) ]
TOTAL THIS MO.     0
DPTR FM NORMAL     0    [PRESSURE DATA]
TOTAL FM JAN 1     0    HIGHEST SLP 30.61 ON  2
DPTR FM NORMAL     0    LOWEST  SLP 29.21 ON 18

[REMARKS]
#FINAL-03-14#
