412
CXUS53 KDDC 011341
CF6GCK
PRELIMINARY LOCAL CLIMATOLOGICAL DATA (WS FORM: F-6)

                                          STATION:   GARDEN CITY REGIONAL ARPT KS
                                          MONTH:     AUGUST
                                          YEAR:      2017
                                          LATITUDE:   37 55 N
                                          LONGITUDE: 100 43 W

  TEMPERATURE IN F:       :PCPN:    SNOW:  WIND      :SUNSHINE: SKY     :PK WND
================================================================================
1   2   3   4   5  6A  6B    7    8   9   10  11  12  13   14  15   16   17  18
                                     12Z  AVG MX 2MIN
DY MAX MIN AVG DEP HDD CDD  WTR  SNW DPTH SPD SPD DIR MIN PSBL S-S WX    SPD DR
================================================================================

 1  85  66  76  -2   0  11 0.00    M    M  4.6 15 130   M    M   6 138    17  90
 2  86  62  74  -4   0   9 0.00    M    M  5.6 17 130   M    M   1 18     21 140
 3  78  61  70  -8   0   5 0.00    M    M 10.5 22  10   M    M   1 1      26 360
 4  83  60  72  -6   0   7 0.00    M    M 12.5 22 140   M    M   5        28 140
 5  93  65  79   1   0  14 0.00    M    M 12.7 29  30   M    M   0        35  30
 6  85  65  75  -3   0  10 0.00    M    M 11.4 20  70   M    M   5 1      24  60
 7  77  60  69  -9   0   4 1.24    M    M 10.0 21  30   M    M   7 1      27  30
 8  76  58  67 -11   0   2 0.00    M    M  8.1 16 120   M    M   6 18     27 120
 9  86  60  73  -5   0   8 0.00    M    M  8.0 15  90   M    M   4        20  80
10  85  64  75  -3   0  10 0.81    M    M 12.7 25  40   M    M   7 123    50 270
11  80  62  71  -7   0   6 0.00    M    M  5.0 14  10   M    M   6 1      18  10
12  77  66  72  -5   0   7 0.19    M    M 11.7 22 130   M    M   9 1      27 150
13  83  62  73  -4   0   8 0.19    M    M  9.9 31 180   M    M   4 13     40 150
14  88  60  74  -3   0   9    T    M    M  9.7 26 180   M    M   1 3      34 180
15  88  66  77   0   0  12 0.00    M    M 11.8 24 140   M    M   0 13     29 130
16  85  63  74  -3   0   9 0.00    M    M 11.5 20 360   M    M   1        25 310
17  88  55  72  -5   0   7 0.01    M    M  8.0 40 350   M    M   1 13     55 350
18  92  60  76  -1   0  11    T    M    M 10.3 23 220   M    M   0 3      27  30
19  95  61  78   1   0  13 0.00    M    M 10.2 22 180   M    M   0        27 170
20  94  67  81   5   0  16 0.00    M    M 11.5 21 180   M    M   0        27 170
21  88  67  78   2   0  13 0.00    M    M 12.7 25 200   M    M   0        33 210
22  86  61  74  -2   0   9 0.00    M    M 14.9 26  60   M    M   2        32  40
23  84  54  69  -7   0   4 0.00    M    M  9.3 16 180   M    M   0        20 190
24  83  59  71  -5   0   6 0.00    M    M 10.0 18 190   M    M   1 18     23 180
25  85  61  73  -3   0   8 0.00    M    M 10.7 21 150   M    M   1 1      27 150
26  88  64  76   1   0  11 0.00    M    M  8.8 17 190   M    M   5 1      21 200
27  91  62  77   2   0  12 0.05    M    M  8.4 30 110   M    M   2 13     37  60
28  87  55  71  -4   0   6 0.00    M    M  7.5 15  80   M    M   0 1      20  90
29  87  52  70  -5   0   5 0.00    M    M  6.0 12 120   M    M   0        17 120
30  87  54  71  -3   0   6 0.00    M    M  6.1 15  80   M    M   0        19  70
31  85  54  70  -4   0   5 0.00    M    M  7.6 17 150   M    M   0        22 190
================================================================================
SM 2655 1886         0 263 2.49    M     297.7          M       75
================================================================================
AV 85.6 60.8                               9.6 FASTST   M    M   2      MAX(MPH)
                                 MISC ---->    40 350                     55 350
================================================================================
NOTES:
# LAST OF SEVERAL OCCURRENCES

COLUMN 17 PEAK WIND IN M.P.H.

PRELIMINARY LOCAL CLIMATOLOGICAL DATA (WS FORM: F-6) , PAGE 2

                                          STATION:  GARDEN CITY REGIONAL ARPT KS
                                          MONTH:    AUGUST
                                          YEAR:     2017
                                          LATITUDE:   37 55 N
                                          LONGITUDE: 100 43 W

[TEMPERATURE DATA]      [PRECIPITATION DATA]       SYMBOLS USED IN COLUMN 16

AVERAGE MONTHLY: 73.2   TOTAL FOR MONTH:   2.49    1 = FOG OR MIST
DPTR FM NORMAL:  -3.5   DPTR FM NORMAL:    0.04    2 = FOG REDUCING VISIBILITY
HIGHEST:    95 ON 19    GRTST 24HR  1.24 ON  7- 7      TO 1/4 MILE OR LESS
LOWEST:     52 ON 29                               3 = THUNDER
                                                   4 = ICE PELLETS
                                                   5 = HAIL
                                                   6 = FREEZING RAIN OR DRIZZLE
                                                   7 = DUSTSTORM OR SANDSTORM:
                                                       VSBY 1/2 MILE OR LESS
                                                   8 = SMOKE OR HAZE
[NO. OF DAYS WITH]      [WEATHER - DAYS WITH]      9 = BLOWING SNOW
                                                   X = TORNADO
MAX 32 OR BELOW:   0    0.01 INCH OR MORE:   6
MAX 90 OR ABOVE:   5    0.10 INCH OR MORE:   4
MIN 32 OR BELOW:   0    0.50 INCH OR MORE:   2
MIN  0 OR BELOW:   0    1.00 INCH OR MORE:   1

[HDD (BASE 65) ]
TOTAL THIS MO.     0    CLEAR  (SCALE 0-3)  20
DPTR FM NORMAL    -3    PTCLDY (SCALE 4-7)  10
TOTAL FM JUL 1     0    CLOUDY (SCALE 8-10)  1
DPTR FM NORMAL    -4

[CDD (BASE 65) ]
TOTAL THIS MO.   263
DPTR FM NORMAL  -102    [PRESSURE DATA]
TOTAL FM JAN 1  1147    HIGHEST SLP 30.20 ON  8
DPTR FM NORMAL    31    LOWEST  SLP 29.64 ON  5

[REMARKS]
#FINAL-08-17#
