000
CXUS53 KDDC 021358
CF6GCK
PRELIMINARY LOCAL CLIMATOLOGICAL DATA (WS FORM: F-6)

                                          STATION:   GARDEN CITY REGIONAL ARPT KS
                                          MONTH:     JUNE
                                          YEAR:      2016
                                          LATITUDE:   37 55 N
                                          LONGITUDE: 100 43 W

  TEMPERATURE IN F:       :PCPN:    SNOW:  WIND      :SUNSHINE: SKY     :PK WND
================================================================================
1   2   3   4   5  6A  6B    7    8   9   10  11  12  13   14  15   16   17  18
                                     12Z  AVG MX 2MIN
DY MAX MIN AVG DEP HDD CDD  WTR  SNW DPTH SPD SPD DIR MIN PSBL S-S WX    SPD DR
================================================================================

 1  75  51  63  -5   2   0 0.00    M    M  7.7 16  90   M    M   2        23  80
 2  81  49  65  -4   0   0 0.00    M    M  8.0 18 130   M    M   1        23 160
 3  88  53  71   2   0   6 0.00    M    M 10.7 22 360   M    M   0 1      27  10
 4  85  55  70   1   0   5 0.00    M    M 13.0 24 360   M    M   0        32 350
 5  85  47  66  -4   0   1 0.00    M    M  6.6 14 100   M    M   0        17 100
 6  91  56  74   4   0   9 0.00    M    M  9.2 18 180   M    M   1        23 180
 7  88  56  72   2   0   7 0.00    M    M 10.3 22 150   M    M   0        27 140
 8  95  63  79   8   0  14 0.00    M    M 14.7 26 180   M    M   0        32 170
 9  94  68  81  10   0  16 0.00    M    M 16.3 31 200   M    M   1 38     44 200
10  92  65  79   8   0  14 0.00    M    M 14.6 24 150   M    M   1 3      31 140
11  95  67  81   9   0  16 0.00    M    M 13.8 24 150   M    M   2        34 150
12  92  62  77   5   0  12    T    M    M 12.9 26  20   M    M   1 3      34  20
13  85  62  74   2   0   9 1.98    M    M  9.2 36 340   M    M   3 138    50 210
14  88  61  75   3   0  10 0.02    M    M  8.5 21 320   M    M   1        28 320
15  95  68  82   9   0  17 0.00    M    M 11.1 23 130   M    M   0 1      29 120
16  93  64  79   6   0  14 0.00    M    M 14.5 24 170   M    M   0        33 150
17  94  69  82   8   0  17 0.00    M    M 14.2 33  30   M    M   0        43  30
18  89  63  76   2   0  11 0.13    M    M  7.7 29  70   M    M   3 13     36  80
19  91  62  77   3   0  12 0.00    M    M 10.4 21 170   M    M   2 12     30 180
20  94  67  81   7   0  16 0.00    M    M 10.4 20 180   M    M   0 1      24 150
21  97  66  82   7   0  17 0.00    M    M 14.5 29 220   M    M   0        36 210
22  97  70  84   9   0  19 0.00    M    M 10.9 20 250   M    M   0        23 240
23  89  64  77   2   0  12 0.80    M    M 11.3 39 280   M    M   2 13     46 280
24  94  65  80   5   0  15 0.15    M    M 13.5 23 160   M    M   1 13     36 150
25  96  66  81   5   0  16 0.44    M    M 10.8 25 270   M    M   2 13     33 270
26  87  65  76   0   0  11 0.10    M    M  7.3 18 110   M    M   2 1      20 120
27  92  64  78   2   0  13 0.61    M    M  7.4 39 320   M    M   2 123    50 330
28  89  67  78   2   0  13 0.00    M    M  9.5 21 120   M    M   1 1      26  60
29  89  62  76  -1   0  11 0.69    M    M  9.5 45  10   M    M   0 13     61 360
30  90  65  78   1   0  13 0.16    M    M 11.0 28  30   M    M   2 13     33 230
================================================================================
SM 2710 1862         2 346 5.08    M     329.5          M       30
================================================================================
AV 90.3 62.1                              11.0 FASTST   M    M   1      MAX(MPH)
                                 MISC ---->    45  10                     61 360
================================================================================
NOTES:
# LAST OF SEVERAL OCCURRENCES

COLUMN 17 PEAK WIND IN M.P.H.

PRELIMINARY LOCAL CLIMATOLOGICAL DATA (WS FORM: F-6) , PAGE 2

                                          STATION:  GARDEN CITY REGIONAL ARPT KS
                                          MONTH:    JUNE
                                          YEAR:     2016
                                          LATITUDE:   37 55 N
                                          LONGITUDE: 100 43 W

[TEMPERATURE DATA]      [PRECIPITATION DATA]       SYMBOLS USED IN COLUMN 16

AVERAGE MONTHLY: 76.2   TOTAL FOR MONTH:   5.08    1 = FOG OR MIST
DPTR FM NORMAL:   3.4   DPTR FM NORMAL:    1.60    2 = FOG REDUCING VISIBILITY
HIGHEST:    97 ON 22,21 GRTST 24HR  1.98 ON 13-13      TO 1/4 MILE OR LESS
LOWEST:     47 ON  5                               3 = THUNDER
                                                   4 = ICE PELLETS
                                                   5 = HAIL
                                                   6 = FREEZING RAIN OR DRIZZLE
                                                   7 = DUSTSTORM OR SANDSTORM:
                                                       VSBY 1/2 MILE OR LESS
                                                   8 = SMOKE OR HAZE
[NO. OF DAYS WITH]      [WEATHER - DAYS WITH]      9 = BLOWING SNOW
                                                   X = TORNADO
MAX 32 OR BELOW:   0    0.01 INCH OR MORE:  10
MAX 90 OR ABOVE:  17    0.10 INCH OR MORE:   9
MIN 32 OR BELOW:   0    0.50 INCH OR MORE:   4
MIN  0 OR BELOW:   0    1.00 INCH OR MORE:   1

[HDD (BASE 65) ]
TOTAL THIS MO.     2    CLEAR  (SCALE 0-3)  29
DPTR FM NORMAL   -14    PTCLDY (SCALE 4-7)   1
TOTAL FM JUL 1  4433    CLOUDY (SCALE 8-10)  0
DPTR FM NORMAL  -774

[CDD (BASE 65) ]
TOTAL THIS MO.   346
DPTR FM NORMAL    94    [PRESSURE DATA]
TOTAL FM JAN 1   405    HIGHEST SLP 30.19 ON 27
DPTR FM NORMAL    64    LOWEST  SLP 29.67 ON 15

[REMARKS]
#FINAL-06-16#
