000
CXUS53 KDDC 011416
CF6GCK
PRELIMINARY LOCAL CLIMATOLOGICAL DATA (WS FORM: F-6)

                                          STATION:   GARDEN CITY REGIONAL ARPT KS
                                          MONTH:     SEPTEMBER
                                          YEAR:      2013
                                          LATITUDE:   37 55 N
                                          LONGITUDE: 100 43 W

  TEMPERATURE IN F:       :PCPN:    SNOW:  WIND      :SUNSHINE: SKY     :PK WND
================================================================================
1   2   3   4   5  6A  6B    7    8   9   10  11  12  13   14  15   16   17  18
                                     12Z  AVG MX 2MIN
DY MAX MIN AVG DEP HDD CDD  WTR  SNW DPTH SPD SPD DIR MIN PSBL S-S WX    SPD DR
================================================================================

 1  87  64  76   2   0  11 0.03    M    M 11.2 28 350   M    M   1 3      36 350
 2  90  57  74   0   0   9 0.00    M    M  6.6 15 140   M    M   0        21 150
 3  93  60  77   4   0  12 0.00    M    M 12.3 21 140   M    M   0        32 130
 4  97  63  80   7   0  15 0.00    M    M 12.0 20 140   M    M   0        24 140
 5  96  64  80   8   0  15 0.00    M    M 10.2 18 150   M    M   0        26 140
 6  98  61  80   8   0  15 0.00    M    M  8.8 20 190   M    M   0        24 190
 7 100  64  82  10   0  17 0.00    M    M  8.0 18 190   M    M   0        25 180
 8  97  64  81  10   0  16 0.00    M    M  9.2 23 180   M    M   0        29 180
 9  94  65  80   9   0  15 0.00    M    M 14.3 28 180   M    M   0        45 170
10  93  66  80   9   0  15 0.00    M    M 11.0 24 180   M    M   1 8      33 170
11  84  64  74   4   0   9 0.55    M    M  7.4 23 260   M    M   4 1      29 260
12  75  66  71   1   0   6 0.12    M    M 11.0 17  90   M    M   9 1      21  80
13  70  60  65  -4   0   0 0.03    M    M 13.3 20 110   M    M   9 1      24 110
14  83  59  71   2   0   6 0.01    M    M 11.6 24 200   M    M   3 1      31 200
15  81  60  71   3   0   6 0.00    M    M 14.8 24  30   M    M   5 138    29  30
16  65  57  61  -7   4   0 0.44    M    M   M   M   M   M    M  10 1       M  M
17  86  62  74   6   0   9 0.00    M    M 17.7 23 190   M    M   1 1      31 200
18  92  67  80  13   0  15 0.00    M    M 19.3 28 220   M    M   0        37 220
19  81  60  71   4   0   6 0.04    M    M 14.9 28 280   M    M   3        40 280
20  74  51  63  -3   2   0 0.00    M    M  6.6 13  70   M    M   3        17  80
21  82  50  66   0   0   1 0.00    M    M 12.1 23 210   M    M   0        29 230
22  87  52  70   5   0   5 0.00    M    M 17.3 31 180   M    M   0        40 180
23  76  58  67   2   0   2    T    M    M 22.4 41 280   M    M   4 8      52 290
24  81  49  65   1   0   0 0.00    M    M 10.4 20 330   M    M   0 8      26 310
25  91  50  71   7   0   6 0.00    M    M 18.3 33 190   M    M   0        44 180
26  97  59  78  14   0  13 0.00    M    M 18.4 36 210   M    M   0        45 200
27  88  53  71   8   0   6 1.20    M    M 18.7 37 340   M    M   2 138    45 180
28  68  47  58  -5   7   0 0.00    M    M 10.9 30 340   M    M   0        38 340
29  77  43  60  -2   5   0 0.00    M    M 11.1 22 170   M    M   0        32 170
30  83  46  65   3   0   0 0.00    M    M  8.4 16 160   M    M   0        22 150
================================================================================
SM 2566 1741        18 230 2.42    M      368.2          M       55
================================================================================
AV 85.5 58.0                              12.7 FASTST   M    M   2      MAX(MPH)
                                 MISC ---->    41 280                     52 290
================================================================================
NOTES:
# LAST OF SEVERAL OCCURRENCES

COLUMN 17 PEAK WIND IN M.P.H.

PRELIMINARY LOCAL CLIMATOLOGICAL DATA (WS FORM: F-6) , PAGE 2

                                          STATION:  GARDEN CITY REGIONAL ARPT KS
                                          MONTH:    SEPTEMBER
                                          YEAR:     2013
                                          LATITUDE:   37 55 N
                                          LONGITUDE: 100 43 W

[TEMPERATURE DATA]      [PRECIPITATION DATA]       SYMBOLS USED IN COLUMN 16

AVERAGE MONTHLY: 71.8   TOTAL FOR MONTH:   2.42    1 = FOG OR MIST
DPTR FM NORMAL:   3.6   DPTR FM NORMAL:    0.95    2 = FOG REDUCING VISIBILITY
HIGHEST:   100 ON  7    GRTST 24HR  1.20 ON 27-27      TO 1/4 MILE OR LESS
LOWEST:     43 ON 29                               3 = THUNDER
                        SNOW, ICE PELLETS, HAIL    4 = ICE PELLETS
                        TOTAL MONTH:    M          5 = HAIL
                        GRTST 24HR    M  ON   M    6 = FREEZING RAIN OR DRIZZLE
                        GRTST DEPTH:  M  ON   M    7 = DUSTSTORM OR SANDSTORM:
                                                       VSBY 1/2 MILE OR LESS
                                                   8 = SMOKE OR HAZE
[NO. OF DAYS WITH]      [WEATHER - DAYS WITH]      9 = BLOWING SNOW
                                                   X = TORNADO
MAX 32 OR BELOW:   0    0.01 INCH OR MORE:   8
MAX 90 OR ABOVE:  12    0.10 INCH OR MORE:   4
MIN 32 OR BELOW:   0    0.50 INCH OR MORE:   2
MIN  0 OR BELOW:   0    1.00 INCH OR MORE:   1

[HDD (BASE 65) ]
TOTAL THIS MO.    18    CLEAR  (SCALE 0-3)  23
DPTR FM NORMAL   -50    PTCLDY (SCALE 4-7)   4
TOTAL FM JUL 1    18    CLOUDY (SCALE 8-10)  3
DPTR FM NORMAL   -54

[CDD (BASE 65) ]
TOTAL THIS MO.   230
DPTR FM NORMAL    68    [PRESSURE DATA]
TOTAL FM JAN 1  1572    HIGHEST SLP 30.22 ON 16
DPTR FM NORMAL   294    LOWEST  SLP 29.52 ON 26

[REMARKS]
#FINAL-09-13#
