000
CXUS53 KDDC 281200
CF6GCK
PRELIMINARY LOCAL CLIMATOLOGICAL DATA (WS FORM: F-6)

                                          STATION:   GARDEN CITY REGIONAL ARPT KS
                                          MONTH:     MARCH
                                          YEAR:      2015
                                          LATITUDE:   37 55 N
                                          LONGITUDE: 100 43 W

  TEMPERATURE IN F:       :PCPN:    SNOW:  WIND      :SUNSHINE: SKY     :PK WND
================================================================================
1   2   3   4   5  6A  6B    7    8   9   10  11  12  13   14  15   16   17  18
                                     12Z  AVG MX 2MIN
DY MAX MIN AVG DEP HDD CDD  WTR  SNW DPTH SPD SPD DIR MIN PSBL S-S WX    SPD DR
================================================================================

 1  29  19  24 -15  41   0 0.00    M    M  3.9 10 350   M    M   9 18     13 360
 2  34  18  26 -13  39   0 0.00    M    M 16.7 33 190   M    M   5 18     42 180
 3  42  26  34  -6  31   0 0.00    M    M 15.6 32 190   M    M   4 18     45 190
 4  30  16  23 -17  42   0    T    M    M 13.1 23  40   M    M   8 18     28  30
 5  46  12  29 -11  36   0 0.00    M    M  7.9 15 250   M    M   0        19 260
 6  61  21  41   0  24   0 0.00    M    M  6.8 12 220   M    M   0        15 340
 7  66  31  49   8  16   0 0.00    M    M  8.7 18 180   M    M   0        22 190
 8  64  34  49   8  16   0 0.00    M    M 10.1 20  40   M    M   0        25  30
 9  63  27  45   3  20   0 0.00    M    M  6.9 16  50   M    M   0        20  50
10  70  33  52  10  13   0 0.00    M    M  5.9 15 340   M    M   0 8      22 330
11  73  30  52  10  13   0 0.00  0.0    0  7.5 16 220   M    M   0        23 170
12  72  36  54  12  11   0 0.00    M    M 12.5 28 180   M    M   0        37 180
13  72  33  53  10  12   0 0.00    M    M 14.0 31  30   M    M   1        38  30
14  63  32  48   5  17   0 0.00    M    M 10.0 17  10   M    M   0        24  10
15  77  27  52   9  13   0 0.00    M    M 12.6 24 190   M    M   0        31 190
16  91  36  64  20   1   0 0.00    M    M 16.8 39  40   M    M   1        51  40
17  54  31  43  -1  22   0 0.00    M    M 19.6 43  30   M    M   1        50  30
18  55  30  43  -1  22   0 0.00    M    M  7.9 16 140   M    M   2        20 170
19  47  36  42  -2  23   0 0.24    M    M  7.9 14  30   M    M   6 1      16  30
20  65  34  50   5  15   0 0.00    M    M  7.7 17 190   M    M   1 1      21 190
21  68  34  51   6  14   0 0.00    M    M  8.2 20 140   M    M   0 1      27 180
22  78  34  56  11   9   0 0.00    M    M  9.0 25  30   M    M   1 12     31  20
23  58  38  48   2  17   0 0.00    M    M 12.1 23  80   M    M   1        29  50
24  70  34  52   6  13   0 0.00    M    M 14.7 33 320   M    M   1 178    41 320
25  61  33  47   1  18   0 0.08    M    M 18.4 41  10   M    M   3 1      48  10
26  64  25  45  -1  20   0 0.00    M    M 11.5 23 330   M    M   3        34 260
27  65  33  49   2  16   0    T    M    M  9.3 20  40   M    M   5        28 230
================================================================================
SM 1638  793       534   0  0.32     0.0 295.3          M       52
================================================================================
AV 60.7 29.4                              10.9 FASTST   M    M   2    MAX(MPH)
                                 MISC ---->  # 43  30               # 51   40
================================================================================
NOTES:
# LAST OF SEVERAL OCCURRENCES

COLUMN 17 PEAK WIND IN M.P.H.

PRELIMINARY LOCAL CLIMATOLOGICAL DATA (WS FORM: F-6) , PAGE 2

                                          STATION:  GARDEN CITY REGIONAL ARPT KS
                                          MONTH:    MARCH
                                          YEAR:     2015
                                          LATITUDE:   37 55 N
                                          LONGITUDE: 100 43 W

[TEMPERATURE DATA]      [PRECIPITATION DATA]       SYMBOLS USED IN COLUMN 16

AVERAGE MONTHLY: 45.0   TOTAL FOR MONTH:   0.32    1 = FOG OR MIST
DPTR FM NORMAL:   2.1   DPTR FM NORMAL:   -0.90    2 = FOG REDUCING VISIBILITY
HIGHEST:    91 ON 16    GRTST 24HR  0.24 ON 19-19      TO 1/4 MILE OR LESS
LOWEST:     12 ON  5                               3 = THUNDER
                        SNOW, ICE PELLETS, HAIL    4 = ICE PELLETS
                        TOTAL MONTH:   0.0 INCH    5 = HAIL
                        GRTST 24HR     0.0         6 = FREEZING RAIN OR DRIZZLE
                        GRTST DEPTH:   0           7 = DUSTSTORM OR SANDSTORM:
                                                       VSBY 1/2 MILE OR LESS
                                                   8 = SMOKE OR HAZE
[NO. OF DAYS WITH]      [WEATHER - DAYS WITH]      9 = BLOWING SNOW
                                                   X = TORNADO
MAX 32 OR BELOW:   2    0.01 INCH OR MORE:   2
MAX 90 OR ABOVE:   1    0.10 INCH OR MORE:   1
MIN 32 OR BELOW:  14    0.50 INCH OR MORE:   0
MIN  0 OR BELOW:   0    1.00 INCH OR MORE:   0

[HDD (BASE 65) ]
TOTAL THIS MO.   534    CLEAR  (SCALE 0-3)  21
DPTR FM NORMAL   -59    PTCLDY (SCALE 4-7)   5
TOTAL FM JUL 1  4442    CLOUDY (SCALE 8-10)  1
DPTR FM NORMAL  -175

[CDD (BASE 65) ]
TOTAL THIS MO.     0
DPTR FM NORMAL     0    [PRESSURE DATA]
TOTAL FM JAN 1     0    HIGHEST SLP M ON M
DPTR FM NORMAL     0    LOWEST  SLP 29.69 ON  3

[REMARKS]
