000
CXUS53 KDDC 011550
CF6GCK
PRELIMINARY LOCAL CLIMATOLOGICAL DATA (WS FORM: F-6)
STATION: GARDEN CITY REGIONAL ARPT KS
MONTH: JANUARY
YEAR: 2023
LATITUDE: 37 55 N
LONGITUDE: 100 43 W
TEMPERATURE IN F: :PCPN: SNOW: WIND :SUNSHINE: SKY :PK WND
================================================================================
1 2 3 4 5 6A 6B 7 8 9 10 11 12 13 14 15 16 17 18
12Z AVG MX 2MIN
DY MAX MIN AVG DEP HDD CDD WTR SNW DPTH SPD SPD DIR MIN PSBL S-S WX SPD DR
================================================================================
1 46 26 36 6 29 0 0.00 M M 9.2 20 70 M M 1 26 70
2 38 31 35 5 30 0 0.02 M M 10.3 18 70 M M 10 12 22 70
3 36 17 27 -3 38 0 T M M 18.0 33 310 M M 4 1 45 310
4 44 13 29 -2 36 0 0.00 M M 13.9 32 340 M M 0 43 340
5 49 12 31 0 34 0 0.00 M M 9.3 15 230 M M 0 21 230
6 54 17 36 5 29 0 0.00 M M 9.4 22 330 M M 0 28 330
7 46 17 32 1 33 0 0.00 M M 7.7 18 340 M M 0 1 23 320
8 55 17 36 5 29 0 0.00 M M 7.3 13 200 M M 0 18 200
9 62 17 40 9 25 0 0.00 M M 8.5 18 350 M M 0 23 340
10 60 23 42 11 23 0 0.00 M M 7.3 16 290 M M 0 20 300
11 55 24 40 9 25 0 T M M 13.6 38 360 M M 2 1 48 10
12 46 20 33 2 32 0 T M M 12.2 28 350 M M 2 1 37 340
13 55 15 35 4 30 0 0.00 M M 8.0 15 150 M M 0 22 160
14 57 24 41 10 24 0 0.00 M M 11.0 21 220 M M 0 27 200
15 66 26 46 15 19 0 0.00 M M 7.9 39 220 M M 1 8 54 220
16 57 28 43 12 22 0 T M M 9.2 17 260 M M 1 23 300
17 47 24 36 5 29 0 T M M 14.3 28 80 M M 2 1 34 70
18 38 24 31 0 34 0 T M M 17.3 31 320 M M 10 12 41 320
19 46 18 32 1 33 0 0.00 M M 12.5 32 350 M M 1 42 350
20 50 14 32 1 33 0 0.00 M M 8.4 16 70 M M 2 22 90
21 34 14 24 -8 41 0 0.35 M M 17.2 26 80 M M 8 12 35 80
22 28 6 17 -15 48 0 0.00 M M 9.3 16 330 M M 1 12 20 320
23 35 6 21 -11 44 0 0.00 M M 6.7 12 260 M M 2 12 14 270
24 28 11 20 -12 45 0 0.00 M M 7.5 21 360 M M 8 12 26 360
25 32 19 26 -6 39 0 0.00 M M 15.3 23 340 M M 6 28 350
26 36 21 29 -3 36 0 0.00 M M 12.7 21 310 M M 4 27 310
27 46 17 32 0 33 0 0.00 M M 10.1 16 150 M M 1 22 150
28 37 13 25 -7 40 0 T M M 17.1 31 30 M M 4 1 39 30
29 13 3 8 -24 57 0 T M M 17.9 26 40 M M 10 1 34 30
30 8 3 6 -26 59 0 T M M 9.9 20 10 M M 10 18 23 20
31 21 -1 10 -22 55 0 0.00 M M 6.1 12 340 M M 2 16 350
================================================================================
SM 1325 519 1084 0 0.37 M 345.1 M 92
================================================================================
AV 42.7 16.7 11.1 FASTST M M 3 MAX(MPH)
MISC ----> 39 220 54 220
================================================================================
NOTES:
# LAST OF SEVERAL OCCURRENCES
COLUMN 17 PEAK WIND IN M.P.H.
PRELIMINARY LOCAL CLIMATOLOGICAL DATA (WS FORM: F-6) , PAGE 2
STATION: GARDEN CITY REGIONAL ARPT KS
MONTH: JANUARY
YEAR: 2023
LATITUDE: 37 55 N
LONGITUDE: 100 43 W
[TEMPERATURE DATA] [PRECIPITATION DATA] SYMBOLS USED IN COLUMN 16
AVERAGE MONTHLY: 29.7 TOTAL FOR MONTH: 0.37 1 = FOG OR MIST
DPTR FM NORMAL: -1.5 DPTR FM NORMAL: 0.07 2 = FOG REDUCING VISIBILITY
HIGHEST: 66 ON 15 GRTST 24HR 0.35 ON 21-21 TO 1/4 MILE OR LESS
LOWEST: -1 ON 31 3 = THUNDER
4 = ICE PELLETS
5 = HAIL
6 = FREEZING RAIN OR DRIZZLE
7 = DUSTSTORM OR SANDSTORM:
VSBY 1/2 MILE OR LESS
8 = SMOKE OR HAZE
[NO. OF DAYS WITH] [WEATHER - DAYS WITH] 9 = BLOWING SNOW
X = TORNADO
MAX 32 OR BELOW: 6 0.01 INCH OR MORE: 2
MAX 90 OR ABOVE: 0 0.10 INCH OR MORE: 1
MIN 32 OR BELOW: 31 0.50 INCH OR MORE: 0
MIN 0 OR BELOW: 1 1.00 INCH OR MORE: 0
[HDD (BASE 65) ]
TOTAL THIS MO. 1084 CLEAR (SCALE 0-3) 21
DPTR FM NORMAL 36 PTCLDY (SCALE 4-7) 5
TOTAL FM JUL 1 3213 CLOUDY (SCALE 8-10) 5
DPTR FM NORMAL 70
[CDD (BASE 65) ]
TOTAL THIS MO. 0
DPTR FM NORMAL 0 [PRESSURE DATA]
TOTAL FM JAN 1 0 HIGHEST SLP 30.54 ON 30
DPTR FM NORMAL 0 LOWEST SLP 29.29 ON 15
[REMARKS]
#FINAL-01-23#
Precipitation of 0.35 inches on the 21st was estimated using reports from around
the area. Orignal amount was 0.02 inches.