000
CXUS53 KDDC 011445
CF6GCK
PRELIMINARY LOCAL CLIMATOLOGICAL DATA (WS FORM: F-6)

                                          STATION:   GARDEN CITY REGIONAL ARPT KS
                                          MONTH:     NOVEMBER
                                          YEAR:      2016
                                          LATITUDE:   37 55 N
                                          LONGITUDE: 100 43 W

  TEMPERATURE IN F:       :PCPN:    SNOW:  WIND      :SUNSHINE: SKY     :PK WND
================================================================================
1   2   3   4   5  6A  6B    7    8   9   10  11  12  13   14  15   16   17  18
                                     12Z  AVG MX 2MIN
DY MAX MIN AVG DEP HDD CDD  WTR  SNW DPTH SPD SPD DIR MIN PSBL S-S WX    SPD DR
================================================================================

 1  75  47  61  12   4   0 0.00    M    M  9.2 20  20   M    M   0 8      24  20
 2  69  44  57   9   8   0    T    M    M 11.0 21 350   M    M   1 18     25 360
 3  72  35  54   6  11   0 0.00    M    M  5.1 10 330   M    M   0 18     12 330
 4  69  37  53   6  12   0 0.00    M    M  7.0 12 180   M    M   0        16 200
 5  70  36  53   6  12   0 0.00    M    M 10.6 21 150   M    M   1 1      25 140
 6  59  52  56  10   9   0 0.07    M    M 14.0 23 150   M    M  10 12     27 150
 7  62  46  54   8  11   0 0.00    M    M  9.2 25  20   M    M   8 18     31  20
 8  62  33  48   3  17   0 0.00    M    M 12.7 22  10   M    M   0 8      27 350
 9  62  24  43  -2  22   0 0.00    M    M  8.0 14 210   M    M   0 18     19 210
10  73  29  51   7  14   0 0.00    M    M  8.7 21  30   M    M   0        24  30
11  59  33  46   2  19   0 0.00    M    M 13.8 23  30   M    M   0        28  30
12  60  22  41  -2  24   0 0.00    M    M  8.4 16 180   M    M   0        23 220
13  69  30  50   7  15   0 0.00    M    M 10.3 17 200   M    M   0        21 220
14  73  35  54  12  11   0 0.00    M    M  9.6 17 250   M    M   0        24 240
15  80  36  58  16   7   0 0.00    M    M  8.6 18 350   M    M   0 8      22 350
16  87  39  63  22   2   0    T    M    M 15.0 35 200   M    M   0        44 200
17  62  36  49   8  16   0 0.00    M    M 14.1 33  30   M    M   1        40 360
18  44  19  32  -8  33   0 0.00    M    M 20.3 31 340   M    M   1 8      39 340
19  52  12  32  -8  33   0 0.00    M    M 13.2 28 180   M    M   0        33 180
20  61  25  43   4  22   0 0.00    M    M  6.9 15 170   M    M   0        23 170
21  63  31  47   8  18   0 0.00    M    M 10.6 22 140   M    M   1        29 140
22  51  42  47   9  18   0 0.00    M    M 18.1 29 350   M    M   5        36 350
23  56  30  43   5  22   0 0.00    M    M 10.2 21 340   M    M   1        27 340
24  61  29  45   7  20   0 0.00    M    M 14.6 32 340   M    M   0 8      38 340
25  57  17  37   0  28   0 0.00    M    M  9.4 17 200   M    M   0        22 210
26  63  26  45   8  20   0 0.00    M    M 10.0 16 190   M    M   0        23 200
27  68  39  54  18  11   0    T    M    M 21.3 40 220   M    M   2        52 200
28  56  27  42   6  23   0 0.00    M    M  9.8 22 320   M    M   2        28 350
29  48  25  37   2  28   0 0.00    M    M 18.1 38 340   M    M   3        44 330
30  50  18  34  -1  31   0 0.00    M    M 12.6 25 320   M    M   0 8      32 330
================================================================================
SM 1893  954       521   0 0.07    M     350.4          M       36
================================================================================
AV 63.1 31.8                              11.7 FASTST   M    M   1      MAX(MPH)
                                 MISC ---->    40 220                     52 200
================================================================================
NOTES:
# LAST OF SEVERAL OCCURRENCES

COLUMN 17 PEAK WIND IN M.P.H.

PRELIMINARY LOCAL CLIMATOLOGICAL DATA (WS FORM: F-6) , PAGE 2

                                          STATION:  GARDEN CITY REGIONAL ARPT KS
                                          MONTH:    NOVEMBER
                                          YEAR:     2016
                                          LATITUDE:   37 55 N
                                          LONGITUDE: 100 43 W

[TEMPERATURE DATA]      [PRECIPITATION DATA]       SYMBOLS USED IN COLUMN 16

AVERAGE MONTHLY: 47.5   TOTAL FOR MONTH:   0.07    1 = FOG OR MIST
DPTR FM NORMAL:   5.8   DPTR FM NORMAL:   -0.48    2 = FOG REDUCING VISIBILITY
HIGHEST:    87 ON 16    GRTST 24HR  0.07 ON  6- 6      TO 1/4 MILE OR LESS
LOWEST:     12 ON 19                               3 = THUNDER
                                                   4 = ICE PELLETS
                                                   5 = HAIL
                                                   6 = FREEZING RAIN OR DRIZZLE
                                                   7 = DUSTSTORM OR SANDSTORM:
                                                       VSBY 1/2 MILE OR LESS
                                                   8 = SMOKE OR HAZE
[NO. OF DAYS WITH]      [WEATHER - DAYS WITH]      9 = BLOWING SNOW
                                                   X = TORNADO
MAX 32 OR BELOW:   0    0.01 INCH OR MORE:   1
MAX 90 OR ABOVE:   0    0.10 INCH OR MORE:   0
MIN 32 OR BELOW:  15    0.50 INCH OR MORE:   0
MIN  0 OR BELOW:   0    1.00 INCH OR MORE:   0

[HDD (BASE 65) ]
TOTAL THIS MO.   521    CLEAR  (SCALE 0-3)  27
DPTR FM NORMAL  -178    PTCLDY (SCALE 4-7)   2
TOTAL FM JUL 1   688    CLOUDY (SCALE 8-10)  1
DPTR FM NORMAL  -401

[CDD (BASE 65) ]
TOTAL THIS MO.     0
DPTR FM NORMAL     0    [PRESSURE DATA]
TOTAL FM JAN 1  1433    HIGHEST SLP 30.68 ON 19
DPTR FM NORMAL   135    LOWEST  SLP 29.27 ON 27

[REMARKS]
#FINAL-11-16#
