000
CXUS53 KDDC 041751
CF6GCK
PRELIMINARY LOCAL CLIMATOLOGICAL DATA (WS FORM: F-6)

                                          STATION:   GARDEN CITY REGIONAL ARPT KS
                                          MONTH:     DECEMBER
                                          YEAR:      2016
                                          LATITUDE:   37 55 N
                                          LONGITUDE: 100 43 W

  TEMPERATURE IN F:       :PCPN:    SNOW:  WIND      :SUNSHINE: SKY     :PK WND
================================================================================
1   2   3   4   5  6A  6B    7    8   9   10  11  12  13   14  15   16   17  18
                                     12Z  AVG MX 2MIN
DY MAX MIN AVG DEP HDD CDD  WTR  SNW DPTH SPD SPD DIR MIN PSBL S-S WX    SPD DR
================================================================================

 1  50  13  32  -3  33   0 0.00    M    M  4.6 12 350   M    M   0 8      13 350
 2  51  14  33  -1  32   0 0.00    M    M  7.0 13  80   M    M   3 8      15  70
 3  37  30  34   0  31   0 0.03    M    M  4.0 10 180   M    M  10 12     13 150
 4  51  20  36   2  29   0 0.00    M    M  9.8 15 320   M    M   2 12     18 320
 5  57  25  41   8  24   0 0.00    M    M 15.1 36 360   M    M   0        46 360
 6  37  11  24  -9  41   0 0.00    M    M 10.2 30 360   M    M   1        36 360
 7  27  10  19 -14  46   0    T    M    M 14.2 25  30   M    M   8 1      29  30
 8  23  -3  10 -22  55   0 0.00    M    M  7.3 17 360   M    M   4        22 360
 9  38  19  29  -3  36   0 0.00    M    M 14.9 25 180   M    M   5        33 190
10  46  15  31  -1  34   0 0.00    M    M 11.2 20 180   M    M   0        23 180
11  42  23  33   1  32   0 0.00    M    M 12.5 28 360   M    M   4        33  10
12  43  17  30  -2  35   0 0.00    M    M  8.9 21 190   M    M   0        23 190
13  30   9  20 -12  45   0 0.00    M    M 10.0 21  30   M    M   0        26  20
14  30   8  19 -12  46   0 0.00    M    M 12.1 33  30   M    M   1        41  30
15  34  10  22  -9  43   0 0.00    M    M 14.8 30 180   M    M   0        38 180
16  34  20  27  -4  38   0 0.00    M    M 11.9 26 360   M    M   9 12     32 360
17  20 -13   4 -27  61   0    T    M    M 19.2 33 350   M    M   8 128    40 350
18  21 -19   1 -30  64   0 0.00    M    M  8.0 16 220   M    M   0        21 220
19  30 -12   9 -22  56   0 0.00    M    M  9.3 18 190   M    M   0        23 190
20  50  10  30  -1  35   0 0.00    M    M  9.6 17  40   M    M   0        22  20
21  53  22  38   7  27   0 0.00    M    M 12.2 31  30   M    M   0        36  30
22  36  18  27  -4  38   0 0.01    M    M  9.1 21 180   M    M   6 1      29 150
23  56  17  37   6  28   0 0.01    M    M 13.5 23 340   M    M   2 6      32 180
24  57  14  36   5  29   0 0.00    M    M 10.6 24 150   M    M   0        30 150
25  58  31  45  14  20   0 0.25    M    M 22.5 53 230   M    M   5 123    69 240
26  42  16  29  -2  36   0 0.00    M    M  6.4 14 140   M    M   0        17  40
27  48  17  33   3  32   0 0.00    M    M  8.0 16 180   M    M   0        18 180
28  55  24  40  10  25   0 0.00    M    M 12.2 26 360   M    M   0        32  10
29  47  16  32   2  33   0 0.00    M    M  9.5 18 340   M    M   0        21 340
30  60  19  40  10  25   0 0.00    M    M 10.0 20 190   M    M   0        24 180
31  44  22  33   3  32   0 0.00    M    M 11.9 31  30   M    M   0        38  30
================================================================================
SM 1307  423      1141   0 0.30    M     340.5          M       68
================================================================================
AV 42.2 13.7                              11.0 FASTST   M    M   2      MAX(MPH)
                                 MISC ---->    53 230                     69 240
================================================================================
NOTES:
# LAST OF SEVERAL OCCURRENCES

COLUMN 17 PEAK WIND IN M.P.H.

PRELIMINARY LOCAL CLIMATOLOGICAL DATA (WS FORM: F-6) , PAGE 2

                                          STATION:  GARDEN CITY REGIONAL ARPT KS
                                          MONTH:    DECEMBER
                                          YEAR:     2016
                                          LATITUDE:   37 55 N
                                          LONGITUDE: 100 43 W

[TEMPERATURE DATA]      [PRECIPITATION DATA]       SYMBOLS USED IN COLUMN 16

AVERAGE MONTHLY: 27.8   TOTAL FOR MONTH:   0.30    1 = FOG OR MIST
DPTR FM NORMAL:  -3.8   DPTR FM NORMAL:   -0.22    2 = FOG REDUCING VISIBILITY
HIGHEST:    60 ON 30    GRTST 24HR  0.25 ON 25-25      TO 1/4 MILE OR LESS
LOWEST:    -19 ON 18                               3 = THUNDER
                        SNOW, ICE PELLETS, HAIL    4 = ICE PELLETS
                        TOTAL MONTH:    M          5 = HAIL
                        GRTST 24HR    M  ON   M    6 = FREEZING RAIN OR DRIZZLE
                        GRTST DEPTH:  M  ON   M    7 = DUSTSTORM OR SANDSTORM:
                                                       VSBY 1/2 MILE OR LESS
                                                   8 = SMOKE OR HAZE
[NO. OF DAYS WITH]      [WEATHER - DAYS WITH]      9 = BLOWING SNOW
                                                   X = TORNADO
MAX 32 OR BELOW:   7    0.01 INCH OR MORE:   4
MAX 90 OR ABOVE:   0    0.10 INCH OR MORE:   1
MIN 32 OR BELOW:  31    0.50 INCH OR MORE:   0
MIN  0 OR BELOW:   4    1.00 INCH OR MORE:   0

[HDD (BASE 65) ]
TOTAL THIS MO.  1141    CLEAR  (SCALE 0-3)  21
DPTR FM NORMAL   107    PTCLDY (SCALE 4-7)   6
TOTAL FM JUL 1  1829    CLOUDY (SCALE 8-10)  4
DPTR FM NORMAL  -294

[CDD (BASE 65) ]
TOTAL THIS MO.     0
DPTR FM NORMAL     0    [PRESSURE DATA]
TOTAL FM JAN 1  1433    HIGHEST SLP 30.82 ON  8
DPTR FM NORMAL   135    LOWEST  SLP 29.41 ON 25

[REMARKS]
#FINAL-12-16#
