000
CXUS53 KDDC 011349
CF6GCK
PRELIMINARY LOCAL CLIMATOLOGICAL DATA (WS FORM: F-6)
STATION: GARDEN CITY REGIONAL ARPT KS
MONTH: JULY
YEAR: 2022
LATITUDE: 37 55 N
LONGITUDE: 100 43 W
TEMPERATURE IN F: :PCPN: SNOW: WIND :SUNSHINE: SKY :PK WND
================================================================================
1 2 3 4 5 6A 6B 7 8 9 10 11 12 13 14 15 16 17 18
12Z AVG MX 2MIN
DY MAX MIN AVG DEP HDD CDD WTR SNW DPTH SPD SPD DIR MIN PSBL S-S WX SPD DR
================================================================================
1 92 67 80 3 0 15 0.25 M M 12.9 29 30 M M 1 13 35 40
2 87 66 77 0 0 12 0.04 M M 4.5 23 230 M M 3 13 29 230
3 97 69 83 5 0 18 0.05 M M 14.5 31 180 M M 2 44 190
4 99 70 85 7 0 20 0.00 M M 17.1 28 190 M M 0 40 170
5 103 69 86 8 0 21 0.00 M M 13.6 26 220 M M 0 38 210
6 91 68 80 2 0 15 0.00 M M 8.7 22 310 M M 1 33 30
7 94 61 78 0 0 13 T M M 9.2 31 310 M M 1 8 44 300
8 98 71 85 7 0 20 0.00 M M 8.6 20 10 M M 1 1 25 360
9 99 66 83 5 0 18 0.00 M M 8.8 18 160 M M 0 27 150
10 104 66 85 7 0 20 0.00 M M 12.7 24 180 M M 0 41 180
11 95 69 82 4 0 17 0.00 M M 14.9 26 30 M M 0 36 40
12 89 60 75 -3 0 10 0.00 M M 9.3 22 150 M M 0 8 31 170
13 97 63 80 2 0 15 0.00 M M 13.7 25 200 M M 0 34 190
14 106 69 88 9 0 23 0.00 M M 15.2 28 200 M M 0 38 210
15 107 70 89 10 0 24 0.00 M M 9.4 18 190 M M 0 25 190
16 106 71 89 10 0 24 0.09 M M 7.5 41 310 M M 1 38 58 310
17 99 67 83 4 0 18 0.01 M M 10.5 22 30 M M 1 1 28 30
18 101 61 81 2 0 16 0.00 M M 11.5 20 150 M M 0 1 28 190
19 108 72 90 11 0 25 0.00 M M 12.1 23 180 M M 0 32 180
20 97 73 85 6 0 20 0.00 M M 10.1 18 310 M M 1 26 310
21 92 71 82 3 0 17 0.04 M M 8.5 18 170 M M 2 3 24 150
22 103 65 84 5 0 19 0.00 M M 14.0 25 170 M M 0 34 170
23 105 69 87 8 0 22 0.00 M M 15.6 25 180 M M 0 36 180
24 95 73 84 5 0 19 0.00 M M 17.9 28 30 M M 0 3 36 20
25 91 67 79 0 0 14 0.07 M M 10.0 23 60 M M 1 1 30 10
26 99 66 83 4 0 18 0.24 M M 8.5 25 60 M M 5 123 35 70
27 89 66 78 -1 0 13 0.00 M M 7.6 15 140 M M 3 12 21 140
28 84 68 76 -3 0 11 T M M 8.3 18 150 M M 4 23 80
29 70 60 65 -13 0 0 1.21 M M 10.2 20 270 M M 9 13 25 270
30 77 58 68 -10 0 3 0.23 M M 7.6 16 130 M M 8 1 23 140
31 89 66 78 0 0 13 0.00 M M 5.7 13 180 M M 4 1 20 150
================================================================================
SM 2963 2077 0 513 2.23 M 338.7 M 48
================================================================================
AV 95.6 67.0 10.9 FASTST M M 2 MAX(MPH)
MISC ----> 41 310 58 310
================================================================================
NOTES:
# LAST OF SEVERAL OCCURRENCES
COLUMN 17 PEAK WIND IN M.P.H.
PRELIMINARY LOCAL CLIMATOLOGICAL DATA (WS FORM: F-6) , PAGE 2
STATION: GARDEN CITY REGIONAL ARPT KS
MONTH: JULY
YEAR: 2022
LATITUDE: 37 55 N
LONGITUDE: 100 43 W
[TEMPERATURE DATA] [PRECIPITATION DATA] SYMBOLS USED IN COLUMN 16
AVERAGE MONTHLY: 81.3 TOTAL FOR MONTH: 2.23 1 = FOG OR MIST
DPTR FM NORMAL: 2.9 DPTR FM NORMAL: -1.20 2 = FOG REDUCING VISIBILITY
HIGHEST: 108 ON 19 GRTST 24HR 1.42 ON 29-30 TO 1/4 MILE OR LESS
LOWEST: 58 ON 30 3 = THUNDER
4 = ICE PELLETS
5 = HAIL
6 = FREEZING RAIN OR DRIZZLE
7 = DUSTSTORM OR SANDSTORM:
VSBY 1/2 MILE OR LESS
8 = SMOKE OR HAZE
[NO. OF DAYS WITH] [WEATHER - DAYS WITH] 9 = BLOWING SNOW
X = TORNADO
MAX 32 OR BELOW: 0 0.01 INCH OR MORE: 10
MAX 90 OR ABOVE: 24 0.10 INCH OR MORE: 4
MIN 32 OR BELOW: 0 0.50 INCH OR MORE: 1
MIN 0 OR BELOW: 0 1.00 INCH OR MORE: 1
[HDD (BASE 65) ]
TOTAL THIS MO. 0 CLEAR (SCALE 0-3) 25
DPTR FM NORMAL -1 PTCLDY (SCALE 4-7) 5
TOTAL FM JUL 1 0 CLOUDY (SCALE 8-10) 1
DPTR FM NORMAL 0
[CDD (BASE 65) ]
TOTAL THIS MO. 513
DPTR FM NORMAL 98 [PRESSURE DATA]
TOTAL FM JAN 1 1023 HIGHEST SLP 30.16 ON 29
DPTR FM NORMAL 236 LOWEST SLP 29.65 ON 5
[REMARKS]
#FINAL-07-22#