000
CXUS53 KDDC 011507
CF6GCK
PRELIMINARY LOCAL CLIMATOLOGICAL DATA (WS FORM: F-6)
STATION: GARDEN CITY REGIONAL ARPT KS
MONTH: MAY
YEAR: 2022
LATITUDE: 37 55 N
LONGITUDE: 100 43 W
TEMPERATURE IN F: :PCPN: SNOW: WIND :SUNSHINE: SKY :PK WND
================================================================================
1 2 3 4 5 6A 6B 7 8 9 10 11 12 13 14 15 16 17 18
12Z AVG MX 2MIN
DY MAX MIN AVG DEP HDD CDD WTR SNW DPTH SPD SPD DIR MIN PSBL S-S WX SPD DR
================================================================================
1 75 35 55 -2 10 0 0.12 M M 15.0 47 350 M M 2 3 65 320
2 54 38 46 -12 19 0 0.04 M M 21.1 35 360 M M 10 123 47 350
3 60 37 49 -9 16 0 0.00 M M 12.5 22 120 M M 6 29 140
4 48 40 44 -14 21 0 T M M 15.3 25 30 M M 9 18 31 40
5 59 40 50 -9 15 0 0.00 M M 11.3 21 340 M M 8 18 26 320
6 87 35 61 2 4 0 0.00 M M 10.9 23 200 M M 0 1 31 190
7 87 46 67 7 0 2 0.00 M M 20.1 33 150 M M 1 1 49 150
8 86 56 71 11 0 6 0.00 M M 17.0 35 10 M M 0 18 44 360
9 99 66 83 23 0 18 0.00 M M 15.5 33 190 M M 0 42 190
10 91 48 70 9 0 5 0.00 M M 13.4 43 190 M M 1 8 59 180
11 95 60 78 17 0 13 0.00 M M 21.6 48 170 M M 1 8 72 180
12 95 56 76 14 0 11 T M M 17.5 35 210 M M 0 38 50 180
13 81 46 64 2 1 0 0.00 M M 13.1 24 60 M M 0 35 60
14 89 51 70 8 0 5 T M M 9.2 26 130 M M 2 123 33 130
15 85 52 69 6 0 4 0.00 M M 14.3 31 30 M M 0 41 20
16 85 48 67 4 0 2 0.00 M M 13.8 24 180 M M 0 35 170
17 93 60 77 13 0 12 0.00 M M 14.9 31 350 M M 0 41 350
18 90 56 73 9 0 8 0.39 M M 12.3 43 330 M M 2 138 60 310
19 93 56 75 10 0 10 0.00 M M 13.0 29 100 M M 0 38 110
20 72 46 59 -6 6 0 0.00 M M 21.7 44 10 M M 0 8 61 10
21 56 41 49 -17 16 0 0.00 M M 15.2 26 10 M M 8 33 10
22 65 38 52 -14 13 0 0.00 M M 8.4 17 110 M M 5 26 170
23 58 46 52 -14 13 0 0.05 M M 14.0 31 130 M M 7 18 42 120
24 61 45 53 -14 12 0 0.12 M M 19.0 28 10 M M 10 18 35 30
25 64 44 54 -13 11 0 0.00 M M 20.1 35 360 M M 7 46 10
26 80 42 61 -7 4 0 0.00 M M 11.3 20 330 M M 0 29 350
27 93 47 70 2 0 5 T M M 15.3 31 220 M M 0 3 44 190
28 102 57 80 12 0 15 0.00 M M 13.1 29 240 M M 0 40 240
29 97 65 81 12 0 16 0.00 M M 17.1 33 220 M M 0 49 180
30 90 55 73 4 0 8 0.00 M M 17.1 39 260 M M 0 56 260
31 80 51 66 -3 0 1 0.00 M M 16.0 25 30 M M 2 32 10
================================================================================
SM 2470 1503 161 141 0.72 M 470.1 M 81
================================================================================
AV 79.7 48.5 15.2 FASTST M M 3 MAX(MPH)
MISC ----> 48 170 72 180
================================================================================
NOTES:
# LAST OF SEVERAL OCCURRENCES
COLUMN 17 PEAK WIND IN M.P.H.
PRELIMINARY LOCAL CLIMATOLOGICAL DATA (WS FORM: F-6) , PAGE 2
STATION: GARDEN CITY REGIONAL ARPT KS
MONTH: MAY
YEAR: 2022
LATITUDE: 37 55 N
LONGITUDE: 100 43 W
[TEMPERATURE DATA] [PRECIPITATION DATA] SYMBOLS USED IN COLUMN 16
AVERAGE MONTHLY: 64.1 TOTAL FOR MONTH: 0.72 1 = FOG OR MIST
DPTR FM NORMAL: 0.7 DPTR FM NORMAL: -1.80 2 = FOG REDUCING VISIBILITY
HIGHEST: 102 ON 28 GRTST 24HR 0.39 ON 18-18 TO 1/4 MILE OR LESS
LOWEST: 35 ON 6, 1 3 = THUNDER
4 = ICE PELLETS
5 = HAIL
6 = FREEZING RAIN OR DRIZZLE
7 = DUSTSTORM OR SANDSTORM:
VSBY 1/2 MILE OR LESS
8 = SMOKE OR HAZE
[NO. OF DAYS WITH] [WEATHER - DAYS WITH] 9 = BLOWING SNOW
X = TORNADO
MAX 32 OR BELOW: 0 0.01 INCH OR MORE: 5
MAX 90 OR ABOVE: 11 0.10 INCH OR MORE: 3
MIN 32 OR BELOW: 0 0.50 INCH OR MORE: 0
MIN 0 OR BELOW: 0 1.00 INCH OR MORE: 0
[HDD (BASE 65) ]
TOTAL THIS MO. 161 CLEAR (SCALE 0-3) 22
DPTR FM NORMAL 24 PTCLDY (SCALE 4-7) 6
TOTAL FM JUL 1 4824 CLOUDY (SCALE 8-10) 3
DPTR FM NORMAL -337
[CDD (BASE 65) ]
TOTAL THIS MO. 141
DPTR FM NORMAL 55 [PRESSURE DATA]
TOTAL FM JAN 1 164 HIGHEST SLP 30.43 ON 22
DPTR FM NORMAL 67 LOWEST SLP 29.16 ON 20
[REMARKS]
The precipitation on the 23rd and 24th were underreported by quite a bit.
Amounts for those two days combined should have been at least 0.75 inches.
#FINAL-05-22#