000
CXUS53 KDDC 011420
CF6GCK
PRELIMINARY LOCAL CLIMATOLOGICAL DATA (WS FORM: F-6)

                                          STATION:   GARDEN CITY REGIONAL ARPT KS
                                          MONTH:     SEPTEMBER
                                          YEAR:      2012
                                          LATITUDE:   37 55 N
                                          LONGITUDE: 100 43 W

  TEMPERATURE IN F:       :PCPN:    SNOW:  WIND      :SUNSHINE: SKY     :PK WND
================================================================================
1   2   3   4   5  6A  6B    7    8   9   10  11  12  13   14  15   16   17  18
                                     12Z  AVG MX 2MIN
DY MAX MIN AVG DEP HDD CDD  WTR  SNW DPTH SPD SPD DIR MIN PSBL S-S WX    SPD DR
================================================================================

 1  97  61  79   5   0  14 0.00    M    M  8.5 20 160   M    M   0        28 150
 2 104  64  84  10   0  19 0.00    M    M 12.0 23 210   M    M   0        31 210
 3  99  63  81   8   0  16 0.00    M    M 10.3 25  10   M    M   0        31  10
 4  96  68  82   9   0  17    T    M    M  6.8 18 180   M    M   1 3      25 180
 5  87  62  75   3   0  10 0.00    M    M  8.8 21  30   M    M   0        25  30
 6  97  59  78   6   0  13 0.00    M    M  9.8 21 200   M    M   1        30 190
 7  70  52  61 -11   4   0 0.00    M    M 15.4 38  30   M    M   3        46  30
 8  83  45  64  -7   1   0 0.00    M    M  5.8 15 300   M    M   0        23  40
 9  87  50  69  -2   0   4 0.00    M    M  9.9 17 110   M    M   0        22 140
10  92  52  72   1   0   7 0.00    M    M 14.9 28 190   M    M   0        37 180
11  99  64  82  12   0  17 0.00    M    M 19.1 32 170   M    M   0 8      43 170
12  81  52  67  -3   0   2 0.32    M    M 20.6 32 360   M    M   3 1      40  10
13  64  46  55 -14  10   0 0.15    M    M 15.1 23  20   M    M   4        29  10
14  73  42  58 -11   7   0 0.00    M    M  7.4 15  70   M    M   0        22  50
15  79  41  60  -8   5   0 0.00    M    M  4.3 10 170   M    M   0 18     14 170
16  84  44  64  -4   1   0 0.00    M    M  7.8 16 180   M    M   0 12     20 170
17  72  47  60  -8   5   0 0.00    M    M 14.4 28  30   M    M   0        32  10
18  81  42  62  -5   3   0 0.00    M    M  9.4 21 230   M    M   0        30 230
19  95  47  71   4   0   6 0.00    M    M 10.1 25  20   M    M   0        32 290
20  84  50  67   1   0   2 0.00    M    M  7.9 15 150   M    M   0        18 150
21  87  53  70   4   0   5 0.00    M    M  7.2 15 360   M    M   0 8      20 340
22  76  50  63  -2   2   0 0.00    M    M 12.9 24  70   M    M   0 8      31  70
23  75  44  60  -5   5   0 0.04    M    M 10.9 24 140   M    M   0 3      30 140
24  82  47  65   1   0   0 0.00    M    M  7.1 16 110   M    M   0        18 200
25  85  55  70   6   0   5 0.03    M    M 12.5 23  30   M    M   1 3      28  30
26  80  57  69   5   0   4 0.06    M    M 12.5 44 110   M    M   3 13     49 120
27  73  56  65   2   0   0 0.87    M    M  7.7 25 310   M    M   8 123    31 310
28  72  56  64   1   1   0 0.09    M    M  6.8 17  40   M    M   6 1      21  60
29  72  56  64   2   1   0 0.00    M    M  5.2 12 100   M    M   6 12     14  90
30  77  50  64   2   1   0 0.01    M    M  2.8 31 320   M    M   3 12     37 320
================================================================================
SM 2503 1575        46 141 1.57    M     303.9          M       39
================================================================================
AV 83.4 52.5                              10.1 FASTST   M    M   1      MAX(MPH)
                                 MISC ---->    44 110                     49 120
================================================================================
NOTES:
# LAST OF SEVERAL OCCURRENCES

COLUMN 17 PEAK WIND IN M.P.H.

PRELIMINARY LOCAL CLIMATOLOGICAL DATA (WS FORM: F-6) , PAGE 2

                                          STATION:  GARDEN CITY REGIONAL ARPT KS
                                          MONTH:    SEPTEMBER
                                          YEAR:     2012
                                          LATITUDE:   37 55 N
                                          LONGITUDE: 100 43 W

[TEMPERATURE DATA]      [PRECIPITATION DATA]       SYMBOLS USED IN COLUMN 16

AVERAGE MONTHLY: 68.0   TOTAL FOR MONTH:   1.57    1 = FOG OR MIST
DPTR FM NORMAL:  -0.2   DPTR FM NORMAL:    0.10    2 = FOG REDUCING VISIBILITY
HIGHEST:   104 ON  2    GRTST 24HR  0.96 ON 27-28      TO 1/4 MILE OR LESS
LOWEST:     41 ON 15                               3 = THUNDER
                        SNOW, ICE PELLETS, HAIL    4 = ICE PELLETS
                        TOTAL MONTH:    M          5 = HAIL
                        GRTST 24HR    M  ON   M    6 = FREEZING RAIN OR DRIZZLE
                        GRTST DEPTH:  M  ON   M    7 = DUSTSTORM OR SANDSTORM:
                                                       VSBY 1/2 MILE OR LESS
                                                   8 = SMOKE OR HAZE
[NO. OF DAYS WITH]      [WEATHER - DAYS WITH]      9 = BLOWING SNOW
                                                   X = TORNADO
MAX 32 OR BELOW:   0    0.01 INCH OR MORE:   8
MAX 90 OR ABOVE:   8    0.10 INCH OR MORE:   3
MIN 32 OR BELOW:   0    0.50 INCH OR MORE:   1
MIN  0 OR BELOW:   0    1.00 INCH OR MORE:   0

[HDD (BASE 65) ]
TOTAL THIS MO.    46    CLEAR  (SCALE 0-3)  24
DPTR FM NORMAL   -22    PTCLDY (SCALE 4-7)   6
TOTAL FM JUL 1    46    CLOUDY (SCALE 8-10)  0
DPTR FM NORMAL   -26

[CDD (BASE 65) ]
TOTAL THIS MO.   141
DPTR FM NORMAL   -21    [PRESSURE DATA]
TOTAL FM JAN 1  1642    HIGHEST SLP 30.45 ON 13
DPTR FM NORMAL   364    LOWEST  SLP 29.66 ON 11

[REMARKS]
#FINAL-09-12#
