000
CXUS53 KDDC 021447
CF6GCK
PRELIMINARY LOCAL CLIMATOLOGICAL DATA (WS FORM: F-6)

                                          STATION:   GARDEN CITY REGIONAL ARPT KS
                                          MONTH:     MARCH
                                          YEAR:      2016
                                          LATITUDE:   37 55 N
                                          LONGITUDE: 100 43 W

  TEMPERATURE IN F:       :PCPN:    SNOW:  WIND      :SUNSHINE: SKY     :PK WND
================================================================================
1   2   3   4   5  6A  6B    7    8   9   10  11  12  13   14  15   16   17  18
                                     12Z  AVG MX 2MIN
DY MAX MIN AVG DEP HDD CDD  WTR  SNW DPTH SPD SPD DIR MIN PSBL S-S WX    SPD DR
================================================================================

 1  58  33  46   7  19   0 0.00    M    M 11.9 25 350   M    M   2        32 350
 2  69  31  50  11  15   0    T    M    M 10.4 28 310   M    M   1        38 300
 3  61  32  47   7  18   0 0.00    M    M 12.6 28 350   M    M   0        33 340
 4  74  35  55  15  10   0 0.00    M    M 11.4 29  30   M    M   0        37  40
 5  68  25  47   7  18   0 0.00    M    M 11.9 24 160   M    M   0        32 140
 6  76  44  60  19   5   0 0.00    M    M 11.1 23 190   M    M   0        29 190
 7  78  37  58  17   7   0 0.00    M    M 14.6 35 220   M    M   0        42 210
 8  60  30  45   4  20   0 0.00    M    M 10.2 20  10   M    M   0        25 360
 9  66  27  47   5  18   0 0.00    M    M  6.8 14  10   M    M   0        17 140
10  68  34  51   9  14   0 0.00    M    M  8.1 17  10   M    M   1        21 350
11  68  33  51   9  14   0 0.00    M    M 11.3 23 140   M    M   0        29 150
12  65  34  50   8  15   0 0.00    M    M 13.1 25 150   M    M   6 18     35 150
13  74  41  58  15   7   0 0.00    M    M  9.2 23 340   M    M   5 128    28 320
14  79  33  56  13   9   0 0.00    M    M 11.1 28  10   M    M   0        36 320
15  60  33  47   4  18   0 0.00    M    M 19.6 35 310   M    M   2        43 340
16  59  28  44   0  21   0 0.00    M    M 10.3 25 320   M    M   5 8      36 320
17  65  20  43  -1  22   0 0.00    M    M 13.9 35  50   M    M   1        41  50
18  37  22  30 -14  35   0    T    M    M 16.9 29  30   M    M   9 1      34  40
19  46  18  32 -12  33   0 0.00    M    M 14.6 28 330   M    M   3        35 360
20  54  10  32 -13  33   0 0.00    M    M  8.7 17 230   M    M   0        24 230
21  80  27  54   9  11   0 0.00    M    M 12.3 18 190   M    M   0        31 230
22  88  41  65  20   0   0 0.00    M    M 12.1 32 220   M    M   0        40 220
23  62  33  48   2  17   0    T    M    M 21.9 47 350   M    M   5 1      58 350
24  55  26  41  -5  24   0 0.00    M    M 16.1 38 350   M    M   1        48 340
25  67  31  49   3  16   0    T    M    M 16.0 31 190   M    M   1        38 200
26  49  32  41  -5  24   0    T    M    M 17.3 30 360   M    M   7        39  10
27  60  15  38  -9  27   0 0.00    M    M  8.6 14 290   M    M   0        21 210
28  75  27  51   4  14   0 0.00    M    M 19.1 30 170   M    M   0        41 170
29  74  45  60  13   5   0 0.00    M    M 23.2 39 170   M    M   2        47 170
30  70  39  55   7  10   0 0.00    M    M 17.3 36 180   M    M   3 8      45 180
31  57  32  45  -3  20   0 0.00    M    M 18.2 30 330   M    M   2        37 310
================================================================================
SM 2022  948       519   0    T    M     419.8          M       56
================================================================================
AV 65.2 30.6                              13.5 FASTST   M    M   2      MAX(MPH)
                                 MISC ---->    47 350                     58 350
================================================================================
NOTES:
# LAST OF SEVERAL OCCURRENCES

COLUMN 17 PEAK WIND IN M.P.H.

PRELIMINARY LOCAL CLIMATOLOGICAL DATA (WS FORM: F-6) , PAGE 2

                                          STATION:  GARDEN CITY REGIONAL ARPT KS
                                          MONTH:    MARCH
                                          YEAR:     2016
                                          LATITUDE:   37 55 N
                                          LONGITUDE: 100 43 W

[TEMPERATURE DATA]      [PRECIPITATION DATA]       SYMBOLS USED IN COLUMN 16

AVERAGE MONTHLY: 47.9   TOTAL FOR MONTH:      T    1 = FOG OR MIST
DPTR FM NORMAL:   4.3   DPTR FM NORMAL:   -1.46    2 = FOG REDUCING VISIBILITY
HIGHEST:    88 ON 22    GRTST 24HR    T  ON 26-26      TO 1/4 MILE OR LESS
LOWEST:     10 ON 20                               3 = THUNDER
                        SNOW, ICE PELLETS, HAIL    4 = ICE PELLETS
                        TOTAL MONTH:    M          5 = HAIL
                        GRTST 24HR    M  ON   M    6 = FREEZING RAIN OR DRIZZLE
                        GRTST DEPTH:  M  ON   M    7 = DUSTSTORM OR SANDSTORM:
                                                       VSBY 1/2 MILE OR LESS
                                                   8 = SMOKE OR HAZE
[NO. OF DAYS WITH]      [WEATHER - DAYS WITH]      9 = BLOWING SNOW
                                                   X = TORNADO
MAX 32 OR BELOW:   0    0.01 INCH OR MORE:   0
MAX 90 OR ABOVE:   0    0.10 INCH OR MORE:   0
MIN 32 OR BELOW:  17    0.50 INCH OR MORE:   0
MIN  0 OR BELOW:   0    1.00 INCH OR MORE:   0

[HDD (BASE 65) ]
TOTAL THIS MO.   519    CLEAR  (SCALE 0-3)  24
DPTR FM NORMAL  -145    PTCLDY (SCALE 4-7)   6
TOTAL FM JUL 1  3932    CLOUDY (SCALE 8-10)  1
DPTR FM NORMAL  -756

[CDD (BASE 65) ]
TOTAL THIS MO.     0
DPTR FM NORMAL     0    [PRESSURE DATA]
TOTAL FM JAN 1     1    HIGHEST SLP 30.53 ON 20
DPTR FM NORMAL     1    LOWEST  SLP 29.25 ON 23

[REMARKS]
#FINAL-03-16#
