000
CXUS53 KDDC 011531
CF6GCK
PRELIMINARY LOCAL CLIMATOLOGICAL DATA (WS FORM: F-6)

                                          STATION:   GARDEN CITY REGIONAL ARPT KS
                                          MONTH:     OCTOBER
                                          YEAR:      2016
                                          LATITUDE:   37 55 N
                                          LONGITUDE: 100 43 W

  TEMPERATURE IN F:       :PCPN:    SNOW:  WIND      :SUNSHINE: SKY     :PK WND
================================================================================
1   2   3   4   5  6A  6B    7    8   9   10  11  12  13   14  15   16   17  18
                                     12Z  AVG MX 2MIN
DY MAX MIN AVG DEP HDD CDD  WTR  SNW DPTH SPD SPD DIR MIN PSBL S-S WX    SPD DR
================================================================================

 1  83  53  68   6   0   3 0.00    M    M 11.6 17 120   M    M   1        24 150
 2  83  53  68   7   0   3 0.00    M    M 12.5 22 150   M    M   0        29 150
 3  90  60  75  14   0  10 0.00    M    M 23.9 39 180   M    M   1        50 180
 4  76  48  62   2   3   0 0.00    M    M 14.4 33 360   M    M   0 8      42  10
 5  80  38  59  -1   6   0 0.00    M    M 10.0 20 110   M    M   0 1      25 110
 6  74  39  57  -2   8   0 0.00    M    M 15.9 36 350   M    M   2 12     42 340
 7  67  32  50  -9  15   0 0.00    M    M  8.0 13 330   M    M   1        16 150
 8  78  37  58  -1   7   0 0.00    M    M 12.2 25 210   M    M   0        30 210
 9  78  53  66   8   0   1 0.00    M    M 15.9 28 190   M    M   3        34 180
10  82  53  68  10   0   3 0.00    M    M 11.3 22 190   M    M   3        27 180
11  83  46  65   8   0   0    T    M    M 10.6 25  50   M    M   0        31  20
12  59  39  49  -8  16   0    T    M    M 17.1 33  30   M    M   3 3      43  20
13  61  35  48  -9  17   0 0.00    M    M  8.7 17 150   M    M   2        21 180
14  85  41  63   7   2   0 0.00    M    M 14.5 24 180   M    M   3 12     31 180
15  89  53  71  15   0   6 0.00    M    M 11.6 18  30   M    M   0        24 180
16  98  38  68  13   0   3 0.00    M    M  8.9 17 220   M    M   0 1      26 220
17 100  47  74  19   0   9 0.00    M    M 14.4 30  10   M    M   0 8      41 360
18  73  42  58   3   7   0 0.00    M    M  9.3 15 110   M    M   0 8      20  10
19  71  39  55   1  10   0 0.00    M    M 10.9 23  10   M    M   1        27  10
20  63  37  50  -4  15   0 0.00    M    M 10.6 18 340   M    M   1        23 350
21  78  35  57   3   8   0 0.00    M    M  9.5 24 220   M    M   0        29 220
22  87  38  63  10   2   0 0.00    M    M 11.9 26 180   M    M   0        32 180
23  75  39  57   4   8   0 0.00    M    M 13.3 30  30   M    M   0 1      37  30
24  77  44  61   9   4   0 0.00    M    M 10.2 16 140   M    M   0        25 140
25  87  53  70  18   0   5    T    M    M 13.2 24 180   M    M   0 3      30 180
26  79  47  63  12   2   0 0.00    M    M 10.4 21  30   M    M   1        26  20
27  83  44  64  13   1   0 0.00    M    M 12.3 25 190   M    M   0        33 190
28  91  58  75  24   0  10 0.00    M    M 14.2 23 220   M    M   0        36 220
29  85  48  67  17   0   2 0.00    M    M 12.9 24 350   M    M   0        29  40
30  68  46  57   7   8   0 0.00    M    M 10.3 24  30   M    M   3 1      28  30
31  90  50  70  21   0   5 0.00    M    M 13.8 30 220   M    M   0        35 220
================================================================================
SM 2473 1385       139  60    T     M    384.3          M       25
================================================================================
AV 79.8 44.7                              12.4 FASTST   M    M   1      MAX(MPH)
                                 MISC ---->    39 180                     50 180
================================================================================
NOTES:
# LAST OF SEVERAL OCCURRENCES

COLUMN 17 PEAK WIND IN M.P.H.

PRELIMINARY LOCAL CLIMATOLOGICAL DATA (WS FORM: F-6) , PAGE 2

                                          STATION:  GARDEN CITY REGIONAL ARPT KS
                                          MONTH:    OCTOBER
                                          YEAR:     2016
                                          LATITUDE:   37 55 N
                                          LONGITUDE: 100 43 W

[TEMPERATURE DATA]      [PRECIPITATION DATA]       SYMBOLS USED IN COLUMN 16

AVERAGE MONTHLY: 62.3   TOTAL FOR MONTH:      T    1 = FOG OR MIST
DPTR FM NORMAL:   6.9   DPTR FM NORMAL:   -1.28    2 = FOG REDUCING VISIBILITY
HIGHEST:   100 ON 17    GRTST 24HR    T  ON 25-25      TO 1/4 MILE OR LESS
LOWEST:     32 ON  7                               3 = THUNDER
                                                   4 = ICE PELLETS
                                                   5 = HAIL
                                                   6 = FREEZING RAIN OR DRIZZLE
                                                   7 = DUSTSTORM OR SANDSTORM:
                                                       VSBY 1/2 MILE OR LESS
                                                   8 = SMOKE OR HAZE
[NO. OF DAYS WITH]      [WEATHER - DAYS WITH]      9 = BLOWING SNOW
                                                   X = TORNADO
MAX 32 OR BELOW:   0    0.01 INCH OR MORE:   0
MAX 90 OR ABOVE:   5    0.10 INCH OR MORE:   0
MIN 32 OR BELOW:   1    0.50 INCH OR MORE:   0
MIN  0 OR BELOW:   0    1.00 INCH OR MORE:   0

[HDD (BASE 65) ]
TOTAL THIS MO.   139    CLEAR  (SCALE 0-3)  31
DPTR FM NORMAL  -179    PTCLDY (SCALE 4-7)   0
TOTAL FM JUL 1   167    CLOUDY (SCALE 8-10)  0
DPTR FM NORMAL  -223

[CDD (BASE 65) ]
TOTAL THIS MO.    60
DPTR FM NORMAL    40    [PRESSURE DATA]
TOTAL FM JAN 1  1433    HIGHEST SLP 30.44 ON 20
DPTR FM NORMAL   135    LOWEST  SLP 29.30 ON 17

[REMARKS]
#FINAL-10-16#
