000
CXUS53 KDDC 011714
CF6GCK
PRELIMINARY LOCAL CLIMATOLOGICAL DATA (WS FORM: F-6)

                                          STATION:   GARDEN CITY REGIONAL ARPT KS
                                          MONTH:     FEBRUARY
                                          YEAR:      2012
                                          LATITUDE:   37 55 N
                                          LONGITUDE: 100 43 W

  TEMPERATURE IN F:       :PCPN:    SNOW:  WIND      :SUNSHINE: SKY     :PK WND
================================================================================
1   2   3   4   5  6A  6B    7    8   9   10  11  12  13   14  15   16   17  18
                                     12Z  AVG MX 2MIN
DY MAX MIN AVG DEP HDD CDD  WTR  SNW DPTH SPD SPD DIR MIN PSBL S-S WX    SPD DR
================================================================================

 1  58  34  46  14  19   0 0.00    M    M  5.8 17 210   M    M   2        21 240
 2  56  34  45  13  20   0 0.16    M    M 11.5 26 150   M    M   4 13     32 150
 3  43  33  38   6  27   0 0.15    M    M 17.5 25 340   M    M   9 12     29 340
 4  37  25  31  -1  34   0 0.00    M    M 19.1 30 350   M    M   8 1      36 350
 5  43  20  32   0  33   0 0.00    M    M  5.2 12 310   M    M   0        14 360
 6  48  23  36   3  29   0 0.00    M    M  9.6 21 180   M    M   2        25 180
 7  34  21  28  -5  37   0    T    M    M 19.5 31  20   M    M  10 16     38  10
 8  27  20  24  -9  41   0 0.00    M    M  7.8 16 140   M    M  10        20 140
 9  40  25  33   0  32   0 0.00    M    M  5.8 13 310   M    M   8 1      16 170
10  35  17  26  -8  39   0 0.00    M    M 13.3 21 360   M    M   1        28 360
11  21   9  15 -19  50   0    T    M    M  9.7 18  40   M    M   7 1      23  40
12  32  15  24 -10  41   0    T    M    M 21.6 32 180   M    M   9        41 180
13  47  22  35   1  30   0 0.00    M    M 15.2 32 190   M    M   4        38 180
14  53  21  37   3  28   0 0.00    M    M  8.1 20 150   M    M   1 12     24 170
15  44  20  32  -3  33   0 0.01    M    M 12.9 28  10   M    M   6 126    33  10
16  50  18  34  -1  31   0 0.00    M    M  8.8 20 200   M    M   0        24 200
17  50  25  38   3  27   0 0.00    M    M  7.7 22  30   M    M   1 1      26  30
18  46  23  35  -1  30   0 0.00    M    M 10.9 28  30   M    M   5        33  40
19  51  31  41   5  24   0 0.00    M    M 19.0 35 190   M    M   8 1      43 190
20  45  25  35  -1  30   0 0.03    M    M 19.5 39 310   M    M   5 12     47 310
21  52  22  37   1  28   0 0.00    M    M  6.6 15 140   M    M   0        18 150
22  72  28  50  13  15   0 0.00    M    M  9.0 22 290   M    M   0        26 300
23  47  26  37   0  28   0 0.00    M    M 19.0 41 340   M    M   2        47 340
24  51  19  35  -2  30   0 0.00    M    M 13.0 32 320   M    M   0        40 320
25  66  22  44   6  21   0 0.00    M    M 20.5 44 200   M    M   3 78     54 210
26  55  23  39   1  26   0 0.00    M    M 10.7 28  10   M    M   0        32  10
27  43  21  32  -6  33   0 0.00    M    M 13.0 22 150   M    M   7        29 150
28  70  39  55  16  10   0 0.02    M    M 23.1 49 210   M    M   8 1278   63 220
29  61  29  45   6  20   0 0.00    M    M 11.4 22 270   M    M   0 7      29 270
================================================================================
SM 1377  690       846   0 0.37    M     374.8          M      120
================================================================================
AV 47.5 23.8                              12.9 FASTST   M    M   4    MAX(MPH)
                                 MISC ---->  # 49 210                     63 220
================================================================================
NOTES:
# LAST OF SEVERAL OCCURRENCES

COLUMN 17 PEAK WIND IN M.P.H.

PRELIMINARY LOCAL CLIMATOLOGICAL DATA (WS FORM: F-6) , PAGE 2

                                          STATION:  GARDEN CITY REGIONAL ARPT KS
                                          MONTH:    FEBRUARY
                                          YEAR:     2012
                                          LATITUDE:   37 55 N
                                          LONGITUDE: 100 43 W

[TEMPERATURE DATA]      [PRECIPITATION DATA]       SYMBOLS USED IN COLUMN 16

AVERAGE MONTHLY: 35.7   TOTAL FOR MONTH:   0.37    1 = FOG OR MIST
DPTR FM NORMAL:   0.9   DPTR FM NORMAL:   -0.17    2 = FOG REDUCING VISIBILITY
HIGHEST:    72 ON 22    GRTST 24HR  0.29 ON  2- 3      TO 1/4 MILE OR LESS
LOWEST:      9 ON 11                               3 = THUNDER
                        SNOW, ICE PELLETS, HAIL    4 = ICE PELLETS
                        TOTAL MONTH:    M          5 = HAIL
                        GRTST 24HR    M  ON   M    6 = FREEZING RAIN OR DRIZZLE
                        GRTST DEPTH:  M  ON   M    7 = DUSTSTORM OR SANDSTORM:
                                                       VSBY 1/2 MILE OR LESS
                                                   8 = SMOKE OR HAZE
[NO. OF DAYS WITH]      [WEATHER - DAYS WITH]      9 = BLOWING SNOW
                                                   X = TORNADO
MAX 32 OR BELOW:   3    0.01 INCH OR MORE:   5
MAX 90 OR ABOVE:   0    0.10 INCH OR MORE:   2
MIN 32 OR BELOW:  25    0.50 INCH OR MORE:   0
MIN  0 OR BELOW:   0    1.00 INCH OR MORE:   0

[HDD (BASE 65) ]
TOTAL THIS MO.   846    CLEAR  (SCALE 0-3)  13
DPTR FM NORMAL     2    PTCLDY (SCALE 4-7)  11
TOTAL FM JUL 1  3866    CLOUDY (SCALE 8-10)  5
DPTR FM NORMAL  -184

[CDD (BASE 65) ]
TOTAL THIS MO.     0
DPTR FM NORMAL     0    [PRESSURE DATA]
TOTAL FM JAN 1     0    HIGHEST SLP 30.75 ON 11
DPTR FM NORMAL     0    LOWEST  SLP 29.27 ON 23

[REMARKS]
#FINAL-02-12#
