000
CXUS53 KDDC 031438
CF6GCK
PRELIMINARY LOCAL CLIMATOLOGICAL DATA (WS FORM: F-6)

                                          STATION:   GARDEN CITY REGIONAL ARPT KS
                                          MONTH:     SEPTEMBER
                                          YEAR:      2011
                                          LATITUDE:   37 55 N
                                          LONGITUDE: 100 43 W

  TEMPERATURE IN F:       :PCPN:    SNOW:  WIND      :SUNSHINE: SKY     :PK WND
================================================================================
1   2   3   4   5  6A  6B    7    8   9   10  11  12  13   14  15   16   17  18
                                     12Z  AVG MX 2MIN
DY MAX MIN AVG DEP HDD CDD  WTR  SNW DPTH SPD SPD DIR MIN PSBL S-S WX    SPD DR
================================================================================

 1 106  72  89  15   0  24 0.00    M    M 16.3 30 180   M    M   0        37 180
 2 102  73  88  14   0  23 0.00    M    M 11.9 23 180   M    M   1        31 180
 3  88  65  77   4   0  12    T    M    M 17.8 32 360   M    M   3 8      39  10
 4  76  54  65  -8   0   0 0.00    M    M 16.2 29  40   M    M   4        32  30
 5  79  46  63  -9   2   0 0.00    M    M  7.1 14 150   M    M   0        18 150
 6  85  51  68  -4   0   3 0.00    M    M 13.9 23 140   M    M   0        31 150
 7  70  58  64  -8   1   0    T    M    M  7.6 17 270   M    M   6 8      20 270
 8  82  54  68  -3   0   3 0.00    M    M 11.0 22 340   M    M   1 8      28 340
 9  79  45  62  -9   3   0 0.00    M    M  7.6 16  20   M    M   0 8      22  30
10  84  49  67  -4   0   2 0.00    M    M  8.1 16 360   M    M   1 8      21  10
11  89  54  72   2   0   7 0.00    M    M  6.8 16 150   M    M   0        20 150
12  97  58  78   8   0  13 0.00    M    M  7.5 14 150   M    M   0 8      18 140
13  87  59  73   4   0   8 0.00    M    M 13.7 26  30   M    M   2        32  40
14  73  51  62  -7   3   0 0.05    M    M 16.0 25  70   M    M   6 1      31  60
15  54  44  49 -19  16   0 0.04    M    M 15.9 25 140   M    M  10 1      29 140
16  71  44  58 -10   7   0 0.41    M    M 12.9 31 150   M    M   9 138    37 150
17  83  59  71   3   0   6 0.01    M    M 11.4 24 140   M    M   6 1238   29 140
18  78  53  66  -1   0   1 0.03    M    M 10.6 28 360   M    M   2 123    33 360
19  87  51  69   2   0   4 0.00    M    M 11.7 24 220   M    M   0 8      28 220
20  75  55  65  -1   0   0 0.00    M    M 14.4 33  30   M    M   1        38  30
21  68  52  60  -6   5   0 0.02    M    M  8.8 16 100   M    M   5        21  70
22  76  45  61  -4   4   0 0.00    M    M  8.7 17 230   M    M   1 1      23 240
23  84  44  64  -1   1   0 0.00    M    M  6.0 12  30   M    M   0 18     16  60
24  93  48  71   7   0   6 0.00    M    M  9.4 21  10   M    M   0 8      26 350
25  78  47  63  -1   2   0 0.00    M    M  8.5 15 140   M    M   0        18 130
26  85  48  67   3   0   2 0.00    M    M 11.2 22 180   M    M   0        29 210
27  84  47  66   3   0   1 0.00    M    M  6.4 12  30   M    M   0        15  80
28  95  52  74  11   0   9 0.00    M    M  7.1 13  40   M    M   0 8      16 310
29  78   M   M   M   M   M 0.00    M    M 18.0 36  30   M    M   0        44  30
30   M   M   M   M   M   M 0.00    M    M   M   M   M   M    M   M         M  M
================================================================================
SM 2386 1478        44 124 0.56    M     322.5          M       58
================================================================================
AV 82.3 52.8                              11.1 FASTST   M    M   2      MAX(MPH)
                                 MISC ---->  # 36  30                   # 44  30
================================================================================
NOTES:
# LAST OF SEVERAL OCCURRENCES

COLUMN 17 PEAK WIND IN M.P.H.

PRELIMINARY LOCAL CLIMATOLOGICAL DATA (WS FORM: F-6) , PAGE 2

                                          STATION:  GARDEN CITY REGIONAL ARPT KS
                                          MONTH:    SEPTEMBER
                                          YEAR:     2011
                                          LATITUDE:   37 55 N
                                          LONGITUDE: 100 43 W

[TEMPERATURE DATA]      [PRECIPITATION DATA]       SYMBOLS USED IN COLUMN 16

AVERAGE MONTHLY: 67.6   TOTAL FOR MONTH:   0.56    1 = FOG OR MIST
DPTR FM NORMAL:  -0.6   DPTR FM NORMAL:   -0.91    2 = FOG REDUCING VISIBILITY
HIGHEST:   106 ON  1    GRTST 24HR  0.42 ON 16-17      TO 1/4 MILE OR LESS
LOWEST:     44 ON 23,16                            3 = THUNDER
                        SNOW, ICE PELLETS, HAIL    4 = ICE PELLETS
                        TOTAL MONTH:    M          5 = HAIL
                        GRTST 24HR    M  ON   M    6 = FREEZING RAIN OR DRIZZLE
                        GRTST DEPTH:  M  ON   M    7 = DUSTSTORM OR SANDSTORM:
                                                       VSBY 1/2 MILE OR LESS
                                                   8 = SMOKE OR HAZE
[NO. OF DAYS WITH]      [WEATHER - DAYS WITH]      9 = BLOWING SNOW
                                                   X = TORNADO
MAX 32 OR BELOW:   0    0.01 INCH OR MORE:   6
MAX 90 OR ABOVE:   5    0.10 INCH OR MORE:   1
MIN 32 OR BELOW:   0    0.50 INCH OR MORE:   0
MIN  0 OR BELOW:   0    1.00 INCH OR MORE:   0

[HDD (BASE 65) ]
TOTAL THIS MO.    44    CLEAR  (SCALE 0-3)  21
DPTR FM NORMAL   -24    PTCLDY (SCALE 4-7)   6
TOTAL FM JUL 1    44    CLOUDY (SCALE 8-10)  2
DPTR FM NORMAL   -28

[CDD (BASE 65) ]
TOTAL THIS MO.   124
DPTR FM NORMAL   -38    [PRESSURE DATA]
TOTAL FM JAN 1  1787    HIGHEST SLP 30.30 ON 29
DPTR FM NORMAL   509    LOWEST  SLP 29.68 ON  2

[REMARKS]
#FINAL-09-11#
