000
CXUS43 KDDC 011640
CF6GCK
PRELIMINARY LOCAL CLIMATOLOGICAL DATA (WS FORM: F-6)

                                          STATION:   GARDEN CITY REGIONAL ARPT KS
                                          MONTH:     MAY
                                          YEAR:      2011
                                          LATITUDE:   37 55 N
                                          LONGITUDE: 100 43 W

  TEMPERATURE IN F:       :PCPN:    SNOW:  WIND      :SUNSHINE: SKY     :PK WND
================================================================================
1   2   3   4   5  6A  6B    7    8   9   10  11  12  13   14  15   16   17  18
                                     12Z  AVG MX 2MIN
DY MAX MIN AVG DEP HDD CDD  WTR  SNW DPTH SPD SPD DIR MIN PSBL S-S WX    SPD DR
================================================================================

 1  56  37  47 -11  18   0    T    M    M 10.1 20  80   M    M   8 8      25  80
 2  58  33  46 -12  19   0 0.03    M    M  7.8 26 350   M    M   3 38     30 350
 3  72  30  51  -8  14   0 0.00    M    M  9.0 16 220   M    M   0        23 200
 4  83  40  62   3   3   0 0.00    M    M 18.6 39  20   M    M   0        47  20
 5  69  46  58  -1   7   0 0.00    M    M 11.7 22 350   M    M   2        31 340
 6  88  41  65   5   0   0 0.00    M    M 11.1 28 210   M    M   0        33 220
 7  87  49  68   8   0   3 0.00    M    M 12.4 21 130   M    M   0        28 150
 8  99  50  75  15   0  10 0.00    M    M 10.7 31 230   M    M   0        38 230
 9  96  45  71  11   0   6 0.00    M    M 14.1 36 210   M    M   0        46 200
10  92  46  69   8   0   4 0.00    M    M 15.7 31 150   M    M   0        38 140
11  83  49  66   5   0   1 0.29    M    M 18.4 37 260   M    M   3 138    46 270
12  62  44  53  -9  12   0 0.00    M    M 20.8 35 330   M    M   6 8      43 330
13  66  41  54  -8  11   0 0.00    M    M 20.7 32 360   M    M   6        40 340
14  65  34  50 -12  15   0 0.00    M    M 14.0 25  10   M    M   1        33  10
15  66  38  52 -11  13   0 0.00    M    M 13.0 24  30   M    M   6        33 360
16  72  34  53 -10  12   0 0.00    M    M 10.4 21 150   M    M   0        35 140
17  76  49  63   0   2   0 0.00    M    M 24.1 35 140   M    M   1        43 140
18  73  48  61  -3   4   0 0.00    M    M 17.9 30  60   M    M   5 18     37  70
19  86  53  70   6   0   5 0.00    M    M 12.3 29 200   M    M   6 128    39 200
20  78  50  64   0   1   0 0.00    M    M 10.2 23 280   M    M   2        28 280
21  85  47  66   1   0   1 0.00    M    M  8.7 24 350   M    M   2 12     40 340
22  88  51  70   5   0   5 0.00    M    M  8.3 18 260   M    M   0        32  20
23  85  59  72   7   0   7 0.00    M    M 15.0 24  50   M    M   1        30  40
24  75  52  64  -2   1   0 0.22    M    M 16.7 39 290   M    M   6 135    49 290
25  63  47  55 -11  10   0 0.31    M    M 23.5 41 340   M    M   7 1      55 320
26  76  40  58  -8   7   0 0.00    M    M 12.9 25 140   M    M   0        32 140
27  83  53  68   1   0   3 0.00    M    M 13.5 26 150   M    M   0        35 150
28  79  58  69   2   0   4 0.00    M    M 16.8 28  60   M    M   6 18     33  50
29 104  58  81  13   0  16 0.00    M    M 19.5 40 170   M    M   4 128    61 170
30 101  57  79  11   0  14 0.00    M    M 28.0 47 220   M    M   0 8      60 180
31  85  45  65  -3   0   0 0.00    M    M  7.9 17 130   M    M   0        23 110
================================================================================
SM 2451 1424       149  79 0.85    M     453.8          M       75
================================================================================
AV 79.1 45.9                              14.6 FASTST   M    M   2      MAX(MPH)
                                 MISC ---->    47 220                     61 170
================================================================================
NOTES:
# LAST OF SEVERAL OCCURRENCES

COLUMN 17 PEAK WIND IN M.P.H.

PRELIMINARY LOCAL CLIMATOLOGICAL DATA (WS FORM: F-6) , PAGE 2

                                          STATION:  GARDEN CITY REGIONAL ARPT KS
                                          MONTH:    MAY
                                          YEAR:     2011
                                          LATITUDE:   37 55 N
                                          LONGITUDE: 100 43 W

[TEMPERATURE DATA]      [PRECIPITATION DATA]       SYMBOLS USED IN COLUMN 16

AVERAGE MONTHLY: 62.5   TOTAL FOR MONTH:   0.85    1 = FOG OR MIST
DPTR FM NORMAL:  -0.5   DPTR FM NORMAL:   -2.24    2 = FOG REDUCING VISIBILITY
HIGHEST:   104 ON 29    GRTST 24HR  0.53 ON 24-25      TO 1/4 MILE OR LESS
LOWEST:     30 ON  3                               3 = THUNDER
                        SNOW, ICE PELLETS, HAIL    4 = ICE PELLETS
                        TOTAL MONTH:    M          5 = HAIL
                        GRTST 24HR    M  ON   M    6 = FREEZING RAIN OR DRIZZLE
                        GRTST DEPTH:  M  ON   M    7 = DUSTSTORM OR SANDSTORM:
                                                       VSBY 1/2 MILE OR LESS
                                                   8 = SMOKE OR HAZE
[NO. OF DAYS WITH]      [WEATHER - DAYS WITH]      9 = BLOWING SNOW
                                                   X = TORNADO
MAX 32 OR BELOW:   0    0.01 INCH OR MORE:   4
MAX 90 OR ABOVE:   5    0.10 INCH OR MORE:   3
MIN 32 OR BELOW:   1    0.50 INCH OR MORE:   0
MIN  0 OR BELOW:   0    1.00 INCH OR MORE:   0

[HDD (BASE 65) ]
TOTAL THIS MO.   149    CLEAR  (SCALE 0-3)  20
DPTR FM NORMAL     8    PTCLDY (SCALE 4-7)  11
TOTAL FM JUL 1  5065    CLOUDY (SCALE 8-10)  0
DPTR FM NORMAL  -161

[CDD (BASE 65) ]
TOTAL THIS MO.    79
DPTR FM NORMAL     1    [PRESSURE DATA]
TOTAL FM JAN 1    86    HIGHEST SLP 30.36 ON  2
DPTR FM NORMAL    -2    LOWEST  SLP 29.28 ON 29

[REMARKS]
#FINAL-05-11#
