000
CXUS43 KDDC 021436
CF6GCK
PRELIMINARY LOCAL CLIMATOLOGICAL DATA (WS FORM: F-6)

                                          STATION:   GARDEN CITY REGIONAL ARPT KS
                                          MONTH:     APRIL
                                          YEAR:      2011
                                          LATITUDE:   37 55 N
                                          LONGITUDE: 100 43 W

  TEMPERATURE IN F:       :PCPN:    SNOW:  WIND      :SUNSHINE: SKY     :PK WND
================================================================================
1   2   3   4   5  6A  6B    7    8   9   10  11  12  13   14  15   16   17  18
                                     12Z  AVG MX 2MIN
DY MAX MIN AVG DEP HDD CDD  WTR  SNW DPTH SPD SPD DIR MIN PSBL S-S WX    SPD DR
================================================================================

 1  69  37  53   4  12   0 0.00    M    M  9.6 22  10   M    M   0        28 340
 2  87  39  63  14   2   0 0.00    M    M 19.4 35 200   M    M   0        43 210
 3  92  38  65  16   0   0 0.00    M    M 22.0 45 360   M    M   1 8      56  10
 4  55  32  44  -6  21   0 0.00    M    M 18.1 38 350   M    M   2        46 350
 5  79  30  55   5  10   0 0.00    M    M 12.3 25 200   M    M   0        31 210
 6  69  46  58   8   7   0 0.00    M    M 16.2 33  30   M    M   0        41  30
 7  74  46  60  10   5   0 0.08    M    M 12.1 24  60   M    M   2 1238   29  60
 8  87  44  66  15   0   1 0.00    M    M 11.4 33 190   M    M   5 128    43 190
 9  92  44  68  17   0   3 0.00    M    M 15.0 38 220   M    M   0        48 200
10  69  42  56   5   9   0 0.00    M    M 16.1 32 290   M    M   0 8      39 280
11  68  40  54   2  11   0 0.00    M    M 15.0 29 350   M    M   1        38  10
12  80  37  59   7   6   0 0.00    M    M 16.7 37 200   M    M   0        45 200
13  74  39  57   5   8   0 0.00    M    M 17.1 28 350   M    M   0 8      39  30
14  47  33  40 -13  25   0 0.48    M    M 21.9 45 320   M    M   7 168    55 320
15  55  32  44  -9  21   0    T    M    M 33.8 54 340   M    M   4 16     66 350
16  72  27  50  -3  15   0 0.00    M    M 10.8 26 210   M    M   0        32 200
17  83  40  62   8   3   0 0.00    M    M  9.3 31  20   M    M   0 8      38  10
18  70  42  56   2   9   0 0.00    M    M 14.8 28  80   M    M   0 18     32  80
19  64  40  52  -2  13   0    T    M    M 14.1 31 360   M    M   6 18     38 360
20  59  33  46  -8  19   0 0.00    M    M 11.2 20 120   M    M   5 1      25 110
21  77  40  59   4   6   0 0.00    M    M 18.1 30 190   M    M   3 1      38 180
22  76  51  64   9   1   0 0.00    M    M 13.6 29 350   M    M   2 1      35 340
23  58  41  50  -5  15   0 0.00    M    M 13.5 22  20   M    M   5        28  30
24  64  37  51  -5  14   0 0.03    M    M 12.8 23  90   M    M   3 1      29  80
25  50  43  47  -9  18   0 0.14    M    M 11.1 23  10   M    M   9 1      29  80
26  57  34  46 -10  19   0 0.31    M    M  9.7 22 360   M    M   8 12     26 360
27  56  40  48  -9  17   0 0.40    M    M 13.7 25 350   M    M   6 1      30 360
28  72  35  54  -3  11   0 0.00    M    M  9.8 18 320   M    M   1        24 210
29  90  46  68  11   0   3 0.00    M    M 22.1 45  10   M    M   0 8      60  10
30  64  37  51  -7  14   0 0.00    M    M 18.4 36 360   M    M   0        46  10
================================================================================
SM 2109 1165       311   7 1.44    M     459.7          M       70
================================================================================
AV 70.3 38.8                              15.3 FASTST   M    M   2    MAX(MPH)
                                 MISC ---->    54 340                     66 350
================================================================================
NOTES:
# LAST OF SEVERAL OCCURRENCES

COLUMN 17 PEAK WIND IN M.P.H.

PRELIMINARY LOCAL CLIMATOLOGICAL DATA (WS FORM: F-6) , PAGE 2

                                          STATION:  GARDEN CITY REGIONAL ARPT KS
                                          MONTH:    APRIL
                                          YEAR:     2011
                                          LATITUDE:   37 55 N
                                          LONGITUDE: 100 43 W

[TEMPERATURE DATA]      [PRECIPITATION DATA]       SYMBOLS USED IN COLUMN 16

AVERAGE MONTHLY: 54.6   TOTAL FOR MONTH:   1.44    1 = FOG OR MIST
DPTR FM NORMAL:   1.5   DPTR FM NORMAL:   -0.49    2 = FOG REDUCING VISIBILITY
HIGHEST:    92 ON  9, 3 GRTST 24HR  0.71 ON 26-27      TO 1/4 MILE OR LESS
LOWEST:     27 ON 16                               3 = THUNDER
                        SNOW, ICE PELLETS, HAIL    4 = ICE PELLETS
                        TOTAL MONTH:    M          5 = HAIL
                        GRTST 24HR    M  ON   M    6 = FREEZING RAIN OR DRIZZLE
                        GRTST DEPTH:  M  ON   M    7 = DUSTSTORM OR SANDSTORM:
                                                       VSBY 1/2 MILE OR LESS
                                                   8 = SMOKE OR HAZE
[NO. OF DAYS WITH]      [WEATHER - DAYS WITH]      9 = BLOWING SNOW
                                                   X = TORNADO
MAX 32 OR BELOW:   0    0.01 INCH OR MORE:   6
MAX 90 OR ABOVE:   3    0.10 INCH OR MORE:   4
MIN 32 OR BELOW:   4    0.50 INCH OR MORE:   0
MIN  0 OR BELOW:   0    1.00 INCH OR MORE:   0

[HDD (BASE 65) ]
TOTAL THIS MO.   311    CLEAR  (SCALE 0-3)  21
DPTR FM NORMAL   -57    PTCLDY (SCALE 4-7)   7
TOTAL FM JUL 1  4916    CLOUDY (SCALE 8-10)  2
DPTR FM NORMAL  -169

[CDD (BASE 65) ]
TOTAL THIS MO.     7
DPTR FM NORMAL    -3    [PRESSURE DATA]
TOTAL FM JAN 1     7    HIGHEST SLP 30.24 ON 20
DPTR FM NORMAL    -3    LOWEST  SLP 29.16 ON 29

[REMARKS]
#FINAL-04-11#
