000
CXUS53 KDDC 011744
CF6GCK
PRELIMINARY LOCAL CLIMATOLOGICAL DATA (WS FORM: F-6)
STATION: GARDEN CITY REGIONAL ARPT KS
MONTH: FEBRUARY
YEAR: 2021
LATITUDE: 37 55 N
LONGITUDE: 100 43 W
TEMPERATURE IN F: :PCPN: SNOW: WIND :SUNSHINE: SKY :PK WND
================================================================================
1 2 3 4 5 6A 6B 7 8 9 10 11 12 13 14 15 16 17 18
12Z AVG MX 2MIN
DY MAX MIN AVG DEP HDD CDD WTR SNW DPTH SPD SPD DIR MIN PSBL S-S WX SPD DR
================================================================================
1 60 23 42 10 23 0 0.00 M M 10.0 20 180 M M 0 25 180
2 58 26 42 10 23 0 0.00 M M 4.9 12 160 M M 0 16 170
3 69 25 47 15 18 0 0.00 M M 11.5 35 330 M M 0 50 330
4 49 22 36 4 29 0 T M M 16.8 43 10 M M 2 1 55 20
5 49 20 35 3 30 0 0.00 M M 6.1 13 130 M M 4 18 210
6 37 15 26 -7 39 0 0.00 M M 13.8 23 30 M M 8 29 40
7 24 13 19 -14 46 0 0.00 M M 13.3 23 50 M M 10 12 31 50
8 13 8 11 -22 54 0 T M M 10.6 23 50 M M 10 1 29 50
9 13 8 11 -22 54 0 T M M 8.1 13 70 M M 10 12 16 70
10 13 4 9 -25 56 0 T M M 9.2 16 60 M M 8 1 20 60
11 16 0 8 -26 57 0 T M M 9.4 18 50 M M 2 26 40
12 6 0 3 -31 62 0 0.00 M M 13.2 20 30 M M 8 18 23 40
13 9 -2 4 -30 61 0 T M M 11.3 22 80 M M 10 1 28 80
14 2 -17 -7 -41 72 0 T M M 14.2 23 30 M M 8 18 30 30
15 4 -20 -8 -43 73 0 0.00 M M 6.5 10 330 M M 1 13 50
16 10 -9 1 -34 64 0 T M M 12.9 23 160 M M 7 18 30 150
17 23 4 14 -21 51 0 T M M 5.8 15 150 M M 6 18 18 160
18 26 7 17 -19 48 0 T M M 5.6 15 360 M M 8 18 18 360
19 47 6 27 -9 38 0 0.00 M M 7.8 13 210 M M 0 20 230
20 58 15 37 1 28 0 0.00 M M 12.6 28 180 M M 0 39 150
21 50 22 36 0 29 0 0.00 M M 16.2 32 340 M M 1 1 46 360
22 64 17 41 4 24 0 0.00 M M 7.1 13 290 M M 0 19 270
23 72 23 48 11 17 0 0.00 M M 14.5 38 30 M M 0 47 20
24 50 25 38 1 27 0 0.00 M M 13.0 26 10 M M 2 34 10
25 43 21 32 -6 33 0 0.00 M M 8.3 15 120 M M 7 22 110
26 55 15 35 -3 30 0 0.00 M M 10.5 22 200 M M 0 28 180
27 75 18 47 9 18 0 0.00 M M 16.9 36 240 M M 0 52 260
28 46 19 33 -6 32 0 0.00 M M 14.9 30 360 M M 0 37 350
================================================================================
SM 1041 308 1136 0 T M 305.0 M 112
================================================================================
AV 37.2 11.0 10.9 FASTST M M 4 MAX(MPH)
MISC ----> 43 10 55 20
================================================================================
NOTES:
# LAST OF SEVERAL OCCURRENCES
COLUMN 17 PEAK WIND IN M.P.H.
PRELIMINARY LOCAL CLIMATOLOGICAL DATA (WS FORM: F-6) , PAGE 2
STATION: GARDEN CITY REGIONAL ARPT KS
MONTH: FEBRUARY
YEAR: 2021
LATITUDE: 37 55 N
LONGITUDE: 100 43 W
[TEMPERATURE DATA] [PRECIPITATION DATA] SYMBOLS USED IN COLUMN 16
AVERAGE MONTHLY: 24.1 TOTAL FOR MONTH: T 1 = FOG OR MIST
DPTR FM NORMAL: -10.7 DPTR FM NORMAL: -0.54 2 = FOG REDUCING VISIBILITY
HIGHEST: 75 ON 27 GRTST 24HR T ON 4- 4 TO 1/4 MILE OR LESS
LOWEST: -20 ON 15 3 = THUNDER
4 = ICE PELLETS
5 = HAIL
6 = FREEZING RAIN OR DRIZZLE
7 = DUSTSTORM OR SANDSTORM:
VSBY 1/2 MILE OR LESS
8 = SMOKE OR HAZE
[NO. OF DAYS WITH] [WEATHER - DAYS WITH] 9 = BLOWING SNOW
X = TORNADO
MAX 32 OR BELOW: 12 0.01 INCH OR MORE: 0
MAX 90 OR ABOVE: 0 0.10 INCH OR MORE: 0
MIN 32 OR BELOW: 28 0.50 INCH OR MORE: 0
MIN 0 OR BELOW: 6 1.00 INCH OR MORE: 0
[HDD (BASE 65) ]
TOTAL THIS MO. 1136 CLEAR (SCALE 0-3) 15
DPTR FM NORMAL 292 PTCLDY (SCALE 4-7) 6
TOTAL FM JUL 1 4149 CLOUDY (SCALE 8-10) 7
DPTR FM NORMAL 123
[CDD (BASE 65) ]
TOTAL THIS MO. 0
DPTR FM NORMAL 0 [PRESSURE DATA]
TOTAL FM JAN 1 0 HIGHEST SLP 30.63 ON 14
DPTR FM NORMAL 0 LOWEST SLP 29.47 ON 27
[REMARKS]
#FINAL-02-21#