000
CXUS53 KDDC 021841
CF6GCK
PRELIMINARY LOCAL CLIMATOLOGICAL DATA (WS FORM: F-6)
STATION: GARDEN CITY REGIONAL ARPT KS
MONTH: DECEMBER
YEAR: 2023
LATITUDE: 37 55 N
LONGITUDE: 100 43 W
TEMPERATURE IN F: :PCPN: SNOW: WIND :SUNSHINE: SKY :PK WND
================================================================================
1 2 3 4 5 6A 6B 7 8 9 10 11 12 13 14 15 16 17 18
12Z AVG MX 2MIN
DY MAX MIN AVG DEP HDD CDD WTR SNW DPTH SPD SPD DIR MIN PSBL S-S WX SPD DR
================================================================================
1 40 20 30 -6 35 0 0.00 M M 8.1 15 10 M M 2 20 350
2 40 23 32 -4 33 0 0.00 M M 6.9 17 340 M M 6 1 23 330
3 52 20 36 1 29 0 0.00 M M 13.0 38 330 M M 2 53 320
4 60 17 39 4 26 0 0.00 M M 10.2 28 20 M M 0 36 10
5 59 26 43 9 22 0 0.00 M M 9.4 17 330 M M 0 23 330
6 71 26 49 15 16 0 0.00 M M 10.7 22 190 M M 0 28 180
7 76 25 51 17 14 0 0.00 M M 11.9 23 280 M M 0 32 280
8 54 27 41 7 24 0 0.00 M M 12.6 22 350 M M 3 29 340
9 45 16 31 -2 34 0 0.00 M M 17.3 30 330 M M 1 42 340
10 50 11 31 -2 34 0 0.00 M M 9.6 25 210 M M 0 34 220
11 56 24 40 7 25 0 0.00 M M 5.4 12 330 M M 1 14 320
12 43 23 33 0 32 0 0.00 M M 11.1 21 70 M M 0 28 60
13 34 29 32 0 33 0 0.26 M M 9.6 15 70 M M 9 126 20 70
14 36 32 34 2 31 0 1.90 M M 9.6 23 130 M M 10 1 28 130
15 40 28 34 2 31 0 0.00 M M 8.3 18 330 M M 8 12 25 340
16 55 23 39 7 26 0 0.00 M M 9.3 17 300 M M 0 23 290
17 58 29 44 12 21 0 0.00 M M 10.6 18 330 M M 0 23 340
18 46 21 34 2 31 0 0.00 M M 9.4 18 180 M M 0 24 200
19 58 32 45 14 20 0 0.00 M M 9.3 18 180 M M 0 26 180
20 55 27 41 10 24 0 0.00 M M 6.5 14 40 M M 0 17 40
21 51 30 41 10 24 0 T M M 3.7 9 290 M M 7 12 11 230
22 62 27 45 14 20 0 0.00 M M 7.9 13 150 M M 0 12 17 150
23 54 37 46 15 19 0 0.02 M M 17.2 33 150 M M 6 1 48 170
24 49 25 37 6 28 0 T M M 22.6 39 350 M M 8 1 53 350
25 30 21 26 -5 39 0 T M M 19.2 33 330 M M 6 18 43 340
26 33 26 30 -1 35 0 T M M 21.2 32 330 M M 10 18 45 280
27 39 30 35 4 30 0 T M M 16.0 28 10 M M 10 36 10
28 33 19 26 -5 39 0 T M M 12.0 21 360 M M 8 1 26 360
29 51 21 36 6 29 0 0.00 M M 12.1 20 330 M M 0 25 320
30 57 21 39 9 26 0 0.00 M M 7.7 13 360 M M 0 14 260
31 39 21 30 0 35 0 0.00 M M 9.6 20 30 M M 0 12 24 30
================================================================================
SM 1526 757 865 0 2.18 M 348.0 M 97
================================================================================
AV 49.2 24.4 11.2 FASTST M M 3 MAX(MPH)
MISC ----> 39 350 # 53 350
================================================================================
NOTES:
# LAST OF SEVERAL OCCURRENCES
COLUMN 17 PEAK WIND IN M.P.H.
PRELIMINARY LOCAL CLIMATOLOGICAL DATA (WS FORM: F-6) , PAGE 2
STATION: GARDEN CITY REGIONAL ARPT KS
MONTH: DECEMBER
YEAR: 2023
LATITUDE: 37 55 N
LONGITUDE: 100 43 W
[TEMPERATURE DATA] [PRECIPITATION DATA] SYMBOLS USED IN COLUMN 16
AVERAGE MONTHLY: 36.8 TOTAL FOR MONTH: 2.18 1 = FOG OR MIST
DPTR FM NORMAL: 4.5 DPTR FM NORMAL: 1.62 2 = FOG REDUCING VISIBILITY
HIGHEST: 76 ON 7 GRTST 24HR 1.90 ON 14-14 TO 1/4 MILE OR LESS
LOWEST: 11 ON 10 3 = THUNDER
4 = ICE PELLETS
5 = HAIL
6 = FREEZING RAIN OR DRIZZLE
7 = DUSTSTORM OR SANDSTORM:
VSBY 1/2 MILE OR LESS
8 = SMOKE OR HAZE
[NO. OF DAYS WITH] [WEATHER - DAYS WITH] 9 = BLOWING SNOW
X = TORNADO
MAX 32 OR BELOW: 1 0.01 INCH OR MORE: 3
MAX 90 OR ABOVE: 0 0.10 INCH OR MORE: 2
MIN 32 OR BELOW: 30 0.50 INCH OR MORE: 1
MIN 0 OR BELOW: 0 1.00 INCH OR MORE: 1
[HDD (BASE 65) ]
TOTAL THIS MO. 865 CLEAR (SCALE 0-3) 19
DPTR FM NORMAL -148 PTCLDY (SCALE 4-7) 8
TOTAL FM JUL 1 1824 CLOUDY (SCALE 8-10) 4
DPTR FM NORMAL -274
[CDD (BASE 65) ]
TOTAL THIS MO. 0
DPTR FM NORMAL 0 [PRESSURE DATA]
TOTAL FM JAN 1 1210 HIGHEST SLP 30.58 ON 13
DPTR FM NORMAL -116 LOWEST SLP 29.51 ON 7
[REMARKS]
#FINAL-12-23#